{"id":1535,"date":"2024-08-12T19:07:11","date_gmt":"2024-08-12T16:07:11","guid":{"rendered":"https:\/\/dev.wsys.ee\/seto\/?page_id=1535"},"modified":"2025-10-31T23:54:13","modified_gmt":"2025-10-31T21:54:13","slug":"mitmehaalsus","status":"publish","type":"page","link":"https:\/\/www.folklore.ee\/setoviisid\/seto-leelo-muusikalised-stiilid\/mitmehaalsus\/","title":{"rendered":"Mitmeh\u00e4\u00e4lsus"},"content":{"rendered":"\n<p>Etnomusikoloogilist terminoloogiat kasutades v\u00f5iks seto leelo mitmeh\u00e4\u00e4lsuse t\u00fc\u00fcpi m\u00e4\u00e4ratleda kui <strong>funktsionaalset kaheh\u00e4\u00e4lsust<\/strong>. S\u00f5na \u201cfunktsionaalne\u201d t\u00e4hendab siin, et h\u00e4\u00e4lepartiid t\u00e4idavad mitmeh\u00e4\u00e4lses faktuuris erinevaid funktsioone. Seto leelo h\u00e4\u00e4lepartiideks on <strong>p\u00f5hiviisi esitav alumine peah\u00e4\u00e4l<\/strong>,<strong> <\/strong>rahvap\u00e4rase nimega<strong> <em>torr\u00f5<\/em><\/strong>, ja <strong>\u00fclemine kaunistav soolok\u00f5rvalh\u00e4\u00e4l <em>kill\u00f5<\/em><\/strong>. S\u00f5na \u201ckaheh\u00e4\u00e4lsus\u201d t\u00e4hendab aga seda, et lauljad jagunevad p\u00f5him\u00f5tteliselt kaheks funktsionaalselt vastandatud partiiks, kuid tegelikult v\u00f5ib koos k\u00f5lada rohkem kui kaks helik\u00f5rgust. Selle p\u00f5hjuseks on asjaolu, et kollektiivselt esitatava partii lauljad (seto leelos <em>torr\u00f5d<\/em>) ei laula unisoonis ja nii tekivad \u00fche partii sees variantsed hargnemised.<\/p>\n\n\n\n<p>Seto mitmeh\u00e4\u00e4lseid laule esitatakse eeslaulja ja koori vaheldumisega, nagu ka k\u00f5iki eesti regilaule. Melostroofi alustab eeslaulja (<em>iist\u00fctlej\u00e4<\/em>), kes laulab koorile ette terve v\u00e4rsi- ja viisirea. Seej\u00e4rel kordavad <em>torr\u00f5<\/em> lauljad eeslaulja meloodiat variantide ja sageli ka laiendustega. Eeslaulja laulab kooriosas <em>torr\u00f5-<\/em>partiid. Koos <em>torr\u00f5dega <\/em>astub sisse ka <em>kill\u00f5-<\/em>partiid esitav laulja<em>. Kill\u00f5<\/em>-partii esitamine n\u00f5uab rohkem oskusi kui <em>torr\u00f5 <\/em>laulmine, sest <em>kill\u00f5 <\/em>laulab \u00fcksi <em>torr\u00f5dest <\/em>erinevat spetsiifilist meloodiat. <em>Kill\u00f5 <\/em>esitajal peab olema ka tugev k\u00f5rge h\u00e4\u00e4l ja ere h\u00e4\u00e4let\u00e4mber, mis kostaks v\u00e4lja \u00fclej\u00e4\u00e4nud koori taustal. Allpool on toodud seto mitmeh\u00e4\u00e4lse faktuuri t\u00fc\u00fcpiline n\u00e4ide, kus <em>torr\u00f5<\/em>-partii on kirjutatud allapidi ja <em>kill\u00f5-<\/em>partii \u00fclespidi noodivartega.<\/p>\n\n\n  <section  class=\"block__wrapper melody max--width--full block__transparent \" >\n    <div class=\"melody__wrapper\">\n              <div class=\"melody__content\">\n          <p><strong>N\u00e4ide. <\/strong>Seto leelo mitmeh\u00e4\u00e4lne faktuur. Kalaranna laul, Anne Vabarna kooriga, Tonja k., 1936 (ERA, Pl. 22 A2).<\/p>\n        <\/div>\n      \n              <audio class=\"audio-player\" src=\"https:\/\/www.folklore.ee\/setoviisid\/wp-content\/uploads\/2024\/08\/Mitmehaalsus_PL-22A2-Jarvelaul.mp3\"><\/audio>\n        \n        <div class=\"melody__audio\">\n          <div class=\"melody__audio-control\">\n            <i class=\"melody__audio-control--play\" data-feather='play'><\/i>\n            <i class=\"melody__audio-control--pause\" data-feather='pause'><\/i>\n          <\/div>\n\n          <div class=\"melody__audio-progress\">\n            <div class=\"melody__audio-progress-bar\">\n              <span class=\"melody__audio-progress-bar--marker\"><\/span>\n            <\/div>\n          <\/div>\n        <\/div>\n      \n              <div class=\"melody__image\">\n          <img decoding=\"async\" src=\"https:\/\/www.folklore.ee\/setoviisid\/wp-content\/uploads\/2024\/08\/Mitmehaalsus_Jarve-aal_Vabarna.png\" alt=\"\">\n        <\/div>\n          <\/div>\n  <\/section>\n\n\n\n<p>Seto mitmeh\u00e4\u00e4lsuse omap\u00e4ra v\u00e4ljendub k\u00f5igepealt <em>kill\u00f5<\/em>-partii ehituses. <em>Kill\u00f5<\/em> on v\u00e4heliikuv \u00fclemine k\u00f5rvalh\u00e4\u00e4l, mis p\u00fcsib helirea kahel v\u00f5i kolmel \u00fclemisel astmel (noodin\u00e4ites on need astmed <em>ais<\/em> ja <em>h<\/em>). Astmete vaheldumise korrap\u00e4rasus on siin v\u00e4ga oluline, sest see tagab <em>kill\u00f5<\/em>-partii harmoonilise koosk\u00f5lastatuse <em>torr\u00f5-<\/em>partiiga ja reeglip\u00e4raste koosk\u00f5lade moodustamise. Partiide koosk\u00f5lastamine toimub k\u00f5ikidele h\u00e4\u00e4ltele \u00fchise harmoonilise r\u00fctmi alusel (vt <a href=\"https:\/\/www.folklore.ee\/setoviisid\/seto-leelo-muusikalised-stiilid\/harmooniline-rutm\/\"><strong>Harmooniline r\u00fctm<\/strong><\/a>). Seega peab <em>kill\u00f5<\/em> lauljal olema ka v\u00e4ga hea harmoonilise r\u00fctmi taju, et oma partii \u00f5igesti \u00fcles ehitada, vaheldades tema kasutuses olevat kahte v\u00f5i kolme nooti \u00f5iges r\u00fctmis.<\/p>\n\n\n\n<p><em>Torr\u00f5-<\/em>partiid v\u00f5ib nimetada <strong>heterofooniliseks<\/strong> \u2013 see t\u00e4hendab, et samaaegselt k\u00f5lavad v\u00f5rdv\u00e4\u00e4rsed meloodilised variandid (<em>torr\u00f5-<\/em>partii hargnemist variantideks v\u00f5ib n\u00e4ha noodin\u00e4ites, kus allapoole suunatud noodivarred \u00fchendavad mitut noodipead). Heterofooniline printsiip kollektiivselt esitatava partii sees on suulise traditsiooni muusikas tavaline n\u00e4htus, mida leidub ka m\u00f5ne teise soome-ugri rahva (eriti mordvalaste) ja idaslaavlaste funktsionaalses kahe- ja kolmeh\u00e4\u00e4lsuses. Seto laulustiili omap\u00e4raks on see, et heterofooniline varieerimine <em>torr\u00f5<\/em>-partiis allub \u00fcsna rangelt viisi harmoonilisele r\u00fctmile, t\u00e4nu millele tekivad mitmeh\u00e4\u00e4lsuses korrap\u00e4rased koosk\u00f5lad. Seega v\u00f5ib v\u00e4ita, et seto leelo puhul on tegemist arhailise harmoonilise mitmeh\u00e4\u00e4lsusega, mis erineb &#8220;meloodilisest&#8221; (pol\u00fcfoonilisest) mitmeh\u00e4\u00e4lsusest, mida leiame n\u00e4iteks mordvalastel.<\/p>\n\n\n\n<p>Meloodia varieerimise p\u00f5hjuseks <em>torr\u00f5<\/em>-partiis v\u00f5ib olla nii unisooni m\u00f5iste p\u00f5him\u00f5tteline puudumine traditsioonis (st traditsioonilistele lauljatele ei ole omane arusaam, et peaks laulma t\u00e4pselt sama meloodiat) kui ka teadlik soov rikastada laulu faktuuri individuaalsete variantidega. Selline teadlik soov v\u00e4ljendub k\u00f5ige ilmsemalt v\u00f5ttes, mida nimetatakse \u201calumiseks <em>torr\u00f5ks<\/em>\u201d (see termin p\u00e4rineb rahvamuusikateadlastelt, kuid on t\u00e4nap\u00e4eval levinud ka rahvalaulikute seas). Alumine <em>torr\u00f5<\/em> t\u00e4hendab viisi alumiste variantide lisamist <em>torr\u00f5<\/em>-partiile m\u00f5ne laulja poolt (vt <em>torr\u00f5de<\/em> alumisi noote noodin\u00e4ites). Tavaliselt ei ole tegemist mitte range printsiibiga, mida viiakse l\u00e4bi j\u00e4rjekindlalt terve kooriosa v\u00e4ltel, vaid aeg-ajalt ilmuvate helirea alumisi astmeid kasutavate meloodiak\u00e4ikudega. Alumine <em>torr\u00f5<\/em> on seto leelos esteetiliselt v\u00e4\u00e4rtuslik&nbsp; faktuuriv\u00f5te, kuid see ei ole eraldi kohustuslik kolmas \u201cpartii\u201d ning eri aegadel on salvestatud palju t\u00e4isv\u00e4\u00e4rtuslikke esitusi, kus see puudub. Funktsionaalse kaheh\u00e4\u00e4lsuse alumise partii (perioodilist) hargnemist alumiseks ja keskmiseks h\u00e4\u00e4leks esineb ka m\u00f5nel teisel rahval (n\u00e4iteks mordva ja L\u00f5una-Vene rahvalauludes).<\/p>\n","protected":false},"excerpt":{"rendered":"<p>Etnomusikoloogilist terminoloogiat kasutades v\u00f5iks seto leelo mitmeh\u00e4\u00e4lsuse t\u00fc\u00fcpi m\u00e4\u00e4ratleda kui funktsionaalset kaheh\u00e4\u00e4lsust. S\u00f5na \u201cfunktsionaalne\u201d t\u00e4hendab siin, et h\u00e4\u00e4lepartiid t\u00e4idavad mitmeh\u00e4\u00e4lses faktuuris erinevaid funktsioone. Seto leelo h\u00e4\u00e4lepartiideks on p\u00f5hiviisi esitav alumine peah\u00e4\u00e4l, rahvap\u00e4rase nimega torr\u00f5, ja \u00fclemine kaunistav soolok\u00f5rvalh\u00e4\u00e4l kill\u00f5. S\u00f5na \u201ckaheh\u00e4\u00e4lsus\u201d t\u00e4hendab aga seda, et lauljad jagunevad p\u00f5him\u00f5tteliselt kaheks funktsionaalselt vastandatud partiiks, kuid tegelikult v\u00f5ib [&hellip;]<\/p>\n","protected":false},"author":4,"featured_media":0,"parent":1014,"menu_order":0,"comment_status":"closed","ping_status":"closed","template":"","meta":{"_acf_changed":false,"footnotes":""},"class_list":["post-1535","page","type-page","status-publish","hentry"],"acf":[],"yoast_head":"<!-- This site is optimized with the Yoast SEO plugin v23.0 - https:\/\/yoast.com\/wordpress\/plugins\/seo\/ -->\n<title>Mitmeh\u00e4\u00e4l\u00adsus | Seto leelo muusikastiil<\/title>\n<meta name=\"description\" content=\"Avasta mitmeh\u00e4\u00e4l\u00adsuse roll seto leelo muusikastiilis. Uuri, kuidas mitmeh\u00e4\u00e4l\u00adsus kujundab traditsioonilise laulu k\u00f5lapilti ja esteetikat.\" \/>\n<meta name=\"robots\" content=\"index, follow, max-snippet:-1, max-image-preview:large, max-video-preview:-1\" \/>\n<link rel=\"canonical\" href=\"https:\/\/www.folklore.ee\/setoviisid\/seto-leelo-muusikalised-stiilid\/mitmehaalsus\/\" \/>\n<meta property=\"og:locale\" content=\"et_EE\" \/>\n<meta property=\"og:type\" content=\"article\" \/>\n<meta property=\"og:title\" content=\"Mitmeh\u00e4\u00e4l\u00adsus | Seto leelo muusikastiil\" \/>\n<meta property=\"og:description\" content=\"Avasta mitmeh\u00e4\u00e4l\u00adsuse roll seto leelo muusikastiilis. Uuri, kuidas mitmeh\u00e4\u00e4l\u00adsus kujundab traditsioonilise laulu k\u00f5lapilti ja esteetikat.\" \/>\n<meta property=\"og:url\" content=\"https:\/\/www.folklore.ee\/setoviisid\/seto-leelo-muusikalised-stiilid\/mitmehaalsus\/\" \/>\n<meta property=\"og:site_name\" content=\"Seto leelo viisit\u00fcpoloogia\" \/>\n<meta property=\"article:modified_time\" content=\"2025-10-31T21:54:13+00:00\" \/>\n<meta name=\"twitter:card\" content=\"summary_large_image\" \/>\n<meta name=\"twitter:label1\" content=\"Est. reading time\" \/>\n\t<meta name=\"twitter:data1\" content=\"3 minutit\" \/>\n<script type=\"application\/ld+json\" class=\"yoast-schema-graph\">{\"@context\":\"https:\/\/schema.org\",\"@graph\":[{\"@type\":\"WebPage\",\"@id\":\"https:\/\/www.folklore.ee\/setoviisid\/seto-leelo-muusikalised-stiilid\/mitmehaalsus\/\",\"url\":\"https:\/\/www.folklore.ee\/setoviisid\/seto-leelo-muusikalised-stiilid\/mitmehaalsus\/\",\"name\":\"Mitmeh\u00e4\u00e4l\u00adsus | Seto leelo muusikastiil\",\"isPartOf\":{\"@id\":\"https:\/\/www.folklore.ee\/setoviisid\/#website\"},\"datePublished\":\"2024-08-12T16:07:11+00:00\",\"dateModified\":\"2025-10-31T21:54:13+00:00\",\"description\":\"Avasta mitmeh\u00e4\u00e4l\u00adsuse roll seto leelo muusikastiilis. Uuri, kuidas mitmeh\u00e4\u00e4l\u00adsus kujundab traditsioonilise laulu k\u00f5lapilti ja esteetikat.\",\"breadcrumb\":{\"@id\":\"https:\/\/www.folklore.ee\/setoviisid\/seto-leelo-muusikalised-stiilid\/mitmehaalsus\/#breadcrumb\"},\"inLanguage\":\"et\",\"potentialAction\":[{\"@type\":\"ReadAction\",\"target\":[\"https:\/\/www.folklore.ee\/setoviisid\/seto-leelo-muusikalised-stiilid\/mitmehaalsus\/\"]}]},{\"@type\":\"BreadcrumbList\",\"@id\":\"https:\/\/www.folklore.ee\/setoviisid\/seto-leelo-muusikalised-stiilid\/mitmehaalsus\/#breadcrumb\",\"itemListElement\":[{\"@type\":\"ListItem\",\"position\":1,\"name\":\"Avaleht\",\"item\":\"https:\/\/www.folklore.ee\/setoviisid\/\"},{\"@type\":\"ListItem\",\"position\":2,\"name\":\"Seto leelo muusikaline stiil\",\"item\":\"https:\/\/www.folklore.ee\/setoviisid\/seto-leelo-muusikalised-stiilid\/\"},{\"@type\":\"ListItem\",\"position\":3,\"name\":\"Mitmeh\u00e4\u00e4lsus\"}]},{\"@type\":\"WebSite\",\"@id\":\"https:\/\/www.folklore.ee\/setoviisid\/#website\",\"url\":\"https:\/\/www.folklore.ee\/setoviisid\/\",\"name\":\"Seto leelo viisit\u00fcpoloogia\",\"description\":\"\",\"potentialAction\":[{\"@type\":\"SearchAction\",\"target\":{\"@type\":\"EntryPoint\",\"urlTemplate\":\"https:\/\/www.folklore.ee\/setoviisid\/?s={search_term_string}\"},\"query-input\":\"required name=search_term_string\"}],\"inLanguage\":\"et\"}]}<\/script>\n<!-- \/ Yoast SEO plugin. -->","yoast_head_json":{"title":"Mitmeh\u00e4\u00e4l\u00adsus | Seto leelo muusikastiil","description":"Avasta mitmeh\u00e4\u00e4l\u00adsuse roll seto leelo muusikastiilis. Uuri, kuidas mitmeh\u00e4\u00e4l\u00adsus kujundab traditsioonilise laulu k\u00f5lapilti ja esteetikat.","robots":{"index":"index","follow":"follow","max-snippet":"max-snippet:-1","max-image-preview":"max-image-preview:large","max-video-preview":"max-video-preview:-1"},"canonical":"https:\/\/www.folklore.ee\/setoviisid\/seto-leelo-muusikalised-stiilid\/mitmehaalsus\/","og_locale":"et_EE","og_type":"article","og_title":"Mitmeh\u00e4\u00e4l\u00adsus | Seto leelo muusikastiil","og_description":"Avasta mitmeh\u00e4\u00e4l\u00adsuse roll seto leelo muusikastiilis. Uuri, kuidas mitmeh\u00e4\u00e4l\u00adsus kujundab traditsioonilise laulu k\u00f5lapilti ja esteetikat.","og_url":"https:\/\/www.folklore.ee\/setoviisid\/seto-leelo-muusikalised-stiilid\/mitmehaalsus\/","og_site_name":"Seto leelo viisit\u00fcpoloogia","article_modified_time":"2025-10-31T21:54:13+00:00","twitter_card":"summary_large_image","twitter_misc":{"Est. reading time":"3 minutit"},"schema":{"@context":"https:\/\/schema.org","@graph":[{"@type":"WebPage","@id":"https:\/\/www.folklore.ee\/setoviisid\/seto-leelo-muusikalised-stiilid\/mitmehaalsus\/","url":"https:\/\/www.folklore.ee\/setoviisid\/seto-leelo-muusikalised-stiilid\/mitmehaalsus\/","name":"Mitmeh\u00e4\u00e4l\u00adsus | Seto leelo muusikastiil","isPartOf":{"@id":"https:\/\/www.folklore.ee\/setoviisid\/#website"},"datePublished":"2024-08-12T16:07:11+00:00","dateModified":"2025-10-31T21:54:13+00:00","description":"Avasta mitmeh\u00e4\u00e4l\u00adsuse roll seto leelo muusikastiilis. Uuri, kuidas mitmeh\u00e4\u00e4l\u00adsus kujundab traditsioonilise laulu k\u00f5lapilti ja esteetikat.","breadcrumb":{"@id":"https:\/\/www.folklore.ee\/setoviisid\/seto-leelo-muusikalised-stiilid\/mitmehaalsus\/#breadcrumb"},"inLanguage":"et","potentialAction":[{"@type":"ReadAction","target":["https:\/\/www.folklore.ee\/setoviisid\/seto-leelo-muusikalised-stiilid\/mitmehaalsus\/"]}]},{"@type":"BreadcrumbList","@id":"https:\/\/www.folklore.ee\/setoviisid\/seto-leelo-muusikalised-stiilid\/mitmehaalsus\/#breadcrumb","itemListElement":[{"@type":"ListItem","position":1,"name":"Avaleht","item":"https:\/\/www.folklore.ee\/setoviisid\/"},{"@type":"ListItem","position":2,"name":"Seto leelo muusikaline stiil","item":"https:\/\/www.folklore.ee\/setoviisid\/seto-leelo-muusikalised-stiilid\/"},{"@type":"ListItem","position":3,"name":"Mitmeh\u00e4\u00e4lsus"}]},{"@type":"WebSite","@id":"https:\/\/www.folklore.ee\/setoviisid\/#website","url":"https:\/\/www.folklore.ee\/setoviisid\/","name":"Seto leelo viisit\u00fcpoloogia","description":"","potentialAction":[{"@type":"SearchAction","target":{"@type":"EntryPoint","urlTemplate":"https:\/\/www.folklore.ee\/setoviisid\/?s={search_term_string}"},"query-input":"required name=search_term_string"}],"inLanguage":"et"}]}},"_links":{"self":[{"href":"https:\/\/www.folklore.ee\/setoviisid\/wp-json\/wp\/v2\/pages\/1535","targetHints":{"allow":["GET"]}}],"collection":[{"href":"https:\/\/www.folklore.ee\/setoviisid\/wp-json\/wp\/v2\/pages"}],"about":[{"href":"https:\/\/www.folklore.ee\/setoviisid\/wp-json\/wp\/v2\/types\/page"}],"author":[{"embeddable":true,"href":"https:\/\/www.folklore.ee\/setoviisid\/wp-json\/wp\/v2\/users\/4"}],"replies":[{"embeddable":true,"href":"https:\/\/www.folklore.ee\/setoviisid\/wp-json\/wp\/v2\/comments?post=1535"}],"version-history":[{"count":24,"href":"https:\/\/www.folklore.ee\/setoviisid\/wp-json\/wp\/v2\/pages\/1535\/revisions"}],"predecessor-version":[{"id":6407,"href":"https:\/\/www.folklore.ee\/setoviisid\/wp-json\/wp\/v2\/pages\/1535\/revisions\/6407"}],"up":[{"embeddable":true,"href":"https:\/\/www.folklore.ee\/setoviisid\/wp-json\/wp\/v2\/pages\/1014"}],"wp:attachment":[{"href":"https:\/\/www.folklore.ee\/setoviisid\/wp-json\/wp\/v2\/media?parent=1535"}],"curies":[{"name":"wp","href":"https:\/\/api.w.org\/{rel}","templated":true}]}}