{"id":1010,"date":"2024-06-18T13:10:27","date_gmt":"2024-06-18T10:10:27","guid":{"rendered":"https:\/\/dev.wsys.ee\/seto\/?page_id=1010"},"modified":"2025-08-01T14:48:20","modified_gmt":"2025-08-01T11:48:20","slug":"viisitupoloogia-kellele-ja-milleks","status":"publish","type":"page","link":"https:\/\/www.folklore.ee\/setoviisid\/viisitupoloogia-kellele-ja-milleks\/","title":{"rendered":"Viisit\u00fcpoloogia. Kellele ja milleks?"},"content":{"rendered":"\n<p>&#8220;Seto leelo viisit\u00fcpoloogia\u201c on k\u00f5igepealt teaduslik projekt \u2013 \u00fchelt poolt arhiivimaterjalide p\u00f5hjal koostatud mahukas allikapublikatsioon ja teiselt poolt allikate muusikalisel anal\u00fc\u00fcsil p\u00f5hinev originaalne etnomusikoloogiline uurimus. Uurimuse p\u00f5hieesm\u00e4rgiks on esitleda seto leelotraditsiooni mitmetasandilise d\u00fcnaamilise s\u00fcsteemina, n\u00e4idates viisit\u00fc\u00fcpide omavahelisi seoseid ja \u201egeneetilist\u201c sugulust ning tuues v\u00e4lja seto leelo ajaloolised muusikalised stiilikihistused ja nende suhted. K\u00e4esolev t\u00fcpoloogia ise v\u00f5ib pakkuda uurimismaterjali ka tulevastele uurijatele, sest siinne anal\u00fc\u00fcs ei ammenda mitmekesiseid teemasid, mida seoses avaldatud materjaliga v\u00f5iks t\u00f5statada. Eriti perspektiivikatena tunduvad v\u00f5rdlevad uuringud, mis on seto leelotraditsiooni ainulaadsuse t\u00f5ttu selle geograafilises etnokultuurilises kontekstis v\u00e4gagi p\u00f5hjendatud ja isegi v\u00e4ltimatud. V\u00f5rdlevate uuringute jaoks on aga eelnevalt korrastatud ja p\u00f5hjalikult kirjeldatud uurimismaterjal parimaks v\u00f5imalikuks l\u00e4htepunktiks.<\/p>\n\n\n\n<p>Samas v\u00f5ib v\u00e4ljaanne olla kasulik ka seto leelo viljelejatele ning k\u00f5ikidele seto rahvalaulu huvilistele, sest see on esimene muusikaliselt korrastatud seto lauluviiside publikatsioon \u2013 heli- ja noodin\u00e4ited on siin j\u00e4rjestatud ja r\u00fchmitatud viiside, mitte tekstide v\u00f5i laululiikide j\u00e4rgi. Seega avaneb p\u00e4rimusmuusikutele mugav v\u00f5imalus tutvuda seto leelo rikkaliku viisirepertuaariga ja v\u00f5tta soovi korral kasutusele uusi viise. Seda saab k\u00e4esoleva veebirakenduse abil teha tunduvalt h\u00f5lpsamini kui iseseisvalt arhiive uurides, kus helisalvestisi ei ole v\u00f5imalik viisi j\u00e4rgi otsida. Samuti v\u00f5ib veebilehel v\u00f5rrelda sama viisit\u00fc\u00fcbi erinevaid esitusi ja avastada v\u00f5imalusi viiside varieerimiseks. Elektroonilises vormis viisit\u00fcpoloogia loob kasutajale \u2013 s\u00f5ltumata sellest, kas tal on\u00a0varasem kogemus seto rahvalauluga ja kas tegemist on rahvamuusika uurija, esitaja v\u00f5i lihtsalt huvilisega \u2013 ammendava ja m\u00f5testatud pildi seto leelo muusikalistest stiilidest ja viisirepertuaarist.<\/p>\n\n\n\n<p>Siinses sektsioonis on kaks peat\u00fckki. Esimene neist \u2013 <a href=\"https:\/\/www.folklore.ee\/setoviisid\/viisitupoloogia-kellele-ja-milleks\/viisitupoloogia-rahvamuusika-uuringutes\/\"><strong>Viisit\u00fcpoloogia etnomusikoloogias. Teoreetiline sissejuhatus<\/strong><\/a> \u2013 on m\u00f5eldud eelk\u00f5ige teadlastele. See sisaldab uurimuse teoreetilist baasi ning k\u00e4sitleb selliseid k\u00fcsimusi nagu viisit\u00fcpoloogia spetsiifilised eeldused ja eesm\u00e4rgid etnomusikoloogias, viisi ja viisit\u00fc\u00fcbi m\u00f5iste rahvamuusiku ja uurija perspektiivis, viisit\u00fc\u00fcbi m\u00e4\u00e4ramise meetodid, mis l\u00e4htuvad viisi representatiivsetest tunnustest, ning hierarhilise t\u00fcpoloogia koostamise problemaatika. Kuigi peat\u00fckk on sissejuhatava iseloomuga, avab see mingil m\u00e4\u00e4ral ka k\u00e4esoleva uurimuse spetsiifilisemat metodoloogiat, mis on seotud seto leelo omap\u00e4rase muusikas\u00fcsteemi ja stiiliga. Teine peat\u00fckk \u2013 <a href=\"https:\/\/www.folklore.ee\/setoviisid\/viisitupoloogia-kellele-ja-milleks\/seto-leelo-viisitupoloogia-kui-rakenduslik-ressurss\/\"><strong>\u201eSeto leelo viisit\u00fcpoloogia\u201d kui rakenduslik ressurss<\/strong><\/a> \u2013 on suunatud p\u00e4rimusmuusikutest ja rahvalauluhuvilistest kasutajatele. Selles arutletakse traditsiooniteadliku l\u00e4henemise eeliste \u00fcle kaasaegses p\u00e4rimusmuusika praktikas, k\u00e4sitletakse seto leelo vanema omap\u00e4rase muusikalise stiili v\u00e4\u00e4rtusi ja selle s\u00e4ilitamise t\u00e4htsust.<\/p>\n","protected":false},"excerpt":{"rendered":"<p>&#8220;Seto leelo viisit\u00fcpoloogia\u201c on k\u00f5igepealt teaduslik projekt \u2013 \u00fchelt poolt arhiivimaterjalide p\u00f5hjal koostatud mahukas allikapublikatsioon ja teiselt poolt allikate muusikalisel anal\u00fc\u00fcsil p\u00f5hinev originaalne etnomusikoloogiline uurimus. Uurimuse p\u00f5hieesm\u00e4rgiks on esitleda seto leelotraditsiooni mitmetasandilise d\u00fcnaamilise s\u00fcsteemina, n\u00e4idates viisit\u00fc\u00fcpide omavahelisi seoseid ja \u201egeneetilist\u201c sugulust ning tuues v\u00e4lja seto leelo ajaloolised muusikalised stiilikihistused ja nende suhted. K\u00e4esolev t\u00fcpoloogia ise [&hellip;]<\/p>\n","protected":false},"author":3,"featured_media":0,"parent":0,"menu_order":0,"comment_status":"closed","ping_status":"closed","template":"","meta":{"_acf_changed":false,"footnotes":""},"class_list":["post-1010","page","type-page","status-publish","hentry"],"acf":[],"yoast_head":"<!-- This site is optimized with the Yoast SEO plugin v23.0 - https:\/\/yoast.com\/wordpress\/plugins\/seo\/ -->\n<title>Seto leelo visiitipoloogia \u2013 kellele ja miks see loodi?<\/title>\n<meta name=\"description\" content=\"Seto leelo visiitipoloogia on loodud selle traditsiooni edasiandmiseks. Uuri sihtr\u00fchmi ja kasutust hariduses, turismis ja kultuuris.\" \/>\n<meta name=\"robots\" content=\"index, follow, max-snippet:-1, max-image-preview:large, max-video-preview:-1\" \/>\n<link rel=\"canonical\" href=\"https:\/\/www.folklore.ee\/setoviisid\/viisitupoloogia-kellele-ja-milleks\/\" \/>\n<meta property=\"og:locale\" content=\"et_EE\" \/>\n<meta property=\"og:type\" content=\"article\" \/>\n<meta property=\"og:title\" content=\"Seto leelo visiitipoloogia \u2013 kellele ja miks see loodi?\" \/>\n<meta property=\"og:description\" content=\"Seto leelo visiitipoloogia on loodud selle traditsiooni edasiandmiseks. Uuri sihtr\u00fchmi ja kasutust hariduses, turismis ja kultuuris.\" \/>\n<meta property=\"og:url\" content=\"https:\/\/www.folklore.ee\/setoviisid\/viisitupoloogia-kellele-ja-milleks\/\" \/>\n<meta property=\"og:site_name\" content=\"Seto leelo viisit\u00fcpoloogia\" \/>\n<meta property=\"article:modified_time\" content=\"2025-08-01T11:48:20+00:00\" \/>\n<meta name=\"twitter:card\" content=\"summary_large_image\" \/>\n<meta name=\"twitter:label1\" content=\"Est. reading time\" \/>\n\t<meta name=\"twitter:data1\" content=\"2 minutit\" \/>\n<script type=\"application\/ld+json\" class=\"yoast-schema-graph\">{\"@context\":\"https:\/\/schema.org\",\"@graph\":[{\"@type\":\"WebPage\",\"@id\":\"https:\/\/www.folklore.ee\/setoviisid\/viisitupoloogia-kellele-ja-milleks\/\",\"url\":\"https:\/\/www.folklore.ee\/setoviisid\/viisitupoloogia-kellele-ja-milleks\/\",\"name\":\"Seto leelo visiitipoloogia \u2013 kellele ja miks see loodi?\",\"isPartOf\":{\"@id\":\"https:\/\/www.folklore.ee\/setoviisid\/#website\"},\"datePublished\":\"2024-06-18T10:10:27+00:00\",\"dateModified\":\"2025-08-01T11:48:20+00:00\",\"description\":\"Seto leelo visiitipoloogia on loodud selle traditsiooni edasiandmiseks. Uuri sihtr\u00fchmi ja kasutust hariduses, turismis ja kultuuris.\",\"breadcrumb\":{\"@id\":\"https:\/\/www.folklore.ee\/setoviisid\/viisitupoloogia-kellele-ja-milleks\/#breadcrumb\"},\"inLanguage\":\"et\",\"potentialAction\":[{\"@type\":\"ReadAction\",\"target\":[\"https:\/\/www.folklore.ee\/setoviisid\/viisitupoloogia-kellele-ja-milleks\/\"]}]},{\"@type\":\"BreadcrumbList\",\"@id\":\"https:\/\/www.folklore.ee\/setoviisid\/viisitupoloogia-kellele-ja-milleks\/#breadcrumb\",\"itemListElement\":[{\"@type\":\"ListItem\",\"position\":1,\"name\":\"Avaleht\",\"item\":\"https:\/\/www.folklore.ee\/setoviisid\/\"},{\"@type\":\"ListItem\",\"position\":2,\"name\":\"Viisit\u00fcpoloogia. Kellele ja milleks?\"}]},{\"@type\":\"WebSite\",\"@id\":\"https:\/\/www.folklore.ee\/setoviisid\/#website\",\"url\":\"https:\/\/www.folklore.ee\/setoviisid\/\",\"name\":\"Seto leelo viisit\u00fcpoloogia\",\"description\":\"\",\"potentialAction\":[{\"@type\":\"SearchAction\",\"target\":{\"@type\":\"EntryPoint\",\"urlTemplate\":\"https:\/\/www.folklore.ee\/setoviisid\/?s={search_term_string}\"},\"query-input\":\"required name=search_term_string\"}],\"inLanguage\":\"et\"}]}<\/script>\n<!-- \/ Yoast SEO plugin. -->","yoast_head_json":{"title":"Seto leelo visiitipoloogia \u2013 kellele ja miks see loodi?","description":"Seto leelo visiitipoloogia on loodud selle traditsiooni edasiandmiseks. Uuri sihtr\u00fchmi ja kasutust hariduses, turismis ja kultuuris.","robots":{"index":"index","follow":"follow","max-snippet":"max-snippet:-1","max-image-preview":"max-image-preview:large","max-video-preview":"max-video-preview:-1"},"canonical":"https:\/\/www.folklore.ee\/setoviisid\/viisitupoloogia-kellele-ja-milleks\/","og_locale":"et_EE","og_type":"article","og_title":"Seto leelo visiitipoloogia \u2013 kellele ja miks see loodi?","og_description":"Seto leelo visiitipoloogia on loodud selle traditsiooni edasiandmiseks. Uuri sihtr\u00fchmi ja kasutust hariduses, turismis ja kultuuris.","og_url":"https:\/\/www.folklore.ee\/setoviisid\/viisitupoloogia-kellele-ja-milleks\/","og_site_name":"Seto leelo viisit\u00fcpoloogia","article_modified_time":"2025-08-01T11:48:20+00:00","twitter_card":"summary_large_image","twitter_misc":{"Est. reading time":"2 minutit"},"schema":{"@context":"https:\/\/schema.org","@graph":[{"@type":"WebPage","@id":"https:\/\/www.folklore.ee\/setoviisid\/viisitupoloogia-kellele-ja-milleks\/","url":"https:\/\/www.folklore.ee\/setoviisid\/viisitupoloogia-kellele-ja-milleks\/","name":"Seto leelo visiitipoloogia \u2013 kellele ja miks see loodi?","isPartOf":{"@id":"https:\/\/www.folklore.ee\/setoviisid\/#website"},"datePublished":"2024-06-18T10:10:27+00:00","dateModified":"2025-08-01T11:48:20+00:00","description":"Seto leelo visiitipoloogia on loodud selle traditsiooni edasiandmiseks. Uuri sihtr\u00fchmi ja kasutust hariduses, turismis ja kultuuris.","breadcrumb":{"@id":"https:\/\/www.folklore.ee\/setoviisid\/viisitupoloogia-kellele-ja-milleks\/#breadcrumb"},"inLanguage":"et","potentialAction":[{"@type":"ReadAction","target":["https:\/\/www.folklore.ee\/setoviisid\/viisitupoloogia-kellele-ja-milleks\/"]}]},{"@type":"BreadcrumbList","@id":"https:\/\/www.folklore.ee\/setoviisid\/viisitupoloogia-kellele-ja-milleks\/#breadcrumb","itemListElement":[{"@type":"ListItem","position":1,"name":"Avaleht","item":"https:\/\/www.folklore.ee\/setoviisid\/"},{"@type":"ListItem","position":2,"name":"Viisit\u00fcpoloogia. Kellele ja milleks?"}]},{"@type":"WebSite","@id":"https:\/\/www.folklore.ee\/setoviisid\/#website","url":"https:\/\/www.folklore.ee\/setoviisid\/","name":"Seto leelo viisit\u00fcpoloogia","description":"","potentialAction":[{"@type":"SearchAction","target":{"@type":"EntryPoint","urlTemplate":"https:\/\/www.folklore.ee\/setoviisid\/?s={search_term_string}"},"query-input":"required name=search_term_string"}],"inLanguage":"et"}]}},"_links":{"self":[{"href":"https:\/\/www.folklore.ee\/setoviisid\/wp-json\/wp\/v2\/pages\/1010","targetHints":{"allow":["GET"]}}],"collection":[{"href":"https:\/\/www.folklore.ee\/setoviisid\/wp-json\/wp\/v2\/pages"}],"about":[{"href":"https:\/\/www.folklore.ee\/setoviisid\/wp-json\/wp\/v2\/types\/page"}],"author":[{"embeddable":true,"href":"https:\/\/www.folklore.ee\/setoviisid\/wp-json\/wp\/v2\/users\/3"}],"replies":[{"embeddable":true,"href":"https:\/\/www.folklore.ee\/setoviisid\/wp-json\/wp\/v2\/comments?post=1010"}],"version-history":[{"count":16,"href":"https:\/\/www.folklore.ee\/setoviisid\/wp-json\/wp\/v2\/pages\/1010\/revisions"}],"predecessor-version":[{"id":4590,"href":"https:\/\/www.folklore.ee\/setoviisid\/wp-json\/wp\/v2\/pages\/1010\/revisions\/4590"}],"wp:attachment":[{"href":"https:\/\/www.folklore.ee\/setoviisid\/wp-json\/wp\/v2\/media?parent=1010"}],"curies":[{"name":"wp","href":"https:\/\/api.w.org\/{rel}","templated":true}]}}