{"id":20,"date":"2023-04-04T09:28:19","date_gmt":"2023-04-04T09:28:19","guid":{"rendered":"https:\/\/www.folklore.ee\/rl\/folkte\/sugri\/mordva\/?page_id=20"},"modified":"2025-03-26T08:02:43","modified_gmt":"2025-03-26T08:02:43","slug":"eryamo","status":"publish","type":"page","link":"https:\/\/www.folklore.ee\/rl\/folkte\/sugri\/mordva\/eryamo\/","title":{"rendered":"M\u00e4ng: Eryamo"},"content":{"rendered":"\n<div class=\"wp-block-kenta-blocks-section kb-section-6ddba3c7 kb-section\">\n<div class=\"wp-block-kenta-blocks-column kb-column-wrapper kb-column-wrapper-07fb16d1\"><div class=\"kb-column kb-column-07fb16d1\"><div class=\"kb-column-content\">\n<p><strong>Meil on hea meel jagada m\u00e4ngu &#8220;ERYAMO&#8221;, mille on loonud Eesti-Mordva Selts Erasmus+ projekti &#8220;GO PLAY&#8221;raames!<\/strong><\/p>\n\n\n\n<p>Eryamo on neljast kaardim\u00e4ngust koosnev komplekt, mis aitab selgeks saada ersa keele p\u00f5his\u00f5navara. Selle komplekti loomisel soovisime juhtida t\u00e4helepanu h\u00e4\u00e4bumisohus keeltele ning tutvustada k\u00f5igile huvilistele ersa keele baass\u00f5navara. M\u00e4ng on saadaval eesti, inglise ja vene keeles \u2013 lihtsalt laadige alla ja printige!<\/p>\n\n\n\n<p><a href=\"https:\/\/drive.google.com\/drive\/folders\/17G4GfB81pIKmq0k8drJRM1lLY9HTw7_h\" target=\"_blank\" rel=\"noreferrer noopener\">M\u00e4ngu link<\/a><\/p>\n\n\n\n<hr class=\"wp-block-kenta-blocks-separator kb-separator-7ecc7d05 kb-separator\"\/>\n\n\n\n<p><strong>\u041c\u044b \u0440\u0430\u0434\u044b \u043f\u043e\u0434\u0435\u043b\u0438\u0442\u044c\u0441\u044f \u0438\u0433\u0440\u043e\u0439 &#8220;ERYAMO&#8221;, \u043a\u043e\u0442\u043e\u0440\u0430\u044f \u0431\u044b\u043b\u0430 \u0440\u0430\u0437\u0440\u0430\u0431\u043e\u0442\u0430\u043d\u0430 Eesti-Mordva Selts \u0432 \u0440\u0430\u043c\u043a\u0430\u0445 Erasmus+ \u043f\u0440\u043e\u0435\u043a\u0442\u0430 &#8220;GO PLAY&#8221;!<\/strong><\/p>\n\n\n\n<p>\u042d\u0440\u044f\u043c\u043e \u2013 \u044d\u0442\u043e \u043d\u0430\u0431\u043e\u0440 \u0438\u0437 \u0447\u0435\u0442\u044b\u0440\u0435\u0445 \u043a\u0430\u0440\u0442\u043e\u0447\u043d\u044b\u0445 \u0438\u0433\u0440, \u043a\u043e\u0442\u043e\u0440\u044b\u0435 \u043f\u043e\u043c\u043e\u0433\u0443\u0442 \u043e\u0441\u0432\u043e\u0438\u0442\u044c \u0431\u0430\u0437\u043e\u0432\u044b\u0435 \u0441\u043b\u043e\u0432\u0430 \u043d\u0430 \u044d\u0440\u0437\u044f\u043d\u0441\u043a\u043e\u043c \u044f\u0437\u044b\u043a\u0435. \u0421\u043e\u0437\u0434\u0430\u0432\u0430\u044f \u044d\u0442\u043e\u0442 \u043d\u0430\u0431\u043e\u0440, \u043c\u044b \u0445\u043e\u0442\u0435\u043b\u0438 \u043f\u0440\u0438\u0432\u043b\u0435\u0447\u044c \u0432\u043d\u0438\u043c\u0430\u043d\u0438\u0435 \u043a \u0438\u0441\u0447\u0435\u0437\u0430\u044e\u0449\u0438\u043c \u044f\u0437\u044b\u043a\u0430\u043c, \u0430 \u0442\u0430\u043a\u0436\u0435 \u043f\u043e\u0437\u043d\u0430\u043a\u043e\u043c\u0438\u0442\u044c \u0432\u0441\u0435\u0445 \u0436\u0435\u043b\u0430\u044e\u0449\u0438\u0445 \u0441 \u0431\u0430\u0437\u043e\u0432\u044b\u043c\u0438 \u0441\u043b\u043e\u0432\u0430\u043c\u0438 \u043d\u0430 \u044d\u0440\u0437\u044f\u043d\u0441\u043a\u043e\u043c \u044f\u0437\u044b\u043a\u0435. \u0418\u0433\u0440\u0430 \u0434\u043e\u0441\u0442\u0443\u043f\u043d\u0430 \u043d\u0430 \u044d\u0441\u0442\u043e\u043d\u0441\u043a\u043e\u043c, \u0430\u043d\u0433\u043b\u0438\u0439\u0441\u043a\u0438\u043c \u0438 \u0440\u0443\u0441\u0441\u043a\u043e\u043c \u044f\u0437\u044b\u043a\u0430\u0445 &#8211; \u0434\u043e\u0441\u0442\u0430\u0442\u043e\u0447\u043d\u043e \u0441\u043a\u0430\u0447\u0430\u0442\u044c \u0438 \u0440\u0430\u0441\u043f\u0435\u0447\u0430\u0442\u0430\u0442\u044c!<\/p>\n\n\n\n<p><a href=\"https:\/\/drive.google.com\/drive\/folders\/17G4GfB81pIKmq0k8drJRM1lLY9HTw7_h\" target=\"_blank\" rel=\"noreferrer noopener\">\u0421\u0441\u044b\u043b\u043a\u0430 \u043d\u0430 \u0438\u0433\u0440\u0443<\/a><\/p>\n<\/div><\/div><\/div>\n\n\n\n<div class=\"wp-block-kenta-blocks-column kb-column-wrapper kb-column-wrapper-2972b9da\"><div class=\"kb-column kb-column-2972b9da\"><div class=\"kb-column-content\">\n<figure class=\"wp-block-image size-large\"><img loading=\"lazy\" decoding=\"async\" width=\"725\" height=\"1024\" src=\"https:\/\/www.folklore.ee\/mordva-test\/wp-content\/uploads\/2025\/03\/eryamo-725x1024.jpg\" alt=\"\" class=\"wp-image-244\" srcset=\"https:\/\/www.folklore.ee\/rl\/folkte\/sugri\/mordva\/wp-content\/uploads\/2025\/03\/eryamo-725x1024.jpg 725w, https:\/\/www.folklore.ee\/rl\/folkte\/sugri\/mordva\/wp-content\/uploads\/2025\/03\/eryamo-212x300.jpg 212w, https:\/\/www.folklore.ee\/rl\/folkte\/sugri\/mordva\/wp-content\/uploads\/2025\/03\/eryamo-768x1085.jpg 768w, https:\/\/www.folklore.ee\/rl\/folkte\/sugri\/mordva\/wp-content\/uploads\/2025\/03\/eryamo-1087x1536.jpg 1087w, https:\/\/www.folklore.ee\/rl\/folkte\/sugri\/mordva\/wp-content\/uploads\/2025\/03\/eryamo-1449x2048.jpg 1449w, https:\/\/www.folklore.ee\/rl\/folkte\/sugri\/mordva\/wp-content\/uploads\/2025\/03\/eryamo-scaled.jpg 1811w\" sizes=\"auto, (max-width: 725px) 100vw, 725px\" \/><\/figure>\n<\/div><\/div><\/div>\n<\/div>\n\n\n\n<hr class=\"wp-block-kenta-blocks-separator kb-separator-075a7742 kb-separator\"\/>\n\n\n\n<p><strong>We are excited to share the game &#8220;ERYAMO&#8221;, developed by Eesti-Mordva Selts as part of the Erasmus+ project &#8220;GO PLAY&#8221;!<\/strong><\/p>\n\n\n\n<p>Eryamo is a set of four card games designed to help you learn basic words in the Erzya language. By creating this set, we aimed to draw attention to endangered languages and introduce everyone to foundational Erzya vocabulary. The game is available in Estonian, English, and Russian\u2014just download and print it!<\/p>\n\n\n\n<p><a href=\"https:\/\/drive.google.com\/drive\/folders\/17G4GfB81pIKmq0k8drJRM1lLY9HTw7_h\" target=\"_blank\" rel=\"noreferrer noopener\">Game link<\/a><\/p>\n\n\n\n<p><\/p>\n","protected":false},"excerpt":{"rendered":"<p>We are excited to share the game &#8220;ERYAMO&#8221;, developed by Eesti-Mordva Selts as part of the Erasmus+ project &#8220;GO PLAY&#8221;! Eryamo is a set of four card games designed to help you learn basic words in the Erzya language. By creating this set, we aimed to draw attention to endangered languages and introduce everyone to [&hellip;]<\/p>\n","protected":false},"author":1,"featured_media":0,"parent":0,"menu_order":0,"comment_status":"closed","ping_status":"closed","template":"","meta":{"site-container-style":"default","site-container-layout":"default","site-sidebar-layout":"default","site-transparent-header":"default","disable-article-header":"default","disable-site-header":"default","disable-site-footer":"default","disable-content-area-spacing":"default","footnotes":""},"class_list":["post-20","page","type-page","status-publish","hentry"],"_links":{"self":[{"href":"https:\/\/www.folklore.ee\/rl\/folkte\/sugri\/mordva\/wp-json\/wp\/v2\/pages\/20","targetHints":{"allow":["GET"]}}],"collection":[{"href":"https:\/\/www.folklore.ee\/rl\/folkte\/sugri\/mordva\/wp-json\/wp\/v2\/pages"}],"about":[{"href":"https:\/\/www.folklore.ee\/rl\/folkte\/sugri\/mordva\/wp-json\/wp\/v2\/types\/page"}],"author":[{"embeddable":true,"href":"https:\/\/www.folklore.ee\/rl\/folkte\/sugri\/mordva\/wp-json\/wp\/v2\/users\/1"}],"replies":[{"embeddable":true,"href":"https:\/\/www.folklore.ee\/rl\/folkte\/sugri\/mordva\/wp-json\/wp\/v2\/comments?post=20"}],"version-history":[{"count":6,"href":"https:\/\/www.folklore.ee\/rl\/folkte\/sugri\/mordva\/wp-json\/wp\/v2\/pages\/20\/revisions"}],"predecessor-version":[{"id":275,"href":"https:\/\/www.folklore.ee\/rl\/folkte\/sugri\/mordva\/wp-json\/wp\/v2\/pages\/20\/revisions\/275"}],"wp:attachment":[{"href":"https:\/\/www.folklore.ee\/rl\/folkte\/sugri\/mordva\/wp-json\/wp\/v2\/media?parent=20"}],"curies":[{"name":"wp","href":"https:\/\/api.w.org\/{rel}","templated":true}]}}