{"id":845,"date":"2023-11-14T07:55:08","date_gmt":"2023-11-14T07:55:08","guid":{"rendered":"https:\/\/www.folklore.ee\/ars\/?page_id=845"},"modified":"2023-11-14T08:01:58","modified_gmt":"2023-11-14T08:01:58","slug":"kogumiskonverents-2010-ajakava","status":"publish","type":"page","link":"https:\/\/www.folklore.ee\/ars\/uritused\/arhiiv\/kogumiskonverents-2010-ajakava\/","title":{"rendered":"Kogumiskonverents 2010 ajakava"},"content":{"rendered":"\n<p>T\u00e4navusel kogumiskonverentsil on erilise t\u00e4helepanu all teabe edasikandumise ja talletamise traditsioonilised vormid \u2013 osalus ja kogemus, \u00f5ppimine ja \u00f5petamine.<\/p>\n\n\n\n<p><em><a href=\"\/ars\/uritused\/arhiiv\/kogumiskonverents-2010-ajakava\/kogumiskonverents-2010-teesid\/\">TEESID<\/a><\/em><\/p>\n\n\n\n<p><strong>KAVA<\/strong><\/p>\n\n\n\n<p><strong>9.30<\/strong> Alustuskohv<\/p>\n\n\n\n<p><strong>10.00<\/strong> Viljandi folgil tantsup\u00e4rimust otsimas<\/p>\n\n\n\n<p>Sille Kapper, TL\u00dc<\/p>\n\n\n\n<p><strong>10.30<\/strong> Ingeri tantsu koguja, uurija ja vahendaja rollis: tookord ma sain ja n\u00fc\u00fcd tahan edasi anda<\/p>\n\n\n\n<p>Juha-Matti Aronen, T\u00dc<\/p>\n\n\n\n<p><strong>11.00<\/strong> Eesti m\u00e4ngutuba Budapesti \u00dclikoolis (ELTEs) kui p\u00e4rimuspedagoogiline eksperiment<\/p>\n\n\n\n<p>Eda Pomozi, Budapesti Lor\u00e1nd E\u00f6tv\u00f6si nimeline \u00dclikool (ELTE), T\u00dc<\/p>\n\n\n\n<p><strong>11.30<\/strong> \u201cK\u00f5ike tuleb teha m\u00f5nuga ja rahulikult!\u201d ehk \u00f5pipoisina Ungari viimase traditsioonilise torupillim\u00e4ngija juures<\/p>\n\n\n\n<p>Helen K\u00f5mmus, EKM, Tampere \u00dclikool<\/p>\n\n\n\n<p><strong>12.00<\/strong> L\u00f5una<\/p>\n\n\n\n<p><strong>13.00 <\/strong>Kihnu v\u00e4lit\u00f6\u00f6retk 2010 \u2013 muljed ja kogemused<\/p>\n\n\n\n<p>Jaanika Hunt, EKM, TL\u00dc<\/p>\n\n\n\n<p><strong>13.30<\/strong> Jutukuulamiskogemus Kihnus: uskumuslugude ja naiste kangelaslugude maailm<\/p>\n\n\n\n<p>Moon Meier, EKM, T\u00dc<\/p>\n\n\n\n<p><strong>14.00<\/strong> Teatrip\u00e4rimuse kogumisest<\/p>\n\n\n\n<p>Ave Tupits, EKM<\/p>\n\n\n\n<p><strong>14.30<\/strong> Kohvipaus<\/p>\n\n\n\n<p><strong>15.00 <\/strong>Esoteerikam\u00f5is Kirnas: avastatud uus ja vana t\u00f5de<\/p>\n\n\n\n<p>Kristel Kivari, T\u00dc<\/p>\n\n\n\n<p><strong>15.30<\/strong> Kunstnikud kogumisretkel: miks, mida ja kuidas? N\u00e4iteid Sloveenia ungarlaste juurest<\/p>\n\n\n\n<p>Kadri Viires, EKA<\/p>\n\n\n\n<p><strong>16.00<\/strong> Talvemaskid Balkanimaadel. Perniku n\u00e4ide<\/p>\n\n\n\n<p>Mare K\u00f5iva &amp; Andres Kuperjanov, EKM<\/p>\n\n\n\n<p>Kontakt: Taive S\u00e4rg 7377-751, 5622-7586<\/p>\n\n\n\n<p>Konverentsi toetab Eesti Kultuurkapital<\/p>\n","protected":false},"excerpt":{"rendered":"<p>T\u00e4navusel kogumiskonverentsil on erilise t\u00e4helepanu all teabe edasikandumise ja talletamise traditsioonilised vormid \u2013 osalus ja kogemus, \u00f5ppimine ja \u00f5petamine. TEESID KAVA 9.30 Alustuskohv 10.00 Viljandi folgil tantsup\u00e4rimust otsimas Sille Kapper, TL\u00dc 10.30 Ingeri tantsu koguja, uurija ja vahendaja rollis: tookord ma sain ja n\u00fc\u00fcd tahan edasi anda Juha-Matti Aronen, T\u00dc 11.00 Eesti m\u00e4ngutuba Budapesti \u00dclikoolis [&hellip;]<\/p>\n","protected":false},"author":1,"featured_media":0,"parent":267,"menu_order":0,"comment_status":"closed","ping_status":"closed","template":"","meta":{"footnotes":""},"class_list":["post-845","page","type-page","status-publish","hentry"],"yoast_head":"<!-- This site is optimized with the Yoast SEO plugin v20.12 - https:\/\/yoast.com\/wordpress\/plugins\/seo\/ -->\n<title>Kogumiskonverents 2010 ajakava | Akadeemiline Rahvaluule Selts<\/title>\n<meta name=\"robots\" content=\"index, follow, max-snippet:-1, max-image-preview:large, max-video-preview:-1\" \/>\n<link rel=\"canonical\" href=\"https:\/\/www.folklore.ee\/ars\/uritused\/arhiiv\/kogumiskonverents-2010-ajakava\/\" \/>\n<meta property=\"og:locale\" content=\"en_US\" \/>\n<meta property=\"og:type\" content=\"article\" \/>\n<meta property=\"og:title\" content=\"Kogumiskonverents 2010 ajakava | Akadeemiline Rahvaluule Selts\" \/>\n<meta property=\"og:description\" content=\"T\u00e4navusel kogumiskonverentsil on erilise t\u00e4helepanu all teabe edasikandumise ja talletamise traditsioonilised vormid \u2013 osalus ja kogemus, \u00f5ppimine ja \u00f5petamine. TEESID KAVA 9.30 Alustuskohv 10.00 Viljandi folgil tantsup\u00e4rimust otsimas Sille Kapper, TL\u00dc 10.30 Ingeri tantsu koguja, uurija ja vahendaja rollis: tookord ma sain ja n\u00fc\u00fcd tahan edasi anda Juha-Matti Aronen, T\u00dc 11.00 Eesti m\u00e4ngutuba Budapesti \u00dclikoolis [&hellip;]\" \/>\n<meta property=\"og:url\" content=\"https:\/\/www.folklore.ee\/ars\/uritused\/arhiiv\/kogumiskonverents-2010-ajakava\/\" \/>\n<meta property=\"og:site_name\" content=\"Akadeemiline Rahvaluule Selts\" \/>\n<meta property=\"article:modified_time\" content=\"2023-11-14T08:01:58+00:00\" \/>\n<meta name=\"twitter:card\" content=\"summary_large_image\" \/>\n<meta name=\"twitter:label1\" content=\"Est. reading time\" \/>\n\t<meta name=\"twitter:data1\" content=\"1 minute\" \/>\n<script type=\"application\/ld+json\" class=\"yoast-schema-graph\">{\"@context\":\"https:\/\/schema.org\",\"@graph\":[{\"@type\":\"WebPage\",\"@id\":\"https:\/\/www.folklore.ee\/ars\/uritused\/arhiiv\/kogumiskonverents-2010-ajakava\/\",\"url\":\"https:\/\/www.folklore.ee\/ars\/uritused\/arhiiv\/kogumiskonverents-2010-ajakava\/\",\"name\":\"Kogumiskonverents 2010 ajakava | Akadeemiline Rahvaluule Selts\",\"isPartOf\":{\"@id\":\"https:\/\/www.folklore.ee\/ars\/#website\"},\"datePublished\":\"2023-11-14T07:55:08+00:00\",\"dateModified\":\"2023-11-14T08:01:58+00:00\",\"breadcrumb\":{\"@id\":\"https:\/\/www.folklore.ee\/ars\/uritused\/arhiiv\/kogumiskonverents-2010-ajakava\/#breadcrumb\"},\"inLanguage\":\"en-US\",\"potentialAction\":[{\"@type\":\"ReadAction\",\"target\":[\"https:\/\/www.folklore.ee\/ars\/uritused\/arhiiv\/kogumiskonverents-2010-ajakava\/\"]}]},{\"@type\":\"BreadcrumbList\",\"@id\":\"https:\/\/www.folklore.ee\/ars\/uritused\/arhiiv\/kogumiskonverents-2010-ajakava\/#breadcrumb\",\"itemListElement\":[{\"@type\":\"ListItem\",\"position\":1,\"name\":\"Avaleht\",\"item\":\"https:\/\/www.folklore.ee\/ars\/\"},{\"@type\":\"ListItem\",\"position\":2,\"name\":\"\u00dcritused\",\"item\":\"https:\/\/www.folklore.ee\/ars\/uritused\/\"},{\"@type\":\"ListItem\",\"position\":3,\"name\":\"Arhiiv\",\"item\":\"https:\/\/www.folklore.ee\/ars\/uritused\/arhiiv\/\"},{\"@type\":\"ListItem\",\"position\":4,\"name\":\"Kogumiskonverents 2010 ajakava\"}]},{\"@type\":\"WebSite\",\"@id\":\"https:\/\/www.folklore.ee\/ars\/#website\",\"url\":\"https:\/\/www.folklore.ee\/ars\/\",\"name\":\"Akadeemiline Rahvaluule Selts\",\"description\":\"Folkloristide, \u00fcli\u00f5pilaste ja k\u00f5igi rahvaluulest huvitatute \u00fchendus, mis aitab kaasa rahvaluule kogumisele, tutvustamisele, uurimisele ja publitseerimisele.\",\"potentialAction\":[{\"@type\":\"SearchAction\",\"target\":{\"@type\":\"EntryPoint\",\"urlTemplate\":\"https:\/\/www.folklore.ee\/ars\/?s={search_term_string}\"},\"query-input\":\"required name=search_term_string\"}],\"inLanguage\":\"en-US\"}]}<\/script>\n<!-- \/ Yoast SEO plugin. -->","yoast_head_json":{"title":"Kogumiskonverents 2010 ajakava | Akadeemiline Rahvaluule Selts","robots":{"index":"index","follow":"follow","max-snippet":"max-snippet:-1","max-image-preview":"max-image-preview:large","max-video-preview":"max-video-preview:-1"},"canonical":"https:\/\/www.folklore.ee\/ars\/uritused\/arhiiv\/kogumiskonverents-2010-ajakava\/","og_locale":"en_US","og_type":"article","og_title":"Kogumiskonverents 2010 ajakava | Akadeemiline Rahvaluule Selts","og_description":"T\u00e4navusel kogumiskonverentsil on erilise t\u00e4helepanu all teabe edasikandumise ja talletamise traditsioonilised vormid \u2013 osalus ja kogemus, \u00f5ppimine ja \u00f5petamine. TEESID KAVA 9.30 Alustuskohv 10.00 Viljandi folgil tantsup\u00e4rimust otsimas Sille Kapper, TL\u00dc 10.30 Ingeri tantsu koguja, uurija ja vahendaja rollis: tookord ma sain ja n\u00fc\u00fcd tahan edasi anda Juha-Matti Aronen, T\u00dc 11.00 Eesti m\u00e4ngutuba Budapesti \u00dclikoolis [&hellip;]","og_url":"https:\/\/www.folklore.ee\/ars\/uritused\/arhiiv\/kogumiskonverents-2010-ajakava\/","og_site_name":"Akadeemiline Rahvaluule Selts","article_modified_time":"2023-11-14T08:01:58+00:00","twitter_card":"summary_large_image","twitter_misc":{"Est. reading time":"1 minute"},"schema":{"@context":"https:\/\/schema.org","@graph":[{"@type":"WebPage","@id":"https:\/\/www.folklore.ee\/ars\/uritused\/arhiiv\/kogumiskonverents-2010-ajakava\/","url":"https:\/\/www.folklore.ee\/ars\/uritused\/arhiiv\/kogumiskonverents-2010-ajakava\/","name":"Kogumiskonverents 2010 ajakava | Akadeemiline Rahvaluule Selts","isPartOf":{"@id":"https:\/\/www.folklore.ee\/ars\/#website"},"datePublished":"2023-11-14T07:55:08+00:00","dateModified":"2023-11-14T08:01:58+00:00","breadcrumb":{"@id":"https:\/\/www.folklore.ee\/ars\/uritused\/arhiiv\/kogumiskonverents-2010-ajakava\/#breadcrumb"},"inLanguage":"en-US","potentialAction":[{"@type":"ReadAction","target":["https:\/\/www.folklore.ee\/ars\/uritused\/arhiiv\/kogumiskonverents-2010-ajakava\/"]}]},{"@type":"BreadcrumbList","@id":"https:\/\/www.folklore.ee\/ars\/uritused\/arhiiv\/kogumiskonverents-2010-ajakava\/#breadcrumb","itemListElement":[{"@type":"ListItem","position":1,"name":"Avaleht","item":"https:\/\/www.folklore.ee\/ars\/"},{"@type":"ListItem","position":2,"name":"\u00dcritused","item":"https:\/\/www.folklore.ee\/ars\/uritused\/"},{"@type":"ListItem","position":3,"name":"Arhiiv","item":"https:\/\/www.folklore.ee\/ars\/uritused\/arhiiv\/"},{"@type":"ListItem","position":4,"name":"Kogumiskonverents 2010 ajakava"}]},{"@type":"WebSite","@id":"https:\/\/www.folklore.ee\/ars\/#website","url":"https:\/\/www.folklore.ee\/ars\/","name":"Akadeemiline Rahvaluule Selts","description":"Folkloristide, \u00fcli\u00f5pilaste ja k\u00f5igi rahvaluulest huvitatute \u00fchendus, mis aitab kaasa rahvaluule kogumisele, tutvustamisele, uurimisele ja publitseerimisele.","potentialAction":[{"@type":"SearchAction","target":{"@type":"EntryPoint","urlTemplate":"https:\/\/www.folklore.ee\/ars\/?s={search_term_string}"},"query-input":"required name=search_term_string"}],"inLanguage":"en-US"}]}},"_links":{"self":[{"href":"https:\/\/www.folklore.ee\/ars\/wp-json\/wp\/v2\/pages\/845","targetHints":{"allow":["GET"]}}],"collection":[{"href":"https:\/\/www.folklore.ee\/ars\/wp-json\/wp\/v2\/pages"}],"about":[{"href":"https:\/\/www.folklore.ee\/ars\/wp-json\/wp\/v2\/types\/page"}],"author":[{"embeddable":true,"href":"https:\/\/www.folklore.ee\/ars\/wp-json\/wp\/v2\/users\/1"}],"replies":[{"embeddable":true,"href":"https:\/\/www.folklore.ee\/ars\/wp-json\/wp\/v2\/comments?post=845"}],"version-history":[{"count":3,"href":"https:\/\/www.folklore.ee\/ars\/wp-json\/wp\/v2\/pages\/845\/revisions"}],"predecessor-version":[{"id":852,"href":"https:\/\/www.folklore.ee\/ars\/wp-json\/wp\/v2\/pages\/845\/revisions\/852"}],"up":[{"embeddable":true,"href":"https:\/\/www.folklore.ee\/ars\/wp-json\/wp\/v2\/pages\/267"}],"wp:attachment":[{"href":"https:\/\/www.folklore.ee\/ars\/wp-json\/wp\/v2\/media?parent=845"}],"curies":[{"name":"wp","href":"https:\/\/api.w.org\/{rel}","templated":true}]}}