{"id":710,"date":"2023-10-03T06:26:46","date_gmt":"2023-10-03T06:26:46","guid":{"rendered":"https:\/\/www.folklore.ee\/ars\/?page_id=710"},"modified":"2023-10-03T06:41:16","modified_gmt":"2023-10-03T06:41:16","slug":"inventeerimisest-identiteediotsinguteni","status":"publish","type":"page","link":"https:\/\/www.folklore.ee\/ars\/uritused\/arhiiv\/talvekonverents-2008-ajakava\/inventeerimisest-identiteediotsinguteni\/","title":{"rendered":"Inventeerimisest identiteediotsinguteni. V\u00e4lit\u00f6\u00f6d Lahemaa rahvuspargis 2007\u20132008"},"content":{"rendered":"\n<p>1971. a juunis loodi Eesti NSVs esimese omataolisena kogu N\u00f5ukogude Liidus Lahemaa rahvuspark (LRP), mille kultuurpoliitilist t\u00e4htsust toonases ajas on raske ala- v\u00f5i \u00fclehinnata. T\u00e4helepanuv\u00e4\u00e4rne on seegi, et suur osa territooriumist paiknes NSV Liidu piiritsoonis, mis seadis rahvuspargile ja selle elanikele oma n\u00f5uded.<\/p>\n\n\n\n<p>Rahvuspargi loomisel ning selle ideede populariseerimisel r\u00f5hutati, et see pole pelgalt looduskaitseala, kuigi pargiks valitud ala oli piiratud siiski eesk\u00e4tt looduslikul ja maastikulisel p\u00f5him\u00f5ttel. LRP territooriumil said osaliselt kokku ka kolm kirikukihelkonda \u2013 Haljala, Kadrina ja Kuusalu, neist iga\u00fcks on alates 13. sajandist kujunenud j\u00e4rgnevate aastasadade jooksul eriilmeliseks oma rahvaluulelise repertuaari ja etnograafilise p\u00e4randi poolest.<\/p>\n\n\n\n<p>Just rahvakultuurile toetuvat omap\u00e4ra peeti viimased 30 aastat silmas rahvuspargi ajaloolis-etnograafilise k\u00fclje \u00fclesehitamisel. Rahvasuust kogutud narratiive \u2013 muistendeid ja kohalugusid taaskasutati turisminduses ja kohamarketingis, LRP tutvustavates v\u00e4ljaannetes ja buklettides. 1986. aastal toimus rahvuspargi s\u00fcdames Palmse m\u00f5isas esimene autentsusele pretendeeriv kohalik folkloorifestival Viru S\u00e4ru.<\/p>\n\n\n\n<p>EV taasiseseisvudes lahkusid Lahemaa territooriumilt N\u00f5ukogude Liidu piirivalvev\u00e4ed. ENSV konteksti sobituv idee rahvuspargist kui sellisest lakkas t\u00f6\u00f6tamast. Iseseisva Eesti rahvuspargi idee vajas \u00fcmberm\u00f5testamist nii rahvuslikus\/ideoloogilises kui ka puht praktilises plaanis (nt kaitsev\u00f6\u00f6ndi tsoneerimine v\u00f5imalikuks ehitustegevuseks).<\/p>\n\n\n\n<p>2007.\u20132008. aastal toimusid Lahemaa rahvuspargi praeguse administratsiooni tellimusena frontaalsed etnoloogilised v\u00e4lit\u00f6\u00f6d siinkirjutaja juhendamisel. Selle k\u00e4igus inventeeriti k\u00f5ik 33 rahvuspargi territooriumile j\u00e4\u00e4vat rannak\u00fcla ning intervjueeriti p\u00f5lis-, p\u00fcsi- ning uusasukaid\/ hilismigrante uurimaks, kuidas kajastub LRP dualistlik olemus aja- ja isikuloolistes narratiivides ja kohap\u00e4rimuses, samuti sealsete elanike argielupraktikas. Ettekandes annan \u00fclevaate v\u00e4lit\u00f6\u00f6de esmastest tulemustest, toetudes teoreetiliselt ideaal-, taotlusliku- ja m\u00e4lukultuuri kontseptsioonile kogutu m\u00f5testamisel.<\/p>\n","protected":false},"excerpt":{"rendered":"<p>1971. a juunis loodi Eesti NSVs esimese omataolisena kogu N\u00f5ukogude Liidus Lahemaa rahvuspark (LRP), mille kultuurpoliitilist t\u00e4htsust toonases ajas on raske ala- v\u00f5i \u00fclehinnata. T\u00e4helepanuv\u00e4\u00e4rne on seegi, et suur osa territooriumist paiknes NSV Liidu piiritsoonis, mis seadis rahvuspargile ja selle elanikele oma n\u00f5uded. Rahvuspargi loomisel ning selle ideede populariseerimisel r\u00f5hutati, et see pole pelgalt looduskaitseala, [&hellip;]<\/p>\n","protected":false},"author":1,"featured_media":0,"parent":385,"menu_order":0,"comment_status":"closed","ping_status":"closed","template":"","meta":{"footnotes":""},"class_list":["post-710","page","type-page","status-publish","hentry"],"yoast_head":"<!-- This site is optimized with the Yoast SEO plugin v20.12 - https:\/\/yoast.com\/wordpress\/plugins\/seo\/ -->\n<title>Inventeerimisest identiteediotsinguteni. V\u00e4lit\u00f6\u00f6d Lahemaa rahvuspargis 2007\u20132008 | Akadeemiline Rahvaluule Selts<\/title>\n<meta name=\"robots\" content=\"index, follow, max-snippet:-1, max-image-preview:large, max-video-preview:-1\" \/>\n<link rel=\"canonical\" href=\"https:\/\/www.folklore.ee\/ars\/uritused\/arhiiv\/talvekonverents-2008-ajakava\/inventeerimisest-identiteediotsinguteni\/\" \/>\n<meta property=\"og:locale\" content=\"en_US\" \/>\n<meta property=\"og:type\" content=\"article\" \/>\n<meta property=\"og:title\" content=\"Inventeerimisest identiteediotsinguteni. V\u00e4lit\u00f6\u00f6d Lahemaa rahvuspargis 2007\u20132008 | Akadeemiline Rahvaluule Selts\" \/>\n<meta property=\"og:description\" content=\"1971. a juunis loodi Eesti NSVs esimese omataolisena kogu N\u00f5ukogude Liidus Lahemaa rahvuspark (LRP), mille kultuurpoliitilist t\u00e4htsust toonases ajas on raske ala- v\u00f5i \u00fclehinnata. T\u00e4helepanuv\u00e4\u00e4rne on seegi, et suur osa territooriumist paiknes NSV Liidu piiritsoonis, mis seadis rahvuspargile ja selle elanikele oma n\u00f5uded. Rahvuspargi loomisel ning selle ideede populariseerimisel r\u00f5hutati, et see pole pelgalt looduskaitseala, [&hellip;]\" \/>\n<meta property=\"og:url\" content=\"https:\/\/www.folklore.ee\/ars\/uritused\/arhiiv\/talvekonverents-2008-ajakava\/inventeerimisest-identiteediotsinguteni\/\" \/>\n<meta property=\"og:site_name\" content=\"Akadeemiline Rahvaluule Selts\" \/>\n<meta property=\"article:modified_time\" content=\"2023-10-03T06:41:16+00:00\" \/>\n<meta name=\"twitter:card\" content=\"summary_large_image\" \/>\n<meta name=\"twitter:label1\" content=\"Est. reading time\" \/>\n\t<meta name=\"twitter:data1\" content=\"2 minutes\" \/>\n<script type=\"application\/ld+json\" class=\"yoast-schema-graph\">{\"@context\":\"https:\/\/schema.org\",\"@graph\":[{\"@type\":\"WebPage\",\"@id\":\"https:\/\/www.folklore.ee\/ars\/uritused\/arhiiv\/talvekonverents-2008-ajakava\/inventeerimisest-identiteediotsinguteni\/\",\"url\":\"https:\/\/www.folklore.ee\/ars\/uritused\/arhiiv\/talvekonverents-2008-ajakava\/inventeerimisest-identiteediotsinguteni\/\",\"name\":\"Inventeerimisest identiteediotsinguteni. V\u00e4lit\u00f6\u00f6d Lahemaa rahvuspargis 2007\u20132008 | Akadeemiline Rahvaluule Selts\",\"isPartOf\":{\"@id\":\"https:\/\/www.folklore.ee\/ars\/#website\"},\"datePublished\":\"2023-10-03T06:26:46+00:00\",\"dateModified\":\"2023-10-03T06:41:16+00:00\",\"breadcrumb\":{\"@id\":\"https:\/\/www.folklore.ee\/ars\/uritused\/arhiiv\/talvekonverents-2008-ajakava\/inventeerimisest-identiteediotsinguteni\/#breadcrumb\"},\"inLanguage\":\"en-US\",\"potentialAction\":[{\"@type\":\"ReadAction\",\"target\":[\"https:\/\/www.folklore.ee\/ars\/uritused\/arhiiv\/talvekonverents-2008-ajakava\/inventeerimisest-identiteediotsinguteni\/\"]}]},{\"@type\":\"BreadcrumbList\",\"@id\":\"https:\/\/www.folklore.ee\/ars\/uritused\/arhiiv\/talvekonverents-2008-ajakava\/inventeerimisest-identiteediotsinguteni\/#breadcrumb\",\"itemListElement\":[{\"@type\":\"ListItem\",\"position\":1,\"name\":\"Avaleht\",\"item\":\"https:\/\/www.folklore.ee\/ars\/\"},{\"@type\":\"ListItem\",\"position\":2,\"name\":\"\u00dcritused\",\"item\":\"https:\/\/www.folklore.ee\/ars\/uritused\/\"},{\"@type\":\"ListItem\",\"position\":3,\"name\":\"Arhiiv\",\"item\":\"https:\/\/www.folklore.ee\/ars\/uritused\/arhiiv\/\"},{\"@type\":\"ListItem\",\"position\":4,\"name\":\"Talvekonverents 2008 ajakava\",\"item\":\"https:\/\/www.folklore.ee\/ars\/uritused\/arhiiv\/talvekonverents-2008-ajakava\/\"},{\"@type\":\"ListItem\",\"position\":5,\"name\":\"Inventeerimisest identiteediotsinguteni. V\u00e4lit\u00f6\u00f6d Lahemaa rahvuspargis 2007\u20132008\"}]},{\"@type\":\"WebSite\",\"@id\":\"https:\/\/www.folklore.ee\/ars\/#website\",\"url\":\"https:\/\/www.folklore.ee\/ars\/\",\"name\":\"Akadeemiline Rahvaluule Selts\",\"description\":\"Folkloristide, \u00fcli\u00f5pilaste ja k\u00f5igi rahvaluulest huvitatute \u00fchendus, mis aitab kaasa rahvaluule kogumisele, tutvustamisele, uurimisele ja publitseerimisele.\",\"potentialAction\":[{\"@type\":\"SearchAction\",\"target\":{\"@type\":\"EntryPoint\",\"urlTemplate\":\"https:\/\/www.folklore.ee\/ars\/?s={search_term_string}\"},\"query-input\":\"required name=search_term_string\"}],\"inLanguage\":\"en-US\"}]}<\/script>\n<!-- \/ Yoast SEO plugin. -->","yoast_head_json":{"title":"Inventeerimisest identiteediotsinguteni. V\u00e4lit\u00f6\u00f6d Lahemaa rahvuspargis 2007\u20132008 | Akadeemiline Rahvaluule Selts","robots":{"index":"index","follow":"follow","max-snippet":"max-snippet:-1","max-image-preview":"max-image-preview:large","max-video-preview":"max-video-preview:-1"},"canonical":"https:\/\/www.folklore.ee\/ars\/uritused\/arhiiv\/talvekonverents-2008-ajakava\/inventeerimisest-identiteediotsinguteni\/","og_locale":"en_US","og_type":"article","og_title":"Inventeerimisest identiteediotsinguteni. V\u00e4lit\u00f6\u00f6d Lahemaa rahvuspargis 2007\u20132008 | Akadeemiline Rahvaluule Selts","og_description":"1971. a juunis loodi Eesti NSVs esimese omataolisena kogu N\u00f5ukogude Liidus Lahemaa rahvuspark (LRP), mille kultuurpoliitilist t\u00e4htsust toonases ajas on raske ala- v\u00f5i \u00fclehinnata. T\u00e4helepanuv\u00e4\u00e4rne on seegi, et suur osa territooriumist paiknes NSV Liidu piiritsoonis, mis seadis rahvuspargile ja selle elanikele oma n\u00f5uded. Rahvuspargi loomisel ning selle ideede populariseerimisel r\u00f5hutati, et see pole pelgalt looduskaitseala, [&hellip;]","og_url":"https:\/\/www.folklore.ee\/ars\/uritused\/arhiiv\/talvekonverents-2008-ajakava\/inventeerimisest-identiteediotsinguteni\/","og_site_name":"Akadeemiline Rahvaluule Selts","article_modified_time":"2023-10-03T06:41:16+00:00","twitter_card":"summary_large_image","twitter_misc":{"Est. reading time":"2 minutes"},"schema":{"@context":"https:\/\/schema.org","@graph":[{"@type":"WebPage","@id":"https:\/\/www.folklore.ee\/ars\/uritused\/arhiiv\/talvekonverents-2008-ajakava\/inventeerimisest-identiteediotsinguteni\/","url":"https:\/\/www.folklore.ee\/ars\/uritused\/arhiiv\/talvekonverents-2008-ajakava\/inventeerimisest-identiteediotsinguteni\/","name":"Inventeerimisest identiteediotsinguteni. V\u00e4lit\u00f6\u00f6d Lahemaa rahvuspargis 2007\u20132008 | Akadeemiline Rahvaluule Selts","isPartOf":{"@id":"https:\/\/www.folklore.ee\/ars\/#website"},"datePublished":"2023-10-03T06:26:46+00:00","dateModified":"2023-10-03T06:41:16+00:00","breadcrumb":{"@id":"https:\/\/www.folklore.ee\/ars\/uritused\/arhiiv\/talvekonverents-2008-ajakava\/inventeerimisest-identiteediotsinguteni\/#breadcrumb"},"inLanguage":"en-US","potentialAction":[{"@type":"ReadAction","target":["https:\/\/www.folklore.ee\/ars\/uritused\/arhiiv\/talvekonverents-2008-ajakava\/inventeerimisest-identiteediotsinguteni\/"]}]},{"@type":"BreadcrumbList","@id":"https:\/\/www.folklore.ee\/ars\/uritused\/arhiiv\/talvekonverents-2008-ajakava\/inventeerimisest-identiteediotsinguteni\/#breadcrumb","itemListElement":[{"@type":"ListItem","position":1,"name":"Avaleht","item":"https:\/\/www.folklore.ee\/ars\/"},{"@type":"ListItem","position":2,"name":"\u00dcritused","item":"https:\/\/www.folklore.ee\/ars\/uritused\/"},{"@type":"ListItem","position":3,"name":"Arhiiv","item":"https:\/\/www.folklore.ee\/ars\/uritused\/arhiiv\/"},{"@type":"ListItem","position":4,"name":"Talvekonverents 2008 ajakava","item":"https:\/\/www.folklore.ee\/ars\/uritused\/arhiiv\/talvekonverents-2008-ajakava\/"},{"@type":"ListItem","position":5,"name":"Inventeerimisest identiteediotsinguteni. V\u00e4lit\u00f6\u00f6d Lahemaa rahvuspargis 2007\u20132008"}]},{"@type":"WebSite","@id":"https:\/\/www.folklore.ee\/ars\/#website","url":"https:\/\/www.folklore.ee\/ars\/","name":"Akadeemiline Rahvaluule Selts","description":"Folkloristide, \u00fcli\u00f5pilaste ja k\u00f5igi rahvaluulest huvitatute \u00fchendus, mis aitab kaasa rahvaluule kogumisele, tutvustamisele, uurimisele ja publitseerimisele.","potentialAction":[{"@type":"SearchAction","target":{"@type":"EntryPoint","urlTemplate":"https:\/\/www.folklore.ee\/ars\/?s={search_term_string}"},"query-input":"required name=search_term_string"}],"inLanguage":"en-US"}]}},"_links":{"self":[{"href":"https:\/\/www.folklore.ee\/ars\/wp-json\/wp\/v2\/pages\/710","targetHints":{"allow":["GET"]}}],"collection":[{"href":"https:\/\/www.folklore.ee\/ars\/wp-json\/wp\/v2\/pages"}],"about":[{"href":"https:\/\/www.folklore.ee\/ars\/wp-json\/wp\/v2\/types\/page"}],"author":[{"embeddable":true,"href":"https:\/\/www.folklore.ee\/ars\/wp-json\/wp\/v2\/users\/1"}],"replies":[{"embeddable":true,"href":"https:\/\/www.folklore.ee\/ars\/wp-json\/wp\/v2\/comments?post=710"}],"version-history":[{"count":1,"href":"https:\/\/www.folklore.ee\/ars\/wp-json\/wp\/v2\/pages\/710\/revisions"}],"predecessor-version":[{"id":712,"href":"https:\/\/www.folklore.ee\/ars\/wp-json\/wp\/v2\/pages\/710\/revisions\/712"}],"up":[{"embeddable":true,"href":"https:\/\/www.folklore.ee\/ars\/wp-json\/wp\/v2\/pages\/385"}],"wp:attachment":[{"href":"https:\/\/www.folklore.ee\/ars\/wp-json\/wp\/v2\/media?parent=710"}],"curies":[{"name":"wp","href":"https:\/\/api.w.org\/{rel}","templated":true}]}}