{"id":613,"date":"2023-09-28T13:46:09","date_gmt":"2023-09-28T13:46:09","guid":{"rendered":"https:\/\/www.folklore.ee\/ars\/?page_id=613"},"modified":"2023-09-28T13:46:09","modified_gmt":"2023-09-28T13:46:09","slug":"tartu-ulikooli-etnoloogiauliopilaste-valitood-kihnu-saarel-suvel-2006","status":"publish","type":"page","link":"https:\/\/www.folklore.ee\/ars\/uritused\/arhiiv\/kogumiskonverents-2006\/tartu-ulikooli-etnoloogiauliopilaste-valitood-kihnu-saarel-suvel-2006\/","title":{"rendered":"Tartu \u00dclikooli etnoloogia\u00fcli\u00f5pilaste v\u00e4lit\u00f6\u00f6d Kihnu saarel suvel 2006"},"content":{"rendered":"\n<p>V\u00e4lit\u00f6\u00f6d toimusid Kihnu saarel 3.\u20139. juulini 2006. Osalesid kaheksa bakalaureusetaseme \u00fcli\u00f5pilast \u2013 Annaliisa Abramova, Indrek Asuk\u00fcl, Laura Laasi, Vivian Lepp, Kadri Mahla, Martin Malve, Liisa P\u00f5ld, Indrek Spungin, magistrant Madis Rennu ning juhendaja Art Leete.<\/p>\n\n\n\n<p>Ekspeditsiooni eesm\u00e4rk oli anda \u00fcli\u00f5pilastele etnoloogiliste v\u00e4lit\u00f6\u00f6de kogemus, mille k\u00e4igus saaks praktiseerida etnograafiliste v\u00e4lit\u00f6\u00f6de metoodika loengutes omandatut.<\/p>\n\n\n\n<p>Intervjueerimiseks kasutasime poolstuktureeritud k\u00fcsimuskavu. K\u00fcsimusi oli nii traditsiooniliste kui ka t\u00e4nap\u00e4eva elatusalade ja kommete kohta, lisaks sellele ka ainult n\u00fc\u00fcdisaega puudutavad teemad, nagu n\u00e4iteks suhtumine turistidesse, Kihnu liitmine UNESCO maailmap\u00e4randi nimekirjaga jne. Uurimistemaatika laiahaardelisus v\u00f5imaldab saadud informatsiooni p\u00f5hjal uurida kultuurimuutusi.<\/p>\n","protected":false},"excerpt":{"rendered":"<p>V\u00e4lit\u00f6\u00f6d toimusid Kihnu saarel 3.\u20139. juulini 2006. Osalesid kaheksa bakalaureusetaseme \u00fcli\u00f5pilast \u2013 Annaliisa Abramova, Indrek Asuk\u00fcl, Laura Laasi, Vivian Lepp, Kadri Mahla, Martin Malve, Liisa P\u00f5ld, Indrek Spungin, magistrant Madis Rennu ning juhendaja Art Leete. Ekspeditsiooni eesm\u00e4rk oli anda \u00fcli\u00f5pilastele etnoloogiliste v\u00e4lit\u00f6\u00f6de kogemus, mille k\u00e4igus saaks praktiseerida etnograafiliste v\u00e4lit\u00f6\u00f6de metoodika loengutes omandatut. Intervjueerimiseks kasutasime poolstuktureeritud [&hellip;]<\/p>\n","protected":false},"author":1,"featured_media":0,"parent":569,"menu_order":0,"comment_status":"closed","ping_status":"closed","template":"","meta":{"footnotes":""},"class_list":["post-613","page","type-page","status-publish","hentry"],"yoast_head":"<!-- This site is optimized with the Yoast SEO plugin v20.12 - https:\/\/yoast.com\/wordpress\/plugins\/seo\/ -->\n<title>Tartu \u00dclikooli etnoloogia\u00fcli\u00f5pilaste v\u00e4lit\u00f6\u00f6d Kihnu saarel suvel 2006 | Akadeemiline Rahvaluule Selts<\/title>\n<meta name=\"robots\" content=\"index, follow, max-snippet:-1, max-image-preview:large, max-video-preview:-1\" \/>\n<link rel=\"canonical\" href=\"https:\/\/www.folklore.ee\/ars\/uritused\/arhiiv\/kogumiskonverents-2006\/tartu-ulikooli-etnoloogiauliopilaste-valitood-kihnu-saarel-suvel-2006\/\" \/>\n<meta property=\"og:locale\" content=\"en_US\" \/>\n<meta property=\"og:type\" content=\"article\" \/>\n<meta property=\"og:title\" content=\"Tartu \u00dclikooli etnoloogia\u00fcli\u00f5pilaste v\u00e4lit\u00f6\u00f6d Kihnu saarel suvel 2006 | Akadeemiline Rahvaluule Selts\" \/>\n<meta property=\"og:description\" content=\"V\u00e4lit\u00f6\u00f6d toimusid Kihnu saarel 3.\u20139. juulini 2006. Osalesid kaheksa bakalaureusetaseme \u00fcli\u00f5pilast \u2013 Annaliisa Abramova, Indrek Asuk\u00fcl, Laura Laasi, Vivian Lepp, Kadri Mahla, Martin Malve, Liisa P\u00f5ld, Indrek Spungin, magistrant Madis Rennu ning juhendaja Art Leete. Ekspeditsiooni eesm\u00e4rk oli anda \u00fcli\u00f5pilastele etnoloogiliste v\u00e4lit\u00f6\u00f6de kogemus, mille k\u00e4igus saaks praktiseerida etnograafiliste v\u00e4lit\u00f6\u00f6de metoodika loengutes omandatut. Intervjueerimiseks kasutasime poolstuktureeritud [&hellip;]\" \/>\n<meta property=\"og:url\" content=\"https:\/\/www.folklore.ee\/ars\/uritused\/arhiiv\/kogumiskonverents-2006\/tartu-ulikooli-etnoloogiauliopilaste-valitood-kihnu-saarel-suvel-2006\/\" \/>\n<meta property=\"og:site_name\" content=\"Akadeemiline Rahvaluule Selts\" \/>\n<meta name=\"twitter:card\" content=\"summary_large_image\" \/>\n<meta name=\"twitter:label1\" content=\"Est. reading time\" \/>\n\t<meta name=\"twitter:data1\" content=\"1 minute\" \/>\n<script type=\"application\/ld+json\" class=\"yoast-schema-graph\">{\"@context\":\"https:\/\/schema.org\",\"@graph\":[{\"@type\":\"WebPage\",\"@id\":\"https:\/\/www.folklore.ee\/ars\/uritused\/arhiiv\/kogumiskonverents-2006\/tartu-ulikooli-etnoloogiauliopilaste-valitood-kihnu-saarel-suvel-2006\/\",\"url\":\"https:\/\/www.folklore.ee\/ars\/uritused\/arhiiv\/kogumiskonverents-2006\/tartu-ulikooli-etnoloogiauliopilaste-valitood-kihnu-saarel-suvel-2006\/\",\"name\":\"Tartu \u00dclikooli etnoloogia\u00fcli\u00f5pilaste v\u00e4lit\u00f6\u00f6d Kihnu saarel suvel 2006 | Akadeemiline Rahvaluule Selts\",\"isPartOf\":{\"@id\":\"https:\/\/www.folklore.ee\/ars\/#website\"},\"datePublished\":\"2023-09-28T13:46:09+00:00\",\"dateModified\":\"2023-09-28T13:46:09+00:00\",\"breadcrumb\":{\"@id\":\"https:\/\/www.folklore.ee\/ars\/uritused\/arhiiv\/kogumiskonverents-2006\/tartu-ulikooli-etnoloogiauliopilaste-valitood-kihnu-saarel-suvel-2006\/#breadcrumb\"},\"inLanguage\":\"en-US\",\"potentialAction\":[{\"@type\":\"ReadAction\",\"target\":[\"https:\/\/www.folklore.ee\/ars\/uritused\/arhiiv\/kogumiskonverents-2006\/tartu-ulikooli-etnoloogiauliopilaste-valitood-kihnu-saarel-suvel-2006\/\"]}]},{\"@type\":\"BreadcrumbList\",\"@id\":\"https:\/\/www.folklore.ee\/ars\/uritused\/arhiiv\/kogumiskonverents-2006\/tartu-ulikooli-etnoloogiauliopilaste-valitood-kihnu-saarel-suvel-2006\/#breadcrumb\",\"itemListElement\":[{\"@type\":\"ListItem\",\"position\":1,\"name\":\"Avaleht\",\"item\":\"https:\/\/www.folklore.ee\/ars\/\"},{\"@type\":\"ListItem\",\"position\":2,\"name\":\"\u00dcritused\",\"item\":\"https:\/\/www.folklore.ee\/ars\/uritused\/\"},{\"@type\":\"ListItem\",\"position\":3,\"name\":\"Arhiiv\",\"item\":\"https:\/\/www.folklore.ee\/ars\/uritused\/arhiiv\/\"},{\"@type\":\"ListItem\",\"position\":4,\"name\":\"Kogumiskonverents 2006 ajakava\",\"item\":\"https:\/\/www.folklore.ee\/ars\/uritused\/arhiiv\/kogumiskonverents-2006\/\"},{\"@type\":\"ListItem\",\"position\":5,\"name\":\"Tartu \u00dclikooli etnoloogia\u00fcli\u00f5pilaste v\u00e4lit\u00f6\u00f6d Kihnu saarel suvel 2006\"}]},{\"@type\":\"WebSite\",\"@id\":\"https:\/\/www.folklore.ee\/ars\/#website\",\"url\":\"https:\/\/www.folklore.ee\/ars\/\",\"name\":\"Akadeemiline Rahvaluule Selts\",\"description\":\"Folkloristide, \u00fcli\u00f5pilaste ja k\u00f5igi rahvaluulest huvitatute \u00fchendus, mis aitab kaasa rahvaluule kogumisele, tutvustamisele, uurimisele ja publitseerimisele.\",\"potentialAction\":[{\"@type\":\"SearchAction\",\"target\":{\"@type\":\"EntryPoint\",\"urlTemplate\":\"https:\/\/www.folklore.ee\/ars\/?s={search_term_string}\"},\"query-input\":\"required name=search_term_string\"}],\"inLanguage\":\"en-US\"}]}<\/script>\n<!-- \/ Yoast SEO plugin. -->","yoast_head_json":{"title":"Tartu \u00dclikooli etnoloogia\u00fcli\u00f5pilaste v\u00e4lit\u00f6\u00f6d Kihnu saarel suvel 2006 | Akadeemiline Rahvaluule Selts","robots":{"index":"index","follow":"follow","max-snippet":"max-snippet:-1","max-image-preview":"max-image-preview:large","max-video-preview":"max-video-preview:-1"},"canonical":"https:\/\/www.folklore.ee\/ars\/uritused\/arhiiv\/kogumiskonverents-2006\/tartu-ulikooli-etnoloogiauliopilaste-valitood-kihnu-saarel-suvel-2006\/","og_locale":"en_US","og_type":"article","og_title":"Tartu \u00dclikooli etnoloogia\u00fcli\u00f5pilaste v\u00e4lit\u00f6\u00f6d Kihnu saarel suvel 2006 | Akadeemiline Rahvaluule Selts","og_description":"V\u00e4lit\u00f6\u00f6d toimusid Kihnu saarel 3.\u20139. juulini 2006. Osalesid kaheksa bakalaureusetaseme \u00fcli\u00f5pilast \u2013 Annaliisa Abramova, Indrek Asuk\u00fcl, Laura Laasi, Vivian Lepp, Kadri Mahla, Martin Malve, Liisa P\u00f5ld, Indrek Spungin, magistrant Madis Rennu ning juhendaja Art Leete. Ekspeditsiooni eesm\u00e4rk oli anda \u00fcli\u00f5pilastele etnoloogiliste v\u00e4lit\u00f6\u00f6de kogemus, mille k\u00e4igus saaks praktiseerida etnograafiliste v\u00e4lit\u00f6\u00f6de metoodika loengutes omandatut. Intervjueerimiseks kasutasime poolstuktureeritud [&hellip;]","og_url":"https:\/\/www.folklore.ee\/ars\/uritused\/arhiiv\/kogumiskonverents-2006\/tartu-ulikooli-etnoloogiauliopilaste-valitood-kihnu-saarel-suvel-2006\/","og_site_name":"Akadeemiline Rahvaluule Selts","twitter_card":"summary_large_image","twitter_misc":{"Est. reading time":"1 minute"},"schema":{"@context":"https:\/\/schema.org","@graph":[{"@type":"WebPage","@id":"https:\/\/www.folklore.ee\/ars\/uritused\/arhiiv\/kogumiskonverents-2006\/tartu-ulikooli-etnoloogiauliopilaste-valitood-kihnu-saarel-suvel-2006\/","url":"https:\/\/www.folklore.ee\/ars\/uritused\/arhiiv\/kogumiskonverents-2006\/tartu-ulikooli-etnoloogiauliopilaste-valitood-kihnu-saarel-suvel-2006\/","name":"Tartu \u00dclikooli etnoloogia\u00fcli\u00f5pilaste v\u00e4lit\u00f6\u00f6d Kihnu saarel suvel 2006 | Akadeemiline Rahvaluule Selts","isPartOf":{"@id":"https:\/\/www.folklore.ee\/ars\/#website"},"datePublished":"2023-09-28T13:46:09+00:00","dateModified":"2023-09-28T13:46:09+00:00","breadcrumb":{"@id":"https:\/\/www.folklore.ee\/ars\/uritused\/arhiiv\/kogumiskonverents-2006\/tartu-ulikooli-etnoloogiauliopilaste-valitood-kihnu-saarel-suvel-2006\/#breadcrumb"},"inLanguage":"en-US","potentialAction":[{"@type":"ReadAction","target":["https:\/\/www.folklore.ee\/ars\/uritused\/arhiiv\/kogumiskonverents-2006\/tartu-ulikooli-etnoloogiauliopilaste-valitood-kihnu-saarel-suvel-2006\/"]}]},{"@type":"BreadcrumbList","@id":"https:\/\/www.folklore.ee\/ars\/uritused\/arhiiv\/kogumiskonverents-2006\/tartu-ulikooli-etnoloogiauliopilaste-valitood-kihnu-saarel-suvel-2006\/#breadcrumb","itemListElement":[{"@type":"ListItem","position":1,"name":"Avaleht","item":"https:\/\/www.folklore.ee\/ars\/"},{"@type":"ListItem","position":2,"name":"\u00dcritused","item":"https:\/\/www.folklore.ee\/ars\/uritused\/"},{"@type":"ListItem","position":3,"name":"Arhiiv","item":"https:\/\/www.folklore.ee\/ars\/uritused\/arhiiv\/"},{"@type":"ListItem","position":4,"name":"Kogumiskonverents 2006 ajakava","item":"https:\/\/www.folklore.ee\/ars\/uritused\/arhiiv\/kogumiskonverents-2006\/"},{"@type":"ListItem","position":5,"name":"Tartu \u00dclikooli etnoloogia\u00fcli\u00f5pilaste v\u00e4lit\u00f6\u00f6d Kihnu saarel suvel 2006"}]},{"@type":"WebSite","@id":"https:\/\/www.folklore.ee\/ars\/#website","url":"https:\/\/www.folklore.ee\/ars\/","name":"Akadeemiline Rahvaluule Selts","description":"Folkloristide, \u00fcli\u00f5pilaste ja k\u00f5igi rahvaluulest huvitatute \u00fchendus, mis aitab kaasa rahvaluule kogumisele, tutvustamisele, uurimisele ja publitseerimisele.","potentialAction":[{"@type":"SearchAction","target":{"@type":"EntryPoint","urlTemplate":"https:\/\/www.folklore.ee\/ars\/?s={search_term_string}"},"query-input":"required name=search_term_string"}],"inLanguage":"en-US"}]}},"_links":{"self":[{"href":"https:\/\/www.folklore.ee\/ars\/wp-json\/wp\/v2\/pages\/613","targetHints":{"allow":["GET"]}}],"collection":[{"href":"https:\/\/www.folklore.ee\/ars\/wp-json\/wp\/v2\/pages"}],"about":[{"href":"https:\/\/www.folklore.ee\/ars\/wp-json\/wp\/v2\/types\/page"}],"author":[{"embeddable":true,"href":"https:\/\/www.folklore.ee\/ars\/wp-json\/wp\/v2\/users\/1"}],"replies":[{"embeddable":true,"href":"https:\/\/www.folklore.ee\/ars\/wp-json\/wp\/v2\/comments?post=613"}],"version-history":[{"count":1,"href":"https:\/\/www.folklore.ee\/ars\/wp-json\/wp\/v2\/pages\/613\/revisions"}],"predecessor-version":[{"id":614,"href":"https:\/\/www.folklore.ee\/ars\/wp-json\/wp\/v2\/pages\/613\/revisions\/614"}],"up":[{"embeddable":true,"href":"https:\/\/www.folklore.ee\/ars\/wp-json\/wp\/v2\/pages\/569"}],"wp:attachment":[{"href":"https:\/\/www.folklore.ee\/ars\/wp-json\/wp\/v2\/media?parent=613"}],"curies":[{"name":"wp","href":"https:\/\/api.w.org\/{rel}","templated":true}]}}