{"id":604,"date":"2023-09-28T13:42:38","date_gmt":"2023-09-28T13:42:38","guid":{"rendered":"https:\/\/www.folklore.ee\/ars\/?page_id=604"},"modified":"2023-09-28T13:42:38","modified_gmt":"2023-09-28T13:42:38","slug":"kogumisest-urvastes-ja-muhus","status":"publish","type":"page","link":"https:\/\/www.folklore.ee\/ars\/uritused\/arhiiv\/kogumiskonverents-2006\/kogumisest-urvastes-ja-muhus\/","title":{"rendered":"Kogumisest Urvastes ja Muhus"},"content":{"rendered":"\n<p>2006. a kevadel ja suvel j\u00e4tkusid kaks eelmisel aastal alguse saanud kogumisekspeditsiooni: ERA, Maavalla Koja jt. koost\u00f6\u00f6na toimuv Muhu kihelkonna looduslik-ajalooliste p\u00fchapaikade \u00fclevaatus ning kohap\u00e4rimuse kogumine Urvaste kihelkonnas, viimane projekti \u201eL\u00f5una-Eesti kohap\u00e4rimuse andmebaas ja piirkondlikud kogumikud\u201d raames.<\/p>\n\n\n\n<p>M\u00f5lemast kogumisk\u00e4igust osav\u00f5tnuna p\u00fc\u00fcan anda neist l\u00fchi\u00fclevaated.<\/p>\n","protected":false},"excerpt":{"rendered":"<p>2006. a kevadel ja suvel j\u00e4tkusid kaks eelmisel aastal alguse saanud kogumisekspeditsiooni: ERA, Maavalla Koja jt. koost\u00f6\u00f6na toimuv Muhu kihelkonna looduslik-ajalooliste p\u00fchapaikade \u00fclevaatus ning kohap\u00e4rimuse kogumine Urvaste kihelkonnas, viimane projekti \u201eL\u00f5una-Eesti kohap\u00e4rimuse andmebaas ja piirkondlikud kogumikud\u201d raames. M\u00f5lemast kogumisk\u00e4igust osav\u00f5tnuna p\u00fc\u00fcan anda neist l\u00fchi\u00fclevaated.<\/p>\n","protected":false},"author":1,"featured_media":0,"parent":569,"menu_order":0,"comment_status":"closed","ping_status":"closed","template":"","meta":{"footnotes":""},"class_list":["post-604","page","type-page","status-publish","hentry"],"yoast_head":"<!-- This site is optimized with the Yoast SEO plugin v20.12 - https:\/\/yoast.com\/wordpress\/plugins\/seo\/ -->\n<title>Kogumisest Urvastes ja Muhus | Akadeemiline Rahvaluule Selts<\/title>\n<meta name=\"robots\" content=\"index, follow, max-snippet:-1, max-image-preview:large, max-video-preview:-1\" \/>\n<link rel=\"canonical\" href=\"https:\/\/www.folklore.ee\/ars\/uritused\/arhiiv\/kogumiskonverents-2006\/kogumisest-urvastes-ja-muhus\/\" \/>\n<meta property=\"og:locale\" content=\"en_US\" \/>\n<meta property=\"og:type\" content=\"article\" \/>\n<meta property=\"og:title\" content=\"Kogumisest Urvastes ja Muhus | Akadeemiline Rahvaluule Selts\" \/>\n<meta property=\"og:description\" content=\"2006. a kevadel ja suvel j\u00e4tkusid kaks eelmisel aastal alguse saanud kogumisekspeditsiooni: ERA, Maavalla Koja jt. koost\u00f6\u00f6na toimuv Muhu kihelkonna looduslik-ajalooliste p\u00fchapaikade \u00fclevaatus ning kohap\u00e4rimuse kogumine Urvaste kihelkonnas, viimane projekti \u201eL\u00f5una-Eesti kohap\u00e4rimuse andmebaas ja piirkondlikud kogumikud\u201d raames. M\u00f5lemast kogumisk\u00e4igust osav\u00f5tnuna p\u00fc\u00fcan anda neist l\u00fchi\u00fclevaated.\" \/>\n<meta property=\"og:url\" content=\"https:\/\/www.folklore.ee\/ars\/uritused\/arhiiv\/kogumiskonverents-2006\/kogumisest-urvastes-ja-muhus\/\" \/>\n<meta property=\"og:site_name\" content=\"Akadeemiline Rahvaluule Selts\" \/>\n<meta name=\"twitter:card\" content=\"summary_large_image\" \/>\n<meta name=\"twitter:label1\" content=\"Est. reading time\" \/>\n\t<meta name=\"twitter:data1\" content=\"1 minute\" \/>\n<script type=\"application\/ld+json\" class=\"yoast-schema-graph\">{\"@context\":\"https:\/\/schema.org\",\"@graph\":[{\"@type\":\"WebPage\",\"@id\":\"https:\/\/www.folklore.ee\/ars\/uritused\/arhiiv\/kogumiskonverents-2006\/kogumisest-urvastes-ja-muhus\/\",\"url\":\"https:\/\/www.folklore.ee\/ars\/uritused\/arhiiv\/kogumiskonverents-2006\/kogumisest-urvastes-ja-muhus\/\",\"name\":\"Kogumisest Urvastes ja Muhus | Akadeemiline Rahvaluule Selts\",\"isPartOf\":{\"@id\":\"https:\/\/www.folklore.ee\/ars\/#website\"},\"datePublished\":\"2023-09-28T13:42:38+00:00\",\"dateModified\":\"2023-09-28T13:42:38+00:00\",\"breadcrumb\":{\"@id\":\"https:\/\/www.folklore.ee\/ars\/uritused\/arhiiv\/kogumiskonverents-2006\/kogumisest-urvastes-ja-muhus\/#breadcrumb\"},\"inLanguage\":\"en-US\",\"potentialAction\":[{\"@type\":\"ReadAction\",\"target\":[\"https:\/\/www.folklore.ee\/ars\/uritused\/arhiiv\/kogumiskonverents-2006\/kogumisest-urvastes-ja-muhus\/\"]}]},{\"@type\":\"BreadcrumbList\",\"@id\":\"https:\/\/www.folklore.ee\/ars\/uritused\/arhiiv\/kogumiskonverents-2006\/kogumisest-urvastes-ja-muhus\/#breadcrumb\",\"itemListElement\":[{\"@type\":\"ListItem\",\"position\":1,\"name\":\"Avaleht\",\"item\":\"https:\/\/www.folklore.ee\/ars\/\"},{\"@type\":\"ListItem\",\"position\":2,\"name\":\"\u00dcritused\",\"item\":\"https:\/\/www.folklore.ee\/ars\/uritused\/\"},{\"@type\":\"ListItem\",\"position\":3,\"name\":\"Arhiiv\",\"item\":\"https:\/\/www.folklore.ee\/ars\/uritused\/arhiiv\/\"},{\"@type\":\"ListItem\",\"position\":4,\"name\":\"Kogumiskonverents 2006 ajakava\",\"item\":\"https:\/\/www.folklore.ee\/ars\/uritused\/arhiiv\/kogumiskonverents-2006\/\"},{\"@type\":\"ListItem\",\"position\":5,\"name\":\"Kogumisest Urvastes ja Muhus\"}]},{\"@type\":\"WebSite\",\"@id\":\"https:\/\/www.folklore.ee\/ars\/#website\",\"url\":\"https:\/\/www.folklore.ee\/ars\/\",\"name\":\"Akadeemiline Rahvaluule Selts\",\"description\":\"Folkloristide, \u00fcli\u00f5pilaste ja k\u00f5igi rahvaluulest huvitatute \u00fchendus, mis aitab kaasa rahvaluule kogumisele, tutvustamisele, uurimisele ja publitseerimisele.\",\"potentialAction\":[{\"@type\":\"SearchAction\",\"target\":{\"@type\":\"EntryPoint\",\"urlTemplate\":\"https:\/\/www.folklore.ee\/ars\/?s={search_term_string}\"},\"query-input\":\"required name=search_term_string\"}],\"inLanguage\":\"en-US\"}]}<\/script>\n<!-- \/ Yoast SEO plugin. -->","yoast_head_json":{"title":"Kogumisest Urvastes ja Muhus | Akadeemiline Rahvaluule Selts","robots":{"index":"index","follow":"follow","max-snippet":"max-snippet:-1","max-image-preview":"max-image-preview:large","max-video-preview":"max-video-preview:-1"},"canonical":"https:\/\/www.folklore.ee\/ars\/uritused\/arhiiv\/kogumiskonverents-2006\/kogumisest-urvastes-ja-muhus\/","og_locale":"en_US","og_type":"article","og_title":"Kogumisest Urvastes ja Muhus | Akadeemiline Rahvaluule Selts","og_description":"2006. a kevadel ja suvel j\u00e4tkusid kaks eelmisel aastal alguse saanud kogumisekspeditsiooni: ERA, Maavalla Koja jt. koost\u00f6\u00f6na toimuv Muhu kihelkonna looduslik-ajalooliste p\u00fchapaikade \u00fclevaatus ning kohap\u00e4rimuse kogumine Urvaste kihelkonnas, viimane projekti \u201eL\u00f5una-Eesti kohap\u00e4rimuse andmebaas ja piirkondlikud kogumikud\u201d raames. M\u00f5lemast kogumisk\u00e4igust osav\u00f5tnuna p\u00fc\u00fcan anda neist l\u00fchi\u00fclevaated.","og_url":"https:\/\/www.folklore.ee\/ars\/uritused\/arhiiv\/kogumiskonverents-2006\/kogumisest-urvastes-ja-muhus\/","og_site_name":"Akadeemiline Rahvaluule Selts","twitter_card":"summary_large_image","twitter_misc":{"Est. reading time":"1 minute"},"schema":{"@context":"https:\/\/schema.org","@graph":[{"@type":"WebPage","@id":"https:\/\/www.folklore.ee\/ars\/uritused\/arhiiv\/kogumiskonverents-2006\/kogumisest-urvastes-ja-muhus\/","url":"https:\/\/www.folklore.ee\/ars\/uritused\/arhiiv\/kogumiskonverents-2006\/kogumisest-urvastes-ja-muhus\/","name":"Kogumisest Urvastes ja Muhus | Akadeemiline Rahvaluule Selts","isPartOf":{"@id":"https:\/\/www.folklore.ee\/ars\/#website"},"datePublished":"2023-09-28T13:42:38+00:00","dateModified":"2023-09-28T13:42:38+00:00","breadcrumb":{"@id":"https:\/\/www.folklore.ee\/ars\/uritused\/arhiiv\/kogumiskonverents-2006\/kogumisest-urvastes-ja-muhus\/#breadcrumb"},"inLanguage":"en-US","potentialAction":[{"@type":"ReadAction","target":["https:\/\/www.folklore.ee\/ars\/uritused\/arhiiv\/kogumiskonverents-2006\/kogumisest-urvastes-ja-muhus\/"]}]},{"@type":"BreadcrumbList","@id":"https:\/\/www.folklore.ee\/ars\/uritused\/arhiiv\/kogumiskonverents-2006\/kogumisest-urvastes-ja-muhus\/#breadcrumb","itemListElement":[{"@type":"ListItem","position":1,"name":"Avaleht","item":"https:\/\/www.folklore.ee\/ars\/"},{"@type":"ListItem","position":2,"name":"\u00dcritused","item":"https:\/\/www.folklore.ee\/ars\/uritused\/"},{"@type":"ListItem","position":3,"name":"Arhiiv","item":"https:\/\/www.folklore.ee\/ars\/uritused\/arhiiv\/"},{"@type":"ListItem","position":4,"name":"Kogumiskonverents 2006 ajakava","item":"https:\/\/www.folklore.ee\/ars\/uritused\/arhiiv\/kogumiskonverents-2006\/"},{"@type":"ListItem","position":5,"name":"Kogumisest Urvastes ja Muhus"}]},{"@type":"WebSite","@id":"https:\/\/www.folklore.ee\/ars\/#website","url":"https:\/\/www.folklore.ee\/ars\/","name":"Akadeemiline Rahvaluule Selts","description":"Folkloristide, \u00fcli\u00f5pilaste ja k\u00f5igi rahvaluulest huvitatute \u00fchendus, mis aitab kaasa rahvaluule kogumisele, tutvustamisele, uurimisele ja publitseerimisele.","potentialAction":[{"@type":"SearchAction","target":{"@type":"EntryPoint","urlTemplate":"https:\/\/www.folklore.ee\/ars\/?s={search_term_string}"},"query-input":"required name=search_term_string"}],"inLanguage":"en-US"}]}},"_links":{"self":[{"href":"https:\/\/www.folklore.ee\/ars\/wp-json\/wp\/v2\/pages\/604","targetHints":{"allow":["GET"]}}],"collection":[{"href":"https:\/\/www.folklore.ee\/ars\/wp-json\/wp\/v2\/pages"}],"about":[{"href":"https:\/\/www.folklore.ee\/ars\/wp-json\/wp\/v2\/types\/page"}],"author":[{"embeddable":true,"href":"https:\/\/www.folklore.ee\/ars\/wp-json\/wp\/v2\/users\/1"}],"replies":[{"embeddable":true,"href":"https:\/\/www.folklore.ee\/ars\/wp-json\/wp\/v2\/comments?post=604"}],"version-history":[{"count":1,"href":"https:\/\/www.folklore.ee\/ars\/wp-json\/wp\/v2\/pages\/604\/revisions"}],"predecessor-version":[{"id":606,"href":"https:\/\/www.folklore.ee\/ars\/wp-json\/wp\/v2\/pages\/604\/revisions\/606"}],"up":[{"embeddable":true,"href":"https:\/\/www.folklore.ee\/ars\/wp-json\/wp\/v2\/pages\/569"}],"wp:attachment":[{"href":"https:\/\/www.folklore.ee\/ars\/wp-json\/wp\/v2\/media?parent=604"}],"curies":[{"name":"wp","href":"https:\/\/api.w.org\/{rel}","templated":true}]}}