{"id":487,"date":"2023-09-26T11:53:05","date_gmt":"2023-09-26T11:53:05","guid":{"rendered":"https:\/\/www.folklore.ee\/ars\/?page_id=487"},"modified":"2023-09-26T11:53:05","modified_gmt":"2023-09-26T11:53:05","slug":"eesti-kunstiakadeemia-ekspeditsioonist-siberi-eestlaste-juurde","status":"publish","type":"page","link":"https:\/\/www.folklore.ee\/ars\/uritused\/arhiiv\/kogumiskonverents-2007-ajakava\/eesti-kunstiakadeemia-ekspeditsioonist-siberi-eestlaste-juurde\/","title":{"rendered":"Eesti Kunstiakadeemia ekspeditsioonist Siberi eestlaste juurde"},"content":{"rendered":"\n<p>K\u00e4esoleva aasta suvel toimunud EKA soome-ugri uurimisreisi sihtpunktiks olid Siberis Krasnojarski krais asuvad eesti ja setu k\u00fclad. L\u00e4htuvalt kunstitudengite ettevalmistusest ja huvist, on reiside eesm\u00e4rgiks olnud uuritava rahva materiaalse kultuuri j\u00e4\u00e4dvustamine. K\u00e4esoleval aastal oli aga suurem t\u00e4helepanu ka suulisel p\u00e4randil ning elukeskkonnal tervikuna. Lisaks ainelisele kultuurile \u2013 mitmest k\u00fclast koostati \u00fcksikasjalik kaart ning m\u00f5\u00f5distati \u00fcles mitu talukompleksi \u2013 uuriti ka elulugusid ning p\u00e4rimust, mis enamjaolt salvestati ka videolindile. Uurimisreisi k\u00e4igus peatuti pikemalt ka suurima eesti kogukonnaga k\u00fclas v\u00e4ljaspool Kodu-Eestit \u2013 \u00dclem-Suetukis.<\/p>\n\n\n\n<p>Eesti Kunstiakadeemia soome-ugri uurimisprogrammi algatas professor Kaljo P\u00f5llu 1978. aastal. Alates 1994. aastast on selle juhiks tekstiilikunstnik Kadri Viires. Selleaastane ekspeditsioon oli kunstiakadeemia 30. soome-ugri uurimisreis. Lisaks ekalastele osalesid ekspeditsioonil ka Eesti Kirjandusmuuseumi folkloristid.<\/p>\n","protected":false},"excerpt":{"rendered":"<p>K\u00e4esoleva aasta suvel toimunud EKA soome-ugri uurimisreisi sihtpunktiks olid Siberis Krasnojarski krais asuvad eesti ja setu k\u00fclad. L\u00e4htuvalt kunstitudengite ettevalmistusest ja huvist, on reiside eesm\u00e4rgiks olnud uuritava rahva materiaalse kultuuri j\u00e4\u00e4dvustamine. K\u00e4esoleval aastal oli aga suurem t\u00e4helepanu ka suulisel p\u00e4randil ning elukeskkonnal tervikuna. Lisaks ainelisele kultuurile \u2013 mitmest k\u00fclast koostati \u00fcksikasjalik kaart ning m\u00f5\u00f5distati \u00fcles [&hellip;]<\/p>\n","protected":false},"author":1,"featured_media":0,"parent":470,"menu_order":0,"comment_status":"closed","ping_status":"closed","template":"","meta":{"footnotes":""},"class_list":["post-487","page","type-page","status-publish","hentry"],"yoast_head":"<!-- This site is optimized with the Yoast SEO plugin v20.12 - https:\/\/yoast.com\/wordpress\/plugins\/seo\/ -->\n<title>Eesti Kunstiakadeemia ekspeditsioonist Siberi eestlaste juurde | Akadeemiline Rahvaluule Selts<\/title>\n<meta name=\"robots\" content=\"index, follow, max-snippet:-1, max-image-preview:large, max-video-preview:-1\" \/>\n<link rel=\"canonical\" href=\"https:\/\/www.folklore.ee\/ars\/uritused\/arhiiv\/kogumiskonverents-2007-ajakava\/eesti-kunstiakadeemia-ekspeditsioonist-siberi-eestlaste-juurde\/\" \/>\n<meta property=\"og:locale\" content=\"en_US\" \/>\n<meta property=\"og:type\" content=\"article\" \/>\n<meta property=\"og:title\" content=\"Eesti Kunstiakadeemia ekspeditsioonist Siberi eestlaste juurde | Akadeemiline Rahvaluule Selts\" \/>\n<meta property=\"og:description\" content=\"K\u00e4esoleva aasta suvel toimunud EKA soome-ugri uurimisreisi sihtpunktiks olid Siberis Krasnojarski krais asuvad eesti ja setu k\u00fclad. L\u00e4htuvalt kunstitudengite ettevalmistusest ja huvist, on reiside eesm\u00e4rgiks olnud uuritava rahva materiaalse kultuuri j\u00e4\u00e4dvustamine. K\u00e4esoleval aastal oli aga suurem t\u00e4helepanu ka suulisel p\u00e4randil ning elukeskkonnal tervikuna. Lisaks ainelisele kultuurile \u2013 mitmest k\u00fclast koostati \u00fcksikasjalik kaart ning m\u00f5\u00f5distati \u00fcles [&hellip;]\" \/>\n<meta property=\"og:url\" content=\"https:\/\/www.folklore.ee\/ars\/uritused\/arhiiv\/kogumiskonverents-2007-ajakava\/eesti-kunstiakadeemia-ekspeditsioonist-siberi-eestlaste-juurde\/\" \/>\n<meta property=\"og:site_name\" content=\"Akadeemiline Rahvaluule Selts\" \/>\n<meta name=\"twitter:card\" content=\"summary_large_image\" \/>\n<meta name=\"twitter:label1\" content=\"Est. reading time\" \/>\n\t<meta name=\"twitter:data1\" content=\"1 minute\" \/>\n<script type=\"application\/ld+json\" class=\"yoast-schema-graph\">{\"@context\":\"https:\/\/schema.org\",\"@graph\":[{\"@type\":\"WebPage\",\"@id\":\"https:\/\/www.folklore.ee\/ars\/uritused\/arhiiv\/kogumiskonverents-2007-ajakava\/eesti-kunstiakadeemia-ekspeditsioonist-siberi-eestlaste-juurde\/\",\"url\":\"https:\/\/www.folklore.ee\/ars\/uritused\/arhiiv\/kogumiskonverents-2007-ajakava\/eesti-kunstiakadeemia-ekspeditsioonist-siberi-eestlaste-juurde\/\",\"name\":\"Eesti Kunstiakadeemia ekspeditsioonist Siberi eestlaste juurde | Akadeemiline Rahvaluule Selts\",\"isPartOf\":{\"@id\":\"https:\/\/www.folklore.ee\/ars\/#website\"},\"datePublished\":\"2023-09-26T11:53:05+00:00\",\"dateModified\":\"2023-09-26T11:53:05+00:00\",\"breadcrumb\":{\"@id\":\"https:\/\/www.folklore.ee\/ars\/uritused\/arhiiv\/kogumiskonverents-2007-ajakava\/eesti-kunstiakadeemia-ekspeditsioonist-siberi-eestlaste-juurde\/#breadcrumb\"},\"inLanguage\":\"en-US\",\"potentialAction\":[{\"@type\":\"ReadAction\",\"target\":[\"https:\/\/www.folklore.ee\/ars\/uritused\/arhiiv\/kogumiskonverents-2007-ajakava\/eesti-kunstiakadeemia-ekspeditsioonist-siberi-eestlaste-juurde\/\"]}]},{\"@type\":\"BreadcrumbList\",\"@id\":\"https:\/\/www.folklore.ee\/ars\/uritused\/arhiiv\/kogumiskonverents-2007-ajakava\/eesti-kunstiakadeemia-ekspeditsioonist-siberi-eestlaste-juurde\/#breadcrumb\",\"itemListElement\":[{\"@type\":\"ListItem\",\"position\":1,\"name\":\"Avaleht\",\"item\":\"https:\/\/www.folklore.ee\/ars\/\"},{\"@type\":\"ListItem\",\"position\":2,\"name\":\"\u00dcritused\",\"item\":\"https:\/\/www.folklore.ee\/ars\/uritused\/\"},{\"@type\":\"ListItem\",\"position\":3,\"name\":\"Arhiiv\",\"item\":\"https:\/\/www.folklore.ee\/ars\/uritused\/arhiiv\/\"},{\"@type\":\"ListItem\",\"position\":4,\"name\":\"Kogumiskonverents 2007 ajakava\",\"item\":\"https:\/\/www.folklore.ee\/ars\/uritused\/arhiiv\/kogumiskonverents-2007-ajakava\/\"},{\"@type\":\"ListItem\",\"position\":5,\"name\":\"Eesti Kunstiakadeemia ekspeditsioonist Siberi eestlaste juurde\"}]},{\"@type\":\"WebSite\",\"@id\":\"https:\/\/www.folklore.ee\/ars\/#website\",\"url\":\"https:\/\/www.folklore.ee\/ars\/\",\"name\":\"Akadeemiline Rahvaluule Selts\",\"description\":\"Folkloristide, \u00fcli\u00f5pilaste ja k\u00f5igi rahvaluulest huvitatute \u00fchendus, mis aitab kaasa rahvaluule kogumisele, tutvustamisele, uurimisele ja publitseerimisele.\",\"potentialAction\":[{\"@type\":\"SearchAction\",\"target\":{\"@type\":\"EntryPoint\",\"urlTemplate\":\"https:\/\/www.folklore.ee\/ars\/?s={search_term_string}\"},\"query-input\":\"required name=search_term_string\"}],\"inLanguage\":\"en-US\"}]}<\/script>\n<!-- \/ Yoast SEO plugin. -->","yoast_head_json":{"title":"Eesti Kunstiakadeemia ekspeditsioonist Siberi eestlaste juurde | Akadeemiline Rahvaluule Selts","robots":{"index":"index","follow":"follow","max-snippet":"max-snippet:-1","max-image-preview":"max-image-preview:large","max-video-preview":"max-video-preview:-1"},"canonical":"https:\/\/www.folklore.ee\/ars\/uritused\/arhiiv\/kogumiskonverents-2007-ajakava\/eesti-kunstiakadeemia-ekspeditsioonist-siberi-eestlaste-juurde\/","og_locale":"en_US","og_type":"article","og_title":"Eesti Kunstiakadeemia ekspeditsioonist Siberi eestlaste juurde | Akadeemiline Rahvaluule Selts","og_description":"K\u00e4esoleva aasta suvel toimunud EKA soome-ugri uurimisreisi sihtpunktiks olid Siberis Krasnojarski krais asuvad eesti ja setu k\u00fclad. L\u00e4htuvalt kunstitudengite ettevalmistusest ja huvist, on reiside eesm\u00e4rgiks olnud uuritava rahva materiaalse kultuuri j\u00e4\u00e4dvustamine. K\u00e4esoleval aastal oli aga suurem t\u00e4helepanu ka suulisel p\u00e4randil ning elukeskkonnal tervikuna. Lisaks ainelisele kultuurile \u2013 mitmest k\u00fclast koostati \u00fcksikasjalik kaart ning m\u00f5\u00f5distati \u00fcles [&hellip;]","og_url":"https:\/\/www.folklore.ee\/ars\/uritused\/arhiiv\/kogumiskonverents-2007-ajakava\/eesti-kunstiakadeemia-ekspeditsioonist-siberi-eestlaste-juurde\/","og_site_name":"Akadeemiline Rahvaluule Selts","twitter_card":"summary_large_image","twitter_misc":{"Est. reading time":"1 minute"},"schema":{"@context":"https:\/\/schema.org","@graph":[{"@type":"WebPage","@id":"https:\/\/www.folklore.ee\/ars\/uritused\/arhiiv\/kogumiskonverents-2007-ajakava\/eesti-kunstiakadeemia-ekspeditsioonist-siberi-eestlaste-juurde\/","url":"https:\/\/www.folklore.ee\/ars\/uritused\/arhiiv\/kogumiskonverents-2007-ajakava\/eesti-kunstiakadeemia-ekspeditsioonist-siberi-eestlaste-juurde\/","name":"Eesti Kunstiakadeemia ekspeditsioonist Siberi eestlaste juurde | Akadeemiline Rahvaluule Selts","isPartOf":{"@id":"https:\/\/www.folklore.ee\/ars\/#website"},"datePublished":"2023-09-26T11:53:05+00:00","dateModified":"2023-09-26T11:53:05+00:00","breadcrumb":{"@id":"https:\/\/www.folklore.ee\/ars\/uritused\/arhiiv\/kogumiskonverents-2007-ajakava\/eesti-kunstiakadeemia-ekspeditsioonist-siberi-eestlaste-juurde\/#breadcrumb"},"inLanguage":"en-US","potentialAction":[{"@type":"ReadAction","target":["https:\/\/www.folklore.ee\/ars\/uritused\/arhiiv\/kogumiskonverents-2007-ajakava\/eesti-kunstiakadeemia-ekspeditsioonist-siberi-eestlaste-juurde\/"]}]},{"@type":"BreadcrumbList","@id":"https:\/\/www.folklore.ee\/ars\/uritused\/arhiiv\/kogumiskonverents-2007-ajakava\/eesti-kunstiakadeemia-ekspeditsioonist-siberi-eestlaste-juurde\/#breadcrumb","itemListElement":[{"@type":"ListItem","position":1,"name":"Avaleht","item":"https:\/\/www.folklore.ee\/ars\/"},{"@type":"ListItem","position":2,"name":"\u00dcritused","item":"https:\/\/www.folklore.ee\/ars\/uritused\/"},{"@type":"ListItem","position":3,"name":"Arhiiv","item":"https:\/\/www.folklore.ee\/ars\/uritused\/arhiiv\/"},{"@type":"ListItem","position":4,"name":"Kogumiskonverents 2007 ajakava","item":"https:\/\/www.folklore.ee\/ars\/uritused\/arhiiv\/kogumiskonverents-2007-ajakava\/"},{"@type":"ListItem","position":5,"name":"Eesti Kunstiakadeemia ekspeditsioonist Siberi eestlaste juurde"}]},{"@type":"WebSite","@id":"https:\/\/www.folklore.ee\/ars\/#website","url":"https:\/\/www.folklore.ee\/ars\/","name":"Akadeemiline Rahvaluule Selts","description":"Folkloristide, \u00fcli\u00f5pilaste ja k\u00f5igi rahvaluulest huvitatute \u00fchendus, mis aitab kaasa rahvaluule kogumisele, tutvustamisele, uurimisele ja publitseerimisele.","potentialAction":[{"@type":"SearchAction","target":{"@type":"EntryPoint","urlTemplate":"https:\/\/www.folklore.ee\/ars\/?s={search_term_string}"},"query-input":"required name=search_term_string"}],"inLanguage":"en-US"}]}},"_links":{"self":[{"href":"https:\/\/www.folklore.ee\/ars\/wp-json\/wp\/v2\/pages\/487","targetHints":{"allow":["GET"]}}],"collection":[{"href":"https:\/\/www.folklore.ee\/ars\/wp-json\/wp\/v2\/pages"}],"about":[{"href":"https:\/\/www.folklore.ee\/ars\/wp-json\/wp\/v2\/types\/page"}],"author":[{"embeddable":true,"href":"https:\/\/www.folklore.ee\/ars\/wp-json\/wp\/v2\/users\/1"}],"replies":[{"embeddable":true,"href":"https:\/\/www.folklore.ee\/ars\/wp-json\/wp\/v2\/comments?post=487"}],"version-history":[{"count":1,"href":"https:\/\/www.folklore.ee\/ars\/wp-json\/wp\/v2\/pages\/487\/revisions"}],"predecessor-version":[{"id":488,"href":"https:\/\/www.folklore.ee\/ars\/wp-json\/wp\/v2\/pages\/487\/revisions\/488"}],"up":[{"embeddable":true,"href":"https:\/\/www.folklore.ee\/ars\/wp-json\/wp\/v2\/pages\/470"}],"wp:attachment":[{"href":"https:\/\/www.folklore.ee\/ars\/wp-json\/wp\/v2\/media?parent=487"}],"curies":[{"name":"wp","href":"https:\/\/api.w.org\/{rel}","templated":true}]}}