{"id":447,"date":"2023-09-19T14:10:06","date_gmt":"2023-09-19T14:10:06","guid":{"rendered":"https:\/\/www.folklore.ee\/ars\/?page_id=447"},"modified":"2023-09-19T14:10:06","modified_gmt":"2023-09-19T14:10:06","slug":"sauna-taga-ja-mujal-eesti-rahva-ajalugu-labi-trukitud-laulikute","status":"publish","type":"page","link":"https:\/\/www.folklore.ee\/ars\/uritused\/arhiiv\/talvekonverents-2008-ajakava\/sauna-taga-ja-mujal-eesti-rahva-ajalugu-labi-trukitud-laulikute\/","title":{"rendered":"Sauna taga ja mujal. Eesti rahva ajalugu l\u00e4bi tr\u00fckitud laulikute"},"content":{"rendered":"\n<p><strong>Kanni Labi, Eesti Kirjandusmuuseum<\/strong><\/p>\n\n\n\n<p>Kogumikud mitmelaadiliste eesti laulutekstide ja -viisidega on ilmunud alates 19. sajandi keskpaigast \u2013 sellestsamast ajast, mida loetakse eesti rahva v\u00f5i rahvuse s\u00fcnniajaks. Nii nende sisule kui v\u00e4limusele on oma pitseri vajutanud muutuv aeg, nii kultuurielu kui poliitiliste olude teisenemine. Kui v\u00f5tame ette ilmunud laulikute nimekirja ja vaatame nende pealkirju, ilmumiskohti ning piilume sisse ka sisukordadesse, avaneb meie ees terve kroonika, sama sisukas kui mis tahes l\u00fchike \u00fclevaade eesti ajaloos\u00fcndmustest. N\u00e4eme ka, kelle jaoks on laulikuid v\u00e4lja antud \u2013 keda on peetud \u00fcht repertuaari jagavateks meie-r\u00fchmadeks, ning mis sorti laulud on olnud avaldamisv\u00e4\u00e4rilised. See fenomen on heaks kinnituseks mitmete muusikauurijate t\u00f5demusele sotsiaalse k\u00e4itumise ja (\u00fchis)laulmise tugevast vastastikusest seosest. Laulud on ikka olnud \u00fcks vahendeid oma s\u00f5numi levitamiseks, kord rohkem, kord v\u00e4hem t\u00f5siseltv\u00f5etav, aga mitte kunagi t\u00e4htsusetuks peetav.<\/p>\n\n\n\n<p>L\u00e4bi k\u00f5igi saatuse keerdk\u00e4ikude on \u00fchest eesti laulikust teise r\u00e4nnanud Miku, Manni ja konnapoegade lugu \u2013 nii meie oma kodumaise sauna taga kui k\u00f5ikjal mujal maailmas, kuhu selle tundjad on kanda kinnitanud. Ning meie praegust ajahetke iseloomustab muuhulgas kolme noore pagulasp\u00e4ritolu rootsieestlase avaldatud laulukogumik \u201eSauna taga ja mujal. 85 akordidega laulu\u201c.<\/p>\n","protected":false},"excerpt":{"rendered":"<p>Kanni Labi, Eesti Kirjandusmuuseum Kogumikud mitmelaadiliste eesti laulutekstide ja -viisidega on ilmunud alates 19. sajandi keskpaigast \u2013 sellestsamast ajast, mida loetakse eesti rahva v\u00f5i rahvuse s\u00fcnniajaks. Nii nende sisule kui v\u00e4limusele on oma pitseri vajutanud muutuv aeg, nii kultuurielu kui poliitiliste olude teisenemine. Kui v\u00f5tame ette ilmunud laulikute nimekirja ja vaatame nende pealkirju, ilmumiskohti ning [&hellip;]<\/p>\n","protected":false},"author":1,"featured_media":0,"parent":385,"menu_order":0,"comment_status":"closed","ping_status":"closed","template":"","meta":{"footnotes":""},"class_list":["post-447","page","type-page","status-publish","hentry"],"yoast_head":"<!-- This site is optimized with the Yoast SEO plugin v20.12 - https:\/\/yoast.com\/wordpress\/plugins\/seo\/ -->\n<title>Sauna taga ja mujal. Eesti rahva ajalugu l\u00e4bi tr\u00fckitud laulikute | Akadeemiline Rahvaluule Selts<\/title>\n<meta name=\"robots\" content=\"index, follow, max-snippet:-1, max-image-preview:large, max-video-preview:-1\" \/>\n<link rel=\"canonical\" href=\"https:\/\/www.folklore.ee\/ars\/uritused\/arhiiv\/talvekonverents-2008-ajakava\/sauna-taga-ja-mujal-eesti-rahva-ajalugu-labi-trukitud-laulikute\/\" \/>\n<meta property=\"og:locale\" content=\"en_US\" \/>\n<meta property=\"og:type\" content=\"article\" \/>\n<meta property=\"og:title\" content=\"Sauna taga ja mujal. Eesti rahva ajalugu l\u00e4bi tr\u00fckitud laulikute | Akadeemiline Rahvaluule Selts\" \/>\n<meta property=\"og:description\" content=\"Kanni Labi, Eesti Kirjandusmuuseum Kogumikud mitmelaadiliste eesti laulutekstide ja -viisidega on ilmunud alates 19. sajandi keskpaigast \u2013 sellestsamast ajast, mida loetakse eesti rahva v\u00f5i rahvuse s\u00fcnniajaks. Nii nende sisule kui v\u00e4limusele on oma pitseri vajutanud muutuv aeg, nii kultuurielu kui poliitiliste olude teisenemine. Kui v\u00f5tame ette ilmunud laulikute nimekirja ja vaatame nende pealkirju, ilmumiskohti ning [&hellip;]\" \/>\n<meta property=\"og:url\" content=\"https:\/\/www.folklore.ee\/ars\/uritused\/arhiiv\/talvekonverents-2008-ajakava\/sauna-taga-ja-mujal-eesti-rahva-ajalugu-labi-trukitud-laulikute\/\" \/>\n<meta property=\"og:site_name\" content=\"Akadeemiline Rahvaluule Selts\" \/>\n<meta name=\"twitter:card\" content=\"summary_large_image\" \/>\n<meta name=\"twitter:label1\" content=\"Est. reading time\" \/>\n\t<meta name=\"twitter:data1\" content=\"1 minute\" \/>\n<script type=\"application\/ld+json\" class=\"yoast-schema-graph\">{\"@context\":\"https:\/\/schema.org\",\"@graph\":[{\"@type\":\"WebPage\",\"@id\":\"https:\/\/www.folklore.ee\/ars\/uritused\/arhiiv\/talvekonverents-2008-ajakava\/sauna-taga-ja-mujal-eesti-rahva-ajalugu-labi-trukitud-laulikute\/\",\"url\":\"https:\/\/www.folklore.ee\/ars\/uritused\/arhiiv\/talvekonverents-2008-ajakava\/sauna-taga-ja-mujal-eesti-rahva-ajalugu-labi-trukitud-laulikute\/\",\"name\":\"Sauna taga ja mujal. Eesti rahva ajalugu l\u00e4bi tr\u00fckitud laulikute | Akadeemiline Rahvaluule Selts\",\"isPartOf\":{\"@id\":\"https:\/\/www.folklore.ee\/ars\/#website\"},\"datePublished\":\"2023-09-19T14:10:06+00:00\",\"dateModified\":\"2023-09-19T14:10:06+00:00\",\"breadcrumb\":{\"@id\":\"https:\/\/www.folklore.ee\/ars\/uritused\/arhiiv\/talvekonverents-2008-ajakava\/sauna-taga-ja-mujal-eesti-rahva-ajalugu-labi-trukitud-laulikute\/#breadcrumb\"},\"inLanguage\":\"en-US\",\"potentialAction\":[{\"@type\":\"ReadAction\",\"target\":[\"https:\/\/www.folklore.ee\/ars\/uritused\/arhiiv\/talvekonverents-2008-ajakava\/sauna-taga-ja-mujal-eesti-rahva-ajalugu-labi-trukitud-laulikute\/\"]}]},{\"@type\":\"BreadcrumbList\",\"@id\":\"https:\/\/www.folklore.ee\/ars\/uritused\/arhiiv\/talvekonverents-2008-ajakava\/sauna-taga-ja-mujal-eesti-rahva-ajalugu-labi-trukitud-laulikute\/#breadcrumb\",\"itemListElement\":[{\"@type\":\"ListItem\",\"position\":1,\"name\":\"Avaleht\",\"item\":\"https:\/\/www.folklore.ee\/ars\/\"},{\"@type\":\"ListItem\",\"position\":2,\"name\":\"\u00dcritused\",\"item\":\"https:\/\/www.folklore.ee\/ars\/uritused\/\"},{\"@type\":\"ListItem\",\"position\":3,\"name\":\"Arhiiv\",\"item\":\"https:\/\/www.folklore.ee\/ars\/uritused\/arhiiv\/\"},{\"@type\":\"ListItem\",\"position\":4,\"name\":\"Talvekonverents 2008 ajakava\",\"item\":\"https:\/\/www.folklore.ee\/ars\/uritused\/arhiiv\/talvekonverents-2008-ajakava\/\"},{\"@type\":\"ListItem\",\"position\":5,\"name\":\"Sauna taga ja mujal. Eesti rahva ajalugu l\u00e4bi tr\u00fckitud laulikute\"}]},{\"@type\":\"WebSite\",\"@id\":\"https:\/\/www.folklore.ee\/ars\/#website\",\"url\":\"https:\/\/www.folklore.ee\/ars\/\",\"name\":\"Akadeemiline Rahvaluule Selts\",\"description\":\"Folkloristide, \u00fcli\u00f5pilaste ja k\u00f5igi rahvaluulest huvitatute \u00fchendus, mis aitab kaasa rahvaluule kogumisele, tutvustamisele, uurimisele ja publitseerimisele.\",\"potentialAction\":[{\"@type\":\"SearchAction\",\"target\":{\"@type\":\"EntryPoint\",\"urlTemplate\":\"https:\/\/www.folklore.ee\/ars\/?s={search_term_string}\"},\"query-input\":\"required name=search_term_string\"}],\"inLanguage\":\"en-US\"}]}<\/script>\n<!-- \/ Yoast SEO plugin. -->","yoast_head_json":{"title":"Sauna taga ja mujal. Eesti rahva ajalugu l\u00e4bi tr\u00fckitud laulikute | Akadeemiline Rahvaluule Selts","robots":{"index":"index","follow":"follow","max-snippet":"max-snippet:-1","max-image-preview":"max-image-preview:large","max-video-preview":"max-video-preview:-1"},"canonical":"https:\/\/www.folklore.ee\/ars\/uritused\/arhiiv\/talvekonverents-2008-ajakava\/sauna-taga-ja-mujal-eesti-rahva-ajalugu-labi-trukitud-laulikute\/","og_locale":"en_US","og_type":"article","og_title":"Sauna taga ja mujal. Eesti rahva ajalugu l\u00e4bi tr\u00fckitud laulikute | Akadeemiline Rahvaluule Selts","og_description":"Kanni Labi, Eesti Kirjandusmuuseum Kogumikud mitmelaadiliste eesti laulutekstide ja -viisidega on ilmunud alates 19. sajandi keskpaigast \u2013 sellestsamast ajast, mida loetakse eesti rahva v\u00f5i rahvuse s\u00fcnniajaks. Nii nende sisule kui v\u00e4limusele on oma pitseri vajutanud muutuv aeg, nii kultuurielu kui poliitiliste olude teisenemine. Kui v\u00f5tame ette ilmunud laulikute nimekirja ja vaatame nende pealkirju, ilmumiskohti ning [&hellip;]","og_url":"https:\/\/www.folklore.ee\/ars\/uritused\/arhiiv\/talvekonverents-2008-ajakava\/sauna-taga-ja-mujal-eesti-rahva-ajalugu-labi-trukitud-laulikute\/","og_site_name":"Akadeemiline Rahvaluule Selts","twitter_card":"summary_large_image","twitter_misc":{"Est. reading time":"1 minute"},"schema":{"@context":"https:\/\/schema.org","@graph":[{"@type":"WebPage","@id":"https:\/\/www.folklore.ee\/ars\/uritused\/arhiiv\/talvekonverents-2008-ajakava\/sauna-taga-ja-mujal-eesti-rahva-ajalugu-labi-trukitud-laulikute\/","url":"https:\/\/www.folklore.ee\/ars\/uritused\/arhiiv\/talvekonverents-2008-ajakava\/sauna-taga-ja-mujal-eesti-rahva-ajalugu-labi-trukitud-laulikute\/","name":"Sauna taga ja mujal. Eesti rahva ajalugu l\u00e4bi tr\u00fckitud laulikute | Akadeemiline Rahvaluule Selts","isPartOf":{"@id":"https:\/\/www.folklore.ee\/ars\/#website"},"datePublished":"2023-09-19T14:10:06+00:00","dateModified":"2023-09-19T14:10:06+00:00","breadcrumb":{"@id":"https:\/\/www.folklore.ee\/ars\/uritused\/arhiiv\/talvekonverents-2008-ajakava\/sauna-taga-ja-mujal-eesti-rahva-ajalugu-labi-trukitud-laulikute\/#breadcrumb"},"inLanguage":"en-US","potentialAction":[{"@type":"ReadAction","target":["https:\/\/www.folklore.ee\/ars\/uritused\/arhiiv\/talvekonverents-2008-ajakava\/sauna-taga-ja-mujal-eesti-rahva-ajalugu-labi-trukitud-laulikute\/"]}]},{"@type":"BreadcrumbList","@id":"https:\/\/www.folklore.ee\/ars\/uritused\/arhiiv\/talvekonverents-2008-ajakava\/sauna-taga-ja-mujal-eesti-rahva-ajalugu-labi-trukitud-laulikute\/#breadcrumb","itemListElement":[{"@type":"ListItem","position":1,"name":"Avaleht","item":"https:\/\/www.folklore.ee\/ars\/"},{"@type":"ListItem","position":2,"name":"\u00dcritused","item":"https:\/\/www.folklore.ee\/ars\/uritused\/"},{"@type":"ListItem","position":3,"name":"Arhiiv","item":"https:\/\/www.folklore.ee\/ars\/uritused\/arhiiv\/"},{"@type":"ListItem","position":4,"name":"Talvekonverents 2008 ajakava","item":"https:\/\/www.folklore.ee\/ars\/uritused\/arhiiv\/talvekonverents-2008-ajakava\/"},{"@type":"ListItem","position":5,"name":"Sauna taga ja mujal. Eesti rahva ajalugu l\u00e4bi tr\u00fckitud laulikute"}]},{"@type":"WebSite","@id":"https:\/\/www.folklore.ee\/ars\/#website","url":"https:\/\/www.folklore.ee\/ars\/","name":"Akadeemiline Rahvaluule Selts","description":"Folkloristide, \u00fcli\u00f5pilaste ja k\u00f5igi rahvaluulest huvitatute \u00fchendus, mis aitab kaasa rahvaluule kogumisele, tutvustamisele, uurimisele ja publitseerimisele.","potentialAction":[{"@type":"SearchAction","target":{"@type":"EntryPoint","urlTemplate":"https:\/\/www.folklore.ee\/ars\/?s={search_term_string}"},"query-input":"required name=search_term_string"}],"inLanguage":"en-US"}]}},"_links":{"self":[{"href":"https:\/\/www.folklore.ee\/ars\/wp-json\/wp\/v2\/pages\/447","targetHints":{"allow":["GET"]}}],"collection":[{"href":"https:\/\/www.folklore.ee\/ars\/wp-json\/wp\/v2\/pages"}],"about":[{"href":"https:\/\/www.folklore.ee\/ars\/wp-json\/wp\/v2\/types\/page"}],"author":[{"embeddable":true,"href":"https:\/\/www.folklore.ee\/ars\/wp-json\/wp\/v2\/users\/1"}],"replies":[{"embeddable":true,"href":"https:\/\/www.folklore.ee\/ars\/wp-json\/wp\/v2\/comments?post=447"}],"version-history":[{"count":1,"href":"https:\/\/www.folklore.ee\/ars\/wp-json\/wp\/v2\/pages\/447\/revisions"}],"predecessor-version":[{"id":448,"href":"https:\/\/www.folklore.ee\/ars\/wp-json\/wp\/v2\/pages\/447\/revisions\/448"}],"up":[{"embeddable":true,"href":"https:\/\/www.folklore.ee\/ars\/wp-json\/wp\/v2\/pages\/385"}],"wp:attachment":[{"href":"https:\/\/www.folklore.ee\/ars\/wp-json\/wp\/v2\/media?parent=447"}],"curies":[{"name":"wp","href":"https:\/\/api.w.org\/{rel}","templated":true}]}}