{"id":440,"date":"2023-09-19T14:07:22","date_gmt":"2023-09-19T14:07:22","guid":{"rendered":"https:\/\/www.folklore.ee\/ars\/?page_id=440"},"modified":"2023-09-19T14:07:22","modified_gmt":"2023-09-19T14:07:22","slug":"emade-loodud-parimus-sussipakapikud","status":"publish","type":"page","link":"https:\/\/www.folklore.ee\/ars\/uritused\/arhiiv\/talvekonverents-2008-ajakava\/emade-loodud-parimus-sussipakapikud\/","title":{"rendered":"Emade loodud p\u00e4rimus \u2013 sussip\u00e4kapikud"},"content":{"rendered":"\n<p><strong>Reeli Reinaus, Tartu \u00dclikooli kunstide osakond<\/strong><\/p>\n\n\n\n<p>Igal inimesel on p\u00e4kapikkudega seoses erinev arvamus. Kes ootab neid j\u00f5ulude eel aknalauale j\u00e4etud sussi kommi panema; kes usub Hollywoodi filmide eeskujul, et p\u00e4kapikud on j\u00f5ulumaal aasta otsa lastele kingitusi meisterdavad v\u00e4ikesed mehikesed; kes arvab, et \u00f5iged p\u00e4kapikud on t\u00f5sised ja natuke pahurad m\u00e4gedes kulda kaevavad tegelased Tolkieni raamatuist. Ja siis loomulikult on veel inimesi, kes ei aktsepteeri sellist m\u00e4ngu \u00fcldse. M\u00e4ngu, kus iga inimene v\u00f5i pere v\u00f5ib endale ise reeglid kujundada ning mida v\u00f5ib nimetada ka lasteusundiks, kuna paljud lapsed t\u00f5epoolest usuvad, et p\u00e4kapikud on olemas.<\/p>\n\n\n\n<p>Ettekandes annan k\u00f5igepealt \u00fclevaate p\u00e4kapikkude kujunemisloost germaani m\u00fctoloogia valguses \u2013 kuidas \u00fcleloomulike v\u00f5imetega haldjatest ja v\u00e4ikestest m\u00e4e\u00adkaevuritest on saanud t\u00e4nap\u00e4evased j\u00f5uluvana abilised. Seej\u00e4rel vaatlen lastevanematele suunatud internetiportaalis Perekool ringlevaid m\u00f5tteid ja seisukohti, mida p\u00e4kapikud ning nende k\u00e4igud emades ja ka lastes j\u00f5uluootusajal tekitavad. Foorum annab emadele hea v\u00f5imaluse v\u00f5rrelda enda loodud p\u00e4kapikke teiste perede omadega. Siia alla k\u00e4ib nii n\u00f5u k\u00fcsimine, teistele lahenduste pakkumine kui ka \u00fcleskutsed alustada p\u00e4kapikundust \u00fcheaegselt \u2013 1. detsembrist. Samuti saavad emad jagada teistega oma hirme \u2013 kas on \u00f5ige lapsele p\u00e4kapikkude kohta valetada; mida teha, kui keegi last lasteaias sussi toodud kommide p\u00e4ritolu osas n-\u00f6 valgustab; kas on ikka parim lahendus last p\u00e4kapikkude abil karistada jne.<\/p>\n\n\n\n<p>Lisaks \u00fcldisele p\u00e4kapikkudega seotud temaatika avamisele p\u00fc\u00fcan leida seletust k\u00fcsimusele, miks emad seda k\u00f5ike teevad, miks k\u00f5nnivad laste poolt uskumise ja mitteuskumise vahelisel \u00f5hukesel j\u00e4\u00e4l, varuvad juba ette kotit\u00e4ite kaupa p\u00e4kapikunodi ning hiilivad \u00f6\u00f6sel vahelej\u00e4\u00e4mise hirmus lastetuppa? Kas p\u00e4kapikud on asjadekultuse k\u00e4epikendus v\u00f5i usutakse, et vaid nemad toovad lastele t\u00f5elist j\u00f5ulur\u00f5\u00f5mu ning seega kindlustavad \u00f5nneliku lapsep\u00f5lve?<\/p>\n","protected":false},"excerpt":{"rendered":"<p>Reeli Reinaus, Tartu \u00dclikooli kunstide osakond Igal inimesel on p\u00e4kapikkudega seoses erinev arvamus. Kes ootab neid j\u00f5ulude eel aknalauale j\u00e4etud sussi kommi panema; kes usub Hollywoodi filmide eeskujul, et p\u00e4kapikud on j\u00f5ulumaal aasta otsa lastele kingitusi meisterdavad v\u00e4ikesed mehikesed; kes arvab, et \u00f5iged p\u00e4kapikud on t\u00f5sised ja natuke pahurad m\u00e4gedes kulda kaevavad tegelased Tolkieni raamatuist. [&hellip;]<\/p>\n","protected":false},"author":1,"featured_media":0,"parent":385,"menu_order":0,"comment_status":"closed","ping_status":"closed","template":"","meta":{"footnotes":""},"class_list":["post-440","page","type-page","status-publish","hentry"],"yoast_head":"<!-- This site is optimized with the Yoast SEO plugin v20.12 - https:\/\/yoast.com\/wordpress\/plugins\/seo\/ -->\n<title>Emade loodud p\u00e4rimus \u2013 sussip\u00e4kapikud | Akadeemiline Rahvaluule Selts<\/title>\n<meta name=\"robots\" content=\"index, follow, max-snippet:-1, max-image-preview:large, max-video-preview:-1\" \/>\n<link rel=\"canonical\" href=\"https:\/\/www.folklore.ee\/ars\/uritused\/arhiiv\/talvekonverents-2008-ajakava\/emade-loodud-parimus-sussipakapikud\/\" \/>\n<meta property=\"og:locale\" content=\"en_US\" \/>\n<meta property=\"og:type\" content=\"article\" \/>\n<meta property=\"og:title\" content=\"Emade loodud p\u00e4rimus \u2013 sussip\u00e4kapikud | Akadeemiline Rahvaluule Selts\" \/>\n<meta property=\"og:description\" content=\"Reeli Reinaus, Tartu \u00dclikooli kunstide osakond Igal inimesel on p\u00e4kapikkudega seoses erinev arvamus. Kes ootab neid j\u00f5ulude eel aknalauale j\u00e4etud sussi kommi panema; kes usub Hollywoodi filmide eeskujul, et p\u00e4kapikud on j\u00f5ulumaal aasta otsa lastele kingitusi meisterdavad v\u00e4ikesed mehikesed; kes arvab, et \u00f5iged p\u00e4kapikud on t\u00f5sised ja natuke pahurad m\u00e4gedes kulda kaevavad tegelased Tolkieni raamatuist. [&hellip;]\" \/>\n<meta property=\"og:url\" content=\"https:\/\/www.folklore.ee\/ars\/uritused\/arhiiv\/talvekonverents-2008-ajakava\/emade-loodud-parimus-sussipakapikud\/\" \/>\n<meta property=\"og:site_name\" content=\"Akadeemiline Rahvaluule Selts\" \/>\n<meta name=\"twitter:card\" content=\"summary_large_image\" \/>\n<meta name=\"twitter:label1\" content=\"Est. reading time\" \/>\n\t<meta name=\"twitter:data1\" content=\"2 minutes\" \/>\n<script type=\"application\/ld+json\" class=\"yoast-schema-graph\">{\"@context\":\"https:\/\/schema.org\",\"@graph\":[{\"@type\":\"WebPage\",\"@id\":\"https:\/\/www.folklore.ee\/ars\/uritused\/arhiiv\/talvekonverents-2008-ajakava\/emade-loodud-parimus-sussipakapikud\/\",\"url\":\"https:\/\/www.folklore.ee\/ars\/uritused\/arhiiv\/talvekonverents-2008-ajakava\/emade-loodud-parimus-sussipakapikud\/\",\"name\":\"Emade loodud p\u00e4rimus \u2013 sussip\u00e4kapikud | Akadeemiline Rahvaluule Selts\",\"isPartOf\":{\"@id\":\"https:\/\/www.folklore.ee\/ars\/#website\"},\"datePublished\":\"2023-09-19T14:07:22+00:00\",\"dateModified\":\"2023-09-19T14:07:22+00:00\",\"breadcrumb\":{\"@id\":\"https:\/\/www.folklore.ee\/ars\/uritused\/arhiiv\/talvekonverents-2008-ajakava\/emade-loodud-parimus-sussipakapikud\/#breadcrumb\"},\"inLanguage\":\"en-US\",\"potentialAction\":[{\"@type\":\"ReadAction\",\"target\":[\"https:\/\/www.folklore.ee\/ars\/uritused\/arhiiv\/talvekonverents-2008-ajakava\/emade-loodud-parimus-sussipakapikud\/\"]}]},{\"@type\":\"BreadcrumbList\",\"@id\":\"https:\/\/www.folklore.ee\/ars\/uritused\/arhiiv\/talvekonverents-2008-ajakava\/emade-loodud-parimus-sussipakapikud\/#breadcrumb\",\"itemListElement\":[{\"@type\":\"ListItem\",\"position\":1,\"name\":\"Avaleht\",\"item\":\"https:\/\/www.folklore.ee\/ars\/\"},{\"@type\":\"ListItem\",\"position\":2,\"name\":\"\u00dcritused\",\"item\":\"https:\/\/www.folklore.ee\/ars\/uritused\/\"},{\"@type\":\"ListItem\",\"position\":3,\"name\":\"Arhiiv\",\"item\":\"https:\/\/www.folklore.ee\/ars\/uritused\/arhiiv\/\"},{\"@type\":\"ListItem\",\"position\":4,\"name\":\"Talvekonverents 2008 ajakava\",\"item\":\"https:\/\/www.folklore.ee\/ars\/uritused\/arhiiv\/talvekonverents-2008-ajakava\/\"},{\"@type\":\"ListItem\",\"position\":5,\"name\":\"Emade loodud p\u00e4rimus \u2013 sussip\u00e4kapikud\"}]},{\"@type\":\"WebSite\",\"@id\":\"https:\/\/www.folklore.ee\/ars\/#website\",\"url\":\"https:\/\/www.folklore.ee\/ars\/\",\"name\":\"Akadeemiline Rahvaluule Selts\",\"description\":\"Folkloristide, \u00fcli\u00f5pilaste ja k\u00f5igi rahvaluulest huvitatute \u00fchendus, mis aitab kaasa rahvaluule kogumisele, tutvustamisele, uurimisele ja publitseerimisele.\",\"potentialAction\":[{\"@type\":\"SearchAction\",\"target\":{\"@type\":\"EntryPoint\",\"urlTemplate\":\"https:\/\/www.folklore.ee\/ars\/?s={search_term_string}\"},\"query-input\":\"required name=search_term_string\"}],\"inLanguage\":\"en-US\"}]}<\/script>\n<!-- \/ Yoast SEO plugin. -->","yoast_head_json":{"title":"Emade loodud p\u00e4rimus \u2013 sussip\u00e4kapikud | Akadeemiline Rahvaluule Selts","robots":{"index":"index","follow":"follow","max-snippet":"max-snippet:-1","max-image-preview":"max-image-preview:large","max-video-preview":"max-video-preview:-1"},"canonical":"https:\/\/www.folklore.ee\/ars\/uritused\/arhiiv\/talvekonverents-2008-ajakava\/emade-loodud-parimus-sussipakapikud\/","og_locale":"en_US","og_type":"article","og_title":"Emade loodud p\u00e4rimus \u2013 sussip\u00e4kapikud | Akadeemiline Rahvaluule Selts","og_description":"Reeli Reinaus, Tartu \u00dclikooli kunstide osakond Igal inimesel on p\u00e4kapikkudega seoses erinev arvamus. Kes ootab neid j\u00f5ulude eel aknalauale j\u00e4etud sussi kommi panema; kes usub Hollywoodi filmide eeskujul, et p\u00e4kapikud on j\u00f5ulumaal aasta otsa lastele kingitusi meisterdavad v\u00e4ikesed mehikesed; kes arvab, et \u00f5iged p\u00e4kapikud on t\u00f5sised ja natuke pahurad m\u00e4gedes kulda kaevavad tegelased Tolkieni raamatuist. [&hellip;]","og_url":"https:\/\/www.folklore.ee\/ars\/uritused\/arhiiv\/talvekonverents-2008-ajakava\/emade-loodud-parimus-sussipakapikud\/","og_site_name":"Akadeemiline Rahvaluule Selts","twitter_card":"summary_large_image","twitter_misc":{"Est. reading time":"2 minutes"},"schema":{"@context":"https:\/\/schema.org","@graph":[{"@type":"WebPage","@id":"https:\/\/www.folklore.ee\/ars\/uritused\/arhiiv\/talvekonverents-2008-ajakava\/emade-loodud-parimus-sussipakapikud\/","url":"https:\/\/www.folklore.ee\/ars\/uritused\/arhiiv\/talvekonverents-2008-ajakava\/emade-loodud-parimus-sussipakapikud\/","name":"Emade loodud p\u00e4rimus \u2013 sussip\u00e4kapikud | Akadeemiline Rahvaluule Selts","isPartOf":{"@id":"https:\/\/www.folklore.ee\/ars\/#website"},"datePublished":"2023-09-19T14:07:22+00:00","dateModified":"2023-09-19T14:07:22+00:00","breadcrumb":{"@id":"https:\/\/www.folklore.ee\/ars\/uritused\/arhiiv\/talvekonverents-2008-ajakava\/emade-loodud-parimus-sussipakapikud\/#breadcrumb"},"inLanguage":"en-US","potentialAction":[{"@type":"ReadAction","target":["https:\/\/www.folklore.ee\/ars\/uritused\/arhiiv\/talvekonverents-2008-ajakava\/emade-loodud-parimus-sussipakapikud\/"]}]},{"@type":"BreadcrumbList","@id":"https:\/\/www.folklore.ee\/ars\/uritused\/arhiiv\/talvekonverents-2008-ajakava\/emade-loodud-parimus-sussipakapikud\/#breadcrumb","itemListElement":[{"@type":"ListItem","position":1,"name":"Avaleht","item":"https:\/\/www.folklore.ee\/ars\/"},{"@type":"ListItem","position":2,"name":"\u00dcritused","item":"https:\/\/www.folklore.ee\/ars\/uritused\/"},{"@type":"ListItem","position":3,"name":"Arhiiv","item":"https:\/\/www.folklore.ee\/ars\/uritused\/arhiiv\/"},{"@type":"ListItem","position":4,"name":"Talvekonverents 2008 ajakava","item":"https:\/\/www.folklore.ee\/ars\/uritused\/arhiiv\/talvekonverents-2008-ajakava\/"},{"@type":"ListItem","position":5,"name":"Emade loodud p\u00e4rimus \u2013 sussip\u00e4kapikud"}]},{"@type":"WebSite","@id":"https:\/\/www.folklore.ee\/ars\/#website","url":"https:\/\/www.folklore.ee\/ars\/","name":"Akadeemiline Rahvaluule Selts","description":"Folkloristide, \u00fcli\u00f5pilaste ja k\u00f5igi rahvaluulest huvitatute \u00fchendus, mis aitab kaasa rahvaluule kogumisele, tutvustamisele, uurimisele ja publitseerimisele.","potentialAction":[{"@type":"SearchAction","target":{"@type":"EntryPoint","urlTemplate":"https:\/\/www.folklore.ee\/ars\/?s={search_term_string}"},"query-input":"required name=search_term_string"}],"inLanguage":"en-US"}]}},"_links":{"self":[{"href":"https:\/\/www.folklore.ee\/ars\/wp-json\/wp\/v2\/pages\/440","targetHints":{"allow":["GET"]}}],"collection":[{"href":"https:\/\/www.folklore.ee\/ars\/wp-json\/wp\/v2\/pages"}],"about":[{"href":"https:\/\/www.folklore.ee\/ars\/wp-json\/wp\/v2\/types\/page"}],"author":[{"embeddable":true,"href":"https:\/\/www.folklore.ee\/ars\/wp-json\/wp\/v2\/users\/1"}],"replies":[{"embeddable":true,"href":"https:\/\/www.folklore.ee\/ars\/wp-json\/wp\/v2\/comments?post=440"}],"version-history":[{"count":1,"href":"https:\/\/www.folklore.ee\/ars\/wp-json\/wp\/v2\/pages\/440\/revisions"}],"predecessor-version":[{"id":441,"href":"https:\/\/www.folklore.ee\/ars\/wp-json\/wp\/v2\/pages\/440\/revisions\/441"}],"up":[{"embeddable":true,"href":"https:\/\/www.folklore.ee\/ars\/wp-json\/wp\/v2\/pages\/385"}],"wp:attachment":[{"href":"https:\/\/www.folklore.ee\/ars\/wp-json\/wp\/v2\/media?parent=440"}],"curies":[{"name":"wp","href":"https:\/\/api.w.org\/{rel}","templated":true}]}}