{"id":1298,"date":"2026-02-10T10:48:50","date_gmt":"2026-02-10T10:48:50","guid":{"rendered":"https:\/\/www.folklore.ee\/ars\/?page_id=1298"},"modified":"2026-02-10T10:50:05","modified_gmt":"2026-02-10T10:50:05","slug":"uudised-2024","status":"publish","type":"page","link":"https:\/\/www.folklore.ee\/ars\/uudised-2024\/","title":{"rendered":"Uudised 2024"},"content":{"rendered":"\n<figure class=\"wp-block-embed is-type-wp-embed is-provider-akadeemiline-rahvaluule-selts wp-block-embed-akadeemiline-rahvaluule-selts\"><div class=\"wp-block-embed__wrapper\">\n<blockquote class=\"wp-embedded-content\" data-secret=\"qNb7tyotEi\"><a href=\"https:\/\/www.folklore.ee\/ars\/xix-eesti-folkloristide-talvekonverents-2025-paralleelmaailmad-ja-paralleelparimused-ootab-ettekandeid\/\">XIX Eesti folkloristide talvekonverents 2025 &#8220;Paralleelmaailmad ja paralleelp\u00e4rimused&#8221; ootab ettekandeid<\/a><\/blockquote><iframe loading=\"lazy\" class=\"wp-embedded-content\" sandbox=\"allow-scripts\" security=\"restricted\" style=\"position: absolute; visibility: hidden;\" title=\"&#8220;XIX Eesti folkloristide talvekonverents 2025 &#8220;Paralleelmaailmad ja paralleelp\u00e4rimused&#8221; ootab ettekandeid&#8221; &#8212; Akadeemiline Rahvaluule Selts\" src=\"https:\/\/www.folklore.ee\/ars\/xix-eesti-folkloristide-talvekonverents-2025-paralleelmaailmad-ja-paralleelparimused-ootab-ettekandeid\/embed\/#?secret=pUQi5Ugm7U#?secret=qNb7tyotEi\" data-secret=\"qNb7tyotEi\" width=\"500\" height=\"282\" frameborder=\"0\" marginwidth=\"0\" marginheight=\"0\" scrolling=\"no\"><\/iframe>\n<\/div><\/figure>\n\n\n\n<figure class=\"wp-block-embed is-type-wp-embed is-provider-akadeemiline-rahvaluule-selts wp-block-embed-akadeemiline-rahvaluule-selts\"><div class=\"wp-block-embed__wrapper\">\n<blockquote class=\"wp-embedded-content\" data-secret=\"OPzjOjzOAb\"><a href=\"https:\/\/www.folklore.ee\/ars\/eesti-teaduste-akadeemia-ja-akadeemiline-rahvaluule-selts-allkirjastasid-4-detsembril-2024-assotsieerumislepingu\/\">Eesti Teaduste Akadeemia ja Akadeemiline Rahvaluule Selts allkirjastasid 4. detsembril 2024 assotsieerumislepingu<\/a><\/blockquote><iframe loading=\"lazy\" class=\"wp-embedded-content\" sandbox=\"allow-scripts\" security=\"restricted\" style=\"position: absolute; visibility: hidden;\" title=\"&#8220;Eesti Teaduste Akadeemia ja Akadeemiline Rahvaluule Selts allkirjastasid 4. detsembril 2024 assotsieerumislepingu&#8221; &#8212; Akadeemiline Rahvaluule Selts\" src=\"https:\/\/www.folklore.ee\/ars\/eesti-teaduste-akadeemia-ja-akadeemiline-rahvaluule-selts-allkirjastasid-4-detsembril-2024-assotsieerumislepingu\/embed\/#?secret=CfDpVUABAm#?secret=OPzjOjzOAb\" data-secret=\"OPzjOjzOAb\" width=\"500\" height=\"282\" frameborder=\"0\" marginwidth=\"0\" marginheight=\"0\" scrolling=\"no\"><\/iframe>\n<\/div><\/figure>\n","protected":false},"excerpt":{"rendered":"","protected":false},"author":2,"featured_media":0,"parent":0,"menu_order":0,"comment_status":"closed","ping_status":"closed","template":"","meta":{"footnotes":""},"class_list":["post-1298","page","type-page","status-publish","hentry"],"yoast_head":"<!-- This site is optimized with the Yoast SEO plugin v20.12 - https:\/\/yoast.com\/wordpress\/plugins\/seo\/ -->\n<title>Uudised 2024 | Akadeemiline Rahvaluule Selts<\/title>\n<meta name=\"robots\" content=\"index, follow, max-snippet:-1, max-image-preview:large, max-video-preview:-1\" \/>\n<link rel=\"canonical\" href=\"https:\/\/www.folklore.ee\/ars\/uudised-2024\/\" \/>\n<meta property=\"og:locale\" content=\"en_US\" \/>\n<meta property=\"og:type\" content=\"article\" \/>\n<meta property=\"og:title\" content=\"Uudised 2024 | Akadeemiline Rahvaluule Selts\" \/>\n<meta property=\"og:url\" content=\"https:\/\/www.folklore.ee\/ars\/uudised-2024\/\" \/>\n<meta property=\"og:site_name\" content=\"Akadeemiline Rahvaluule Selts\" \/>\n<meta property=\"article:modified_time\" content=\"2026-02-10T10:50:05+00:00\" \/>\n<meta name=\"twitter:card\" content=\"summary_large_image\" \/>\n<meta name=\"twitter:label1\" content=\"Est. reading time\" \/>\n\t<meta name=\"twitter:data1\" content=\"1 minute\" \/>\n<script type=\"application\/ld+json\" class=\"yoast-schema-graph\">{\"@context\":\"https:\/\/schema.org\",\"@graph\":[{\"@type\":\"WebPage\",\"@id\":\"https:\/\/www.folklore.ee\/ars\/uudised-2024\/\",\"url\":\"https:\/\/www.folklore.ee\/ars\/uudised-2024\/\",\"name\":\"Uudised 2024 | Akadeemiline Rahvaluule Selts\",\"isPartOf\":{\"@id\":\"https:\/\/www.folklore.ee\/ars\/#website\"},\"datePublished\":\"2026-02-10T10:48:50+00:00\",\"dateModified\":\"2026-02-10T10:50:05+00:00\",\"breadcrumb\":{\"@id\":\"https:\/\/www.folklore.ee\/ars\/uudised-2024\/#breadcrumb\"},\"inLanguage\":\"en-US\",\"potentialAction\":[{\"@type\":\"ReadAction\",\"target\":[\"https:\/\/www.folklore.ee\/ars\/uudised-2024\/\"]}]},{\"@type\":\"BreadcrumbList\",\"@id\":\"https:\/\/www.folklore.ee\/ars\/uudised-2024\/#breadcrumb\",\"itemListElement\":[{\"@type\":\"ListItem\",\"position\":1,\"name\":\"Avaleht\",\"item\":\"https:\/\/www.folklore.ee\/ars\/\"},{\"@type\":\"ListItem\",\"position\":2,\"name\":\"Uudised 2024\"}]},{\"@type\":\"WebSite\",\"@id\":\"https:\/\/www.folklore.ee\/ars\/#website\",\"url\":\"https:\/\/www.folklore.ee\/ars\/\",\"name\":\"Akadeemiline Rahvaluule Selts\",\"description\":\"Folkloristide, \u00fcli\u00f5pilaste ja k\u00f5igi rahvaluulest huvitatute \u00fchendus, mis aitab kaasa rahvaluule kogumisele, tutvustamisele, uurimisele ja publitseerimisele.\",\"potentialAction\":[{\"@type\":\"SearchAction\",\"target\":{\"@type\":\"EntryPoint\",\"urlTemplate\":\"https:\/\/www.folklore.ee\/ars\/?s={search_term_string}\"},\"query-input\":\"required name=search_term_string\"}],\"inLanguage\":\"en-US\"}]}<\/script>\n<!-- \/ Yoast SEO plugin. -->","yoast_head_json":{"title":"Uudised 2024 | Akadeemiline Rahvaluule Selts","robots":{"index":"index","follow":"follow","max-snippet":"max-snippet:-1","max-image-preview":"max-image-preview:large","max-video-preview":"max-video-preview:-1"},"canonical":"https:\/\/www.folklore.ee\/ars\/uudised-2024\/","og_locale":"en_US","og_type":"article","og_title":"Uudised 2024 | Akadeemiline Rahvaluule Selts","og_url":"https:\/\/www.folklore.ee\/ars\/uudised-2024\/","og_site_name":"Akadeemiline Rahvaluule Selts","article_modified_time":"2026-02-10T10:50:05+00:00","twitter_card":"summary_large_image","twitter_misc":{"Est. reading time":"1 minute"},"schema":{"@context":"https:\/\/schema.org","@graph":[{"@type":"WebPage","@id":"https:\/\/www.folklore.ee\/ars\/uudised-2024\/","url":"https:\/\/www.folklore.ee\/ars\/uudised-2024\/","name":"Uudised 2024 | Akadeemiline Rahvaluule Selts","isPartOf":{"@id":"https:\/\/www.folklore.ee\/ars\/#website"},"datePublished":"2026-02-10T10:48:50+00:00","dateModified":"2026-02-10T10:50:05+00:00","breadcrumb":{"@id":"https:\/\/www.folklore.ee\/ars\/uudised-2024\/#breadcrumb"},"inLanguage":"en-US","potentialAction":[{"@type":"ReadAction","target":["https:\/\/www.folklore.ee\/ars\/uudised-2024\/"]}]},{"@type":"BreadcrumbList","@id":"https:\/\/www.folklore.ee\/ars\/uudised-2024\/#breadcrumb","itemListElement":[{"@type":"ListItem","position":1,"name":"Avaleht","item":"https:\/\/www.folklore.ee\/ars\/"},{"@type":"ListItem","position":2,"name":"Uudised 2024"}]},{"@type":"WebSite","@id":"https:\/\/www.folklore.ee\/ars\/#website","url":"https:\/\/www.folklore.ee\/ars\/","name":"Akadeemiline Rahvaluule Selts","description":"Folkloristide, \u00fcli\u00f5pilaste ja k\u00f5igi rahvaluulest huvitatute \u00fchendus, mis aitab kaasa rahvaluule kogumisele, tutvustamisele, uurimisele ja publitseerimisele.","potentialAction":[{"@type":"SearchAction","target":{"@type":"EntryPoint","urlTemplate":"https:\/\/www.folklore.ee\/ars\/?s={search_term_string}"},"query-input":"required name=search_term_string"}],"inLanguage":"en-US"}]}},"_links":{"self":[{"href":"https:\/\/www.folklore.ee\/ars\/wp-json\/wp\/v2\/pages\/1298","targetHints":{"allow":["GET"]}}],"collection":[{"href":"https:\/\/www.folklore.ee\/ars\/wp-json\/wp\/v2\/pages"}],"about":[{"href":"https:\/\/www.folklore.ee\/ars\/wp-json\/wp\/v2\/types\/page"}],"author":[{"embeddable":true,"href":"https:\/\/www.folklore.ee\/ars\/wp-json\/wp\/v2\/users\/2"}],"replies":[{"embeddable":true,"href":"https:\/\/www.folklore.ee\/ars\/wp-json\/wp\/v2\/comments?post=1298"}],"version-history":[{"count":2,"href":"https:\/\/www.folklore.ee\/ars\/wp-json\/wp\/v2\/pages\/1298\/revisions"}],"predecessor-version":[{"id":1300,"href":"https:\/\/www.folklore.ee\/ars\/wp-json\/wp\/v2\/pages\/1298\/revisions\/1300"}],"wp:attachment":[{"href":"https:\/\/www.folklore.ee\/ars\/wp-json\/wp\/v2\/media?parent=1298"}],"curies":[{"name":"wp","href":"https:\/\/api.w.org\/{rel}","templated":true}]}}