{"id":1246,"date":"2025-11-27T21:03:44","date_gmt":"2025-11-27T21:03:44","guid":{"rendered":"https:\/\/www.folklore.ee\/ars\/?page_id=1246"},"modified":"2025-11-27T21:03:44","modified_gmt":"2025-11-27T21:03:44","slug":"akadeemiline-rahvaluule-selts-100","status":"publish","type":"page","link":"https:\/\/www.folklore.ee\/ars\/akadeemiline-rahvaluule-selts-100\/","title":{"rendered":"Akadeemiline Rahvaluule Selts 100!"},"content":{"rendered":"<div class=\"wp-block-image\">\n<figure class=\"alignleft size-full is-resized\"><img loading=\"lazy\" decoding=\"async\" width=\"512\" height=\"512\" src=\"https:\/\/www.folklore.ee\/ars\/wp-content\/uploads\/2025\/11\/cropped-AKADEEMILINE_RAHVALUULE_SELTS_100_LOGO_b.png\" alt=\"\" class=\"wp-image-1241\" style=\"width:105px;height:auto\" srcset=\"https:\/\/www.folklore.ee\/ars\/wp-content\/uploads\/2025\/11\/cropped-AKADEEMILINE_RAHVALUULE_SELTS_100_LOGO_b.png 512w, https:\/\/www.folklore.ee\/ars\/wp-content\/uploads\/2025\/11\/cropped-AKADEEMILINE_RAHVALUULE_SELTS_100_LOGO_b-300x300.png 300w, https:\/\/www.folklore.ee\/ars\/wp-content\/uploads\/2025\/11\/cropped-AKADEEMILINE_RAHVALUULE_SELTS_100_LOGO_b-150x150.png 150w, https:\/\/www.folklore.ee\/ars\/wp-content\/uploads\/2025\/11\/cropped-AKADEEMILINE_RAHVALUULE_SELTS_100_LOGO_b-270x270.png 270w, https:\/\/www.folklore.ee\/ars\/wp-content\/uploads\/2025\/11\/cropped-AKADEEMILINE_RAHVALUULE_SELTS_100_LOGO_b-192x192.png 192w, https:\/\/www.folklore.ee\/ars\/wp-content\/uploads\/2025\/11\/cropped-AKADEEMILINE_RAHVALUULE_SELTS_100_LOGO_b-180x180.png 180w, https:\/\/www.folklore.ee\/ars\/wp-content\/uploads\/2025\/11\/cropped-AKADEEMILINE_RAHVALUULE_SELTS_100_LOGO_b-32x32.png 32w\" sizes=\"auto, (max-width: 512px) 100vw, 512px\" \/><\/figure>\n<\/div>\n\n\n<p>Akadeemiline Rahvaluule Selts on folkloristide, \u00fcli\u00f5pilaste ja k\u00f5igi rahvaluulest huvitatute \u00fchendus, mis aitab kaasa rahvaluule kogumisele, tutvustamisele, uurimisele ja publitseerimisele. 28. novembril 2025 t\u00e4histab Akadeemiline Rahvaluule Selts saja aasta t\u00e4itumist oma asutamisest.<\/p>\n\n\n<div class=\"wp-block-image\">\n<figure class=\"alignright size-full is-resized\"><img loading=\"lazy\" decoding=\"async\" width=\"512\" height=\"512\" src=\"https:\/\/www.folklore.ee\/ars\/wp-content\/uploads\/2025\/11\/cropped-AKADEEMILINE_RAHVALUULE_SELTS_100_LOGO_b.png\" alt=\"\" class=\"wp-image-1241\" style=\"width:179px;height:auto\" srcset=\"https:\/\/www.folklore.ee\/ars\/wp-content\/uploads\/2025\/11\/cropped-AKADEEMILINE_RAHVALUULE_SELTS_100_LOGO_b.png 512w, https:\/\/www.folklore.ee\/ars\/wp-content\/uploads\/2025\/11\/cropped-AKADEEMILINE_RAHVALUULE_SELTS_100_LOGO_b-300x300.png 300w, https:\/\/www.folklore.ee\/ars\/wp-content\/uploads\/2025\/11\/cropped-AKADEEMILINE_RAHVALUULE_SELTS_100_LOGO_b-150x150.png 150w, https:\/\/www.folklore.ee\/ars\/wp-content\/uploads\/2025\/11\/cropped-AKADEEMILINE_RAHVALUULE_SELTS_100_LOGO_b-270x270.png 270w, https:\/\/www.folklore.ee\/ars\/wp-content\/uploads\/2025\/11\/cropped-AKADEEMILINE_RAHVALUULE_SELTS_100_LOGO_b-192x192.png 192w, https:\/\/www.folklore.ee\/ars\/wp-content\/uploads\/2025\/11\/cropped-AKADEEMILINE_RAHVALUULE_SELTS_100_LOGO_b-180x180.png 180w, https:\/\/www.folklore.ee\/ars\/wp-content\/uploads\/2025\/11\/cropped-AKADEEMILINE_RAHVALUULE_SELTS_100_LOGO_b-32x32.png 32w\" sizes=\"auto, (max-width: 512px) 100vw, 512px\" \/><\/figure>\n<\/div>\n\n\n<p>ARS asutati Tartu \u00dclikooli juures Matthias Johann Eiseni eestvedamisel. Asutajaliikmete hulka kuulusid peale Eiseni ka Oskar Loorits, Walter Anderson, Elmar P\u00e4ss ja Oskar Parmas. Selts tegutses aktiivselt kuni 1940. aastani, mil n\u00f5ukogude v\u00f5imu kehtestudes selts suleti. 1960ndatel hakkasid mitmed folkloristid \u2013 August Annist, Eduard Laugaste, \u00dclo Tedre \u2013 k\u00f5nelema folkloriste \u00fchendava organisatsiooni vajalikkusest ning 1966. aastal asutati Emakeele Seltsi juurde rahvaluulesektsioon. 1996. aastal otsustati Anu Visseli eestvedamisel taasasutada Akadeemiline Rahvaluule Selts. 2024. aasta l\u00f5pus assotsieerus selts Eesti teaduste akadeemiaga.\u00a0<\/p>\n\n\n<div class=\"wp-block-image\">\n<figure class=\"alignleft size-full is-resized\"><img loading=\"lazy\" decoding=\"async\" width=\"512\" height=\"512\" src=\"https:\/\/www.folklore.ee\/ars\/wp-content\/uploads\/2025\/11\/cropped-AKADEEMILINE_RAHVALUULE_SELTS_100_LOGO_b.png\" alt=\"\" class=\"wp-image-1241\" style=\"width:245px;height:auto\" srcset=\"https:\/\/www.folklore.ee\/ars\/wp-content\/uploads\/2025\/11\/cropped-AKADEEMILINE_RAHVALUULE_SELTS_100_LOGO_b.png 512w, https:\/\/www.folklore.ee\/ars\/wp-content\/uploads\/2025\/11\/cropped-AKADEEMILINE_RAHVALUULE_SELTS_100_LOGO_b-300x300.png 300w, https:\/\/www.folklore.ee\/ars\/wp-content\/uploads\/2025\/11\/cropped-AKADEEMILINE_RAHVALUULE_SELTS_100_LOGO_b-150x150.png 150w, https:\/\/www.folklore.ee\/ars\/wp-content\/uploads\/2025\/11\/cropped-AKADEEMILINE_RAHVALUULE_SELTS_100_LOGO_b-270x270.png 270w, https:\/\/www.folklore.ee\/ars\/wp-content\/uploads\/2025\/11\/cropped-AKADEEMILINE_RAHVALUULE_SELTS_100_LOGO_b-192x192.png 192w, https:\/\/www.folklore.ee\/ars\/wp-content\/uploads\/2025\/11\/cropped-AKADEEMILINE_RAHVALUULE_SELTS_100_LOGO_b-180x180.png 180w, https:\/\/www.folklore.ee\/ars\/wp-content\/uploads\/2025\/11\/cropped-AKADEEMILINE_RAHVALUULE_SELTS_100_LOGO_b-32x32.png 32w\" sizes=\"auto, (max-width: 512px) 100vw, 512px\" \/><\/figure>\n<\/div>\n\n\n<p>Selle katkendliku sajandi jooksul on ARSi tegevus h\u00f5lmanud v\u00e4ga erinevaid viise rahvaluule uurimise toetamiseks \u2013 v\u00e4lit\u00f6id, publitseerimist, teadust\u00f6\u00f6d tutvustavaid \u00fcritusi, v\u00e4ljas\u00f5ite, preemiate jagamisi. S\u00f5jaeelsel ajal oli tegu eelk\u00f5ige Tartu \u00dclikooli \u00f5ppej\u00f5udude ja tudengite \u00fchendusega \u2013 oli ju ARSi asutamise ajal Tartu \u00dclikool ainus rahvaluule uurimisega tegelev institutsioon Eestis. N\u00f5ukogudeaegse rahvaluulesektsiooni \u00fche peamise \u00fclesandena n\u00e4hti aga erinevates institutsioonides t\u00f6\u00f6tavate folkloristide vahelise dialoogi loomist, kuid ka foorumit, mille vahendusel arutada teemasid, mille publitseerimine oleks olnud keerukas. Ka taas-asutatud ARS n\u00e4eb oma p\u00f5hifunktsioonina eri institutsioonidesse kuuluvate folkloristide ja naabervaldkondade uurijate kokku toomist. Seda eesm\u00e4rki t\u00e4idavad nii regulaarsed k\u00f5nekoosolekud, \u00fcle aasta toimuvad v\u00e4lit\u00f6\u00f6problemaatikast l\u00e4htuvad konverentsid, koost\u00f6\u00f6s teiste organisatsioonidega korraldatud \u00fcritused kui ka koost\u00f6\u00f6s Eesti Kultuurkapitaliga v\u00e4lja antav Eesti folkloristika aastapreemia.<\/p>\n\n\n\n<p>Ootame v\u00e4ga k\u00f5iki ARSi liikmeid, s\u00f5pru ja toetajaid 2.\u2013 3. detsembril toimuvale konverentsile \u201eInimuuringute eetika humanitaarteadustes\u201c, mille l\u00f5pus on v\u00f5imalus ARSi juubeli puhuks \u00fcksteisele \u00f5nne soovida ning ehk ka tulevikuplaane teha.<\/p>\n\n\n\n<figure class=\"wp-block-image size-large is-resized\"><img loading=\"lazy\" decoding=\"async\" width=\"1024\" height=\"576\" src=\"https:\/\/www.folklore.ee\/ars\/wp-content\/uploads\/2025\/11\/Slaid1-1024x576.jpg\" alt=\"\" class=\"wp-image-1244\" style=\"width:390px;height:auto\" srcset=\"https:\/\/www.folklore.ee\/ars\/wp-content\/uploads\/2025\/11\/Slaid1-1024x576.jpg 1024w, https:\/\/www.folklore.ee\/ars\/wp-content\/uploads\/2025\/11\/Slaid1-300x169.jpg 300w, https:\/\/www.folklore.ee\/ars\/wp-content\/uploads\/2025\/11\/Slaid1-768x432.jpg 768w, https:\/\/www.folklore.ee\/ars\/wp-content\/uploads\/2025\/11\/Slaid1.jpg 1280w\" sizes=\"auto, (max-width: 1024px) 100vw, 1024px\" \/><\/figure>\n\n\n\n<p>Kollaa\u017e Akadeemilise Rahvaluule Seltsi asutajaliikmetest: Matthias Johann Eisen (foto: Heinrich Riedel \u2013 Tartu \u00fclikooli Raamatukogu); Oskar Loorits (Autor teadmata \u2013 Eesti teaduste akadeemia arhiiv), Oskar Parmas (autor teadmata &#8211; J\u00e4rvamaa muuseum), Elmar P\u00e4ss (foto: <a href=\"https:\/\/www.geni.com\/people\/Elmar-P%C3%A4ss\/6000000024861383830\">https:\/\/www.geni.com\/people\/Elmar-P%C3%A4ss\/6000000024861383830<\/a>); Walter Anderson (autor teadmata &#8211; Tartu \u00dclikooli raamatukogu).<\/p>\n","protected":false},"excerpt":{"rendered":"<p>Akadeemiline Rahvaluule Selts on folkloristide, \u00fcli\u00f5pilaste ja k\u00f5igi rahvaluulest huvitatute \u00fchendus, mis aitab kaasa rahvaluule kogumisele, tutvustamisele, uurimisele ja publitseerimisele. 28. novembril 2025 t\u00e4histab Akadeemiline Rahvaluule Selts saja aasta t\u00e4itumist oma asutamisest. ARS asutati Tartu \u00dclikooli juures Matthias Johann Eiseni eestvedamisel. Asutajaliikmete hulka kuulusid peale Eiseni ka Oskar Loorits, Walter Anderson, Elmar P\u00e4ss ja Oskar [&hellip;]<\/p>\n","protected":false},"author":2,"featured_media":0,"parent":0,"menu_order":0,"comment_status":"closed","ping_status":"closed","template":"","meta":{"footnotes":""},"class_list":["post-1246","page","type-page","status-publish","hentry"],"yoast_head":"<!-- This site is optimized with the Yoast SEO plugin v20.12 - https:\/\/yoast.com\/wordpress\/plugins\/seo\/ -->\n<title>Akadeemiline Rahvaluule Selts 100! | Akadeemiline Rahvaluule Selts<\/title>\n<meta name=\"robots\" content=\"index, follow, max-snippet:-1, max-image-preview:large, max-video-preview:-1\" \/>\n<link rel=\"canonical\" href=\"https:\/\/www.folklore.ee\/ars\/akadeemiline-rahvaluule-selts-100\/\" \/>\n<meta property=\"og:locale\" content=\"en_US\" \/>\n<meta property=\"og:type\" content=\"article\" \/>\n<meta property=\"og:title\" content=\"Akadeemiline Rahvaluule Selts 100! | Akadeemiline Rahvaluule Selts\" \/>\n<meta property=\"og:description\" content=\"Akadeemiline Rahvaluule Selts on folkloristide, \u00fcli\u00f5pilaste ja k\u00f5igi rahvaluulest huvitatute \u00fchendus, mis aitab kaasa rahvaluule kogumisele, tutvustamisele, uurimisele ja publitseerimisele. 28. novembril 2025 t\u00e4histab Akadeemiline Rahvaluule Selts saja aasta t\u00e4itumist oma asutamisest. ARS asutati Tartu \u00dclikooli juures Matthias Johann Eiseni eestvedamisel. Asutajaliikmete hulka kuulusid peale Eiseni ka Oskar Loorits, Walter Anderson, Elmar P\u00e4ss ja Oskar [&hellip;]\" \/>\n<meta property=\"og:url\" content=\"https:\/\/www.folklore.ee\/ars\/akadeemiline-rahvaluule-selts-100\/\" \/>\n<meta property=\"og:site_name\" content=\"Akadeemiline Rahvaluule Selts\" \/>\n<meta property=\"og:image\" content=\"https:\/\/www.folklore.ee\/ars\/wp-content\/uploads\/2025\/11\/cropped-AKADEEMILINE_RAHVALUULE_SELTS_100_LOGO_b.png\" \/>\n<meta name=\"twitter:card\" content=\"summary_large_image\" \/>\n<meta name=\"twitter:label1\" content=\"Est. reading time\" \/>\n\t<meta name=\"twitter:data1\" content=\"3 minutes\" \/>\n<script type=\"application\/ld+json\" class=\"yoast-schema-graph\">{\"@context\":\"https:\/\/schema.org\",\"@graph\":[{\"@type\":\"WebPage\",\"@id\":\"https:\/\/www.folklore.ee\/ars\/akadeemiline-rahvaluule-selts-100\/\",\"url\":\"https:\/\/www.folklore.ee\/ars\/akadeemiline-rahvaluule-selts-100\/\",\"name\":\"Akadeemiline Rahvaluule Selts 100! | Akadeemiline Rahvaluule Selts\",\"isPartOf\":{\"@id\":\"https:\/\/www.folklore.ee\/ars\/#website\"},\"datePublished\":\"2025-11-27T21:03:44+00:00\",\"dateModified\":\"2025-11-27T21:03:44+00:00\",\"breadcrumb\":{\"@id\":\"https:\/\/www.folklore.ee\/ars\/akadeemiline-rahvaluule-selts-100\/#breadcrumb\"},\"inLanguage\":\"en-US\",\"potentialAction\":[{\"@type\":\"ReadAction\",\"target\":[\"https:\/\/www.folklore.ee\/ars\/akadeemiline-rahvaluule-selts-100\/\"]}]},{\"@type\":\"BreadcrumbList\",\"@id\":\"https:\/\/www.folklore.ee\/ars\/akadeemiline-rahvaluule-selts-100\/#breadcrumb\",\"itemListElement\":[{\"@type\":\"ListItem\",\"position\":1,\"name\":\"Avaleht\",\"item\":\"https:\/\/www.folklore.ee\/ars\/\"},{\"@type\":\"ListItem\",\"position\":2,\"name\":\"Akadeemiline Rahvaluule Selts 100!\"}]},{\"@type\":\"WebSite\",\"@id\":\"https:\/\/www.folklore.ee\/ars\/#website\",\"url\":\"https:\/\/www.folklore.ee\/ars\/\",\"name\":\"Akadeemiline Rahvaluule Selts\",\"description\":\"Folkloristide, \u00fcli\u00f5pilaste ja k\u00f5igi rahvaluulest huvitatute \u00fchendus, mis aitab kaasa rahvaluule kogumisele, tutvustamisele, uurimisele ja publitseerimisele.\",\"potentialAction\":[{\"@type\":\"SearchAction\",\"target\":{\"@type\":\"EntryPoint\",\"urlTemplate\":\"https:\/\/www.folklore.ee\/ars\/?s={search_term_string}\"},\"query-input\":\"required name=search_term_string\"}],\"inLanguage\":\"en-US\"}]}<\/script>\n<!-- \/ Yoast SEO plugin. -->","yoast_head_json":{"title":"Akadeemiline Rahvaluule Selts 100! | Akadeemiline Rahvaluule Selts","robots":{"index":"index","follow":"follow","max-snippet":"max-snippet:-1","max-image-preview":"max-image-preview:large","max-video-preview":"max-video-preview:-1"},"canonical":"https:\/\/www.folklore.ee\/ars\/akadeemiline-rahvaluule-selts-100\/","og_locale":"en_US","og_type":"article","og_title":"Akadeemiline Rahvaluule Selts 100! | Akadeemiline Rahvaluule Selts","og_description":"Akadeemiline Rahvaluule Selts on folkloristide, \u00fcli\u00f5pilaste ja k\u00f5igi rahvaluulest huvitatute \u00fchendus, mis aitab kaasa rahvaluule kogumisele, tutvustamisele, uurimisele ja publitseerimisele. 28. novembril 2025 t\u00e4histab Akadeemiline Rahvaluule Selts saja aasta t\u00e4itumist oma asutamisest. ARS asutati Tartu \u00dclikooli juures Matthias Johann Eiseni eestvedamisel. Asutajaliikmete hulka kuulusid peale Eiseni ka Oskar Loorits, Walter Anderson, Elmar P\u00e4ss ja Oskar [&hellip;]","og_url":"https:\/\/www.folklore.ee\/ars\/akadeemiline-rahvaluule-selts-100\/","og_site_name":"Akadeemiline Rahvaluule Selts","og_image":[{"url":"https:\/\/www.folklore.ee\/ars\/wp-content\/uploads\/2025\/11\/cropped-AKADEEMILINE_RAHVALUULE_SELTS_100_LOGO_b.png"}],"twitter_card":"summary_large_image","twitter_misc":{"Est. reading time":"3 minutes"},"schema":{"@context":"https:\/\/schema.org","@graph":[{"@type":"WebPage","@id":"https:\/\/www.folklore.ee\/ars\/akadeemiline-rahvaluule-selts-100\/","url":"https:\/\/www.folklore.ee\/ars\/akadeemiline-rahvaluule-selts-100\/","name":"Akadeemiline Rahvaluule Selts 100! | Akadeemiline Rahvaluule Selts","isPartOf":{"@id":"https:\/\/www.folklore.ee\/ars\/#website"},"datePublished":"2025-11-27T21:03:44+00:00","dateModified":"2025-11-27T21:03:44+00:00","breadcrumb":{"@id":"https:\/\/www.folklore.ee\/ars\/akadeemiline-rahvaluule-selts-100\/#breadcrumb"},"inLanguage":"en-US","potentialAction":[{"@type":"ReadAction","target":["https:\/\/www.folklore.ee\/ars\/akadeemiline-rahvaluule-selts-100\/"]}]},{"@type":"BreadcrumbList","@id":"https:\/\/www.folklore.ee\/ars\/akadeemiline-rahvaluule-selts-100\/#breadcrumb","itemListElement":[{"@type":"ListItem","position":1,"name":"Avaleht","item":"https:\/\/www.folklore.ee\/ars\/"},{"@type":"ListItem","position":2,"name":"Akadeemiline Rahvaluule Selts 100!"}]},{"@type":"WebSite","@id":"https:\/\/www.folklore.ee\/ars\/#website","url":"https:\/\/www.folklore.ee\/ars\/","name":"Akadeemiline Rahvaluule Selts","description":"Folkloristide, \u00fcli\u00f5pilaste ja k\u00f5igi rahvaluulest huvitatute \u00fchendus, mis aitab kaasa rahvaluule kogumisele, tutvustamisele, uurimisele ja publitseerimisele.","potentialAction":[{"@type":"SearchAction","target":{"@type":"EntryPoint","urlTemplate":"https:\/\/www.folklore.ee\/ars\/?s={search_term_string}"},"query-input":"required name=search_term_string"}],"inLanguage":"en-US"}]}},"_links":{"self":[{"href":"https:\/\/www.folklore.ee\/ars\/wp-json\/wp\/v2\/pages\/1246","targetHints":{"allow":["GET"]}}],"collection":[{"href":"https:\/\/www.folklore.ee\/ars\/wp-json\/wp\/v2\/pages"}],"about":[{"href":"https:\/\/www.folklore.ee\/ars\/wp-json\/wp\/v2\/types\/page"}],"author":[{"embeddable":true,"href":"https:\/\/www.folklore.ee\/ars\/wp-json\/wp\/v2\/users\/2"}],"replies":[{"embeddable":true,"href":"https:\/\/www.folklore.ee\/ars\/wp-json\/wp\/v2\/comments?post=1246"}],"version-history":[{"count":1,"href":"https:\/\/www.folklore.ee\/ars\/wp-json\/wp\/v2\/pages\/1246\/revisions"}],"predecessor-version":[{"id":1247,"href":"https:\/\/www.folklore.ee\/ars\/wp-json\/wp\/v2\/pages\/1246\/revisions\/1247"}],"wp:attachment":[{"href":"https:\/\/www.folklore.ee\/ars\/wp-json\/wp\/v2\/media?parent=1246"}],"curies":[{"name":"wp","href":"https:\/\/api.w.org\/{rel}","templated":true}]}}