{"version":"1.0","provider_name":"Akadeemiline Rahvaluule Selts","provider_url":"https:\/\/www.folklore.ee\/ars","author_name":"root","author_url":"https:\/\/www.folklore.ee\/ars\/author\/root\/","title":"Talvekonverents 2008 ajakava | Akadeemiline Rahvaluule Selts","type":"rich","width":600,"height":338,"html":"<blockquote class=\"wp-embedded-content\" data-secret=\"Y9ebbyXh7g\"><a href=\"https:\/\/www.folklore.ee\/ars\/uritused\/arhiiv\/talvekonverents-2008-ajakava\/\">Talvekonverents 2008 ajakava<\/a><\/blockquote><iframe sandbox=\"allow-scripts\" security=\"restricted\" src=\"https:\/\/www.folklore.ee\/ars\/uritused\/arhiiv\/talvekonverents-2008-ajakava\/embed\/#?secret=Y9ebbyXh7g\" width=\"600\" height=\"338\" title=\"&#8220;Talvekonverents 2008 ajakava&#8221; &#8212; Akadeemiline Rahvaluule Selts\" data-secret=\"Y9ebbyXh7g\" frameborder=\"0\" marginwidth=\"0\" marginheight=\"0\" scrolling=\"no\" class=\"wp-embedded-content\"><\/iframe><script type=\"text\/javascript\">\n\/* <![CDATA[ *\/\n\/*! This file is auto-generated *\/\n!function(d,l){\"use strict\";l.querySelector&&d.addEventListener&&\"undefined\"!=typeof URL&&(d.wp=d.wp||{},d.wp.receiveEmbedMessage||(d.wp.receiveEmbedMessage=function(e){var t=e.data;if((t||t.secret||t.message||t.value)&&!\/[^a-zA-Z0-9]\/.test(t.secret)){for(var s,r,n,a=l.querySelectorAll('iframe[data-secret=\"'+t.secret+'\"]'),o=l.querySelectorAll('blockquote[data-secret=\"'+t.secret+'\"]'),c=new RegExp(\"^https?:$\",\"i\"),i=0;i<o.length;i++)o[i].style.display=\"none\";for(i=0;i<a.length;i++)s=a[i],e.source===s.contentWindow&&(s.removeAttribute(\"style\"),\"height\"===t.message?(1e3<(r=parseInt(t.value,10))?r=1e3:~~r<200&&(r=200),s.height=r):\"link\"===t.message&&(r=new URL(s.getAttribute(\"src\")),n=new URL(t.value),c.test(n.protocol))&&n.host===r.host&&l.activeElement===s&&(d.top.location.href=t.value))}},d.addEventListener(\"message\",d.wp.receiveEmbedMessage,!1),l.addEventListener(\"DOMContentLoaded\",function(){for(var e,t,s=l.querySelectorAll(\"iframe.wp-embedded-content\"),r=0;r<s.length;r++)(t=(e=s[r]).getAttribute(\"data-secret\"))||(t=Math.random().toString(36).substring(2,12),e.src+=\"#?secret=\"+t,e.setAttribute(\"data-secret\",t)),e.contentWindow.postMessage({message:\"ready\",secret:t},\"*\")},!1)))}(window,document);\n\/\/# sourceURL=https:\/\/www.folklore.ee\/ars\/wp-includes\/js\/wp-embed.min.js\n\/* ]]> *\/\n<\/script>\n","description":"Eesti Kirjandusmuuseumi etnomusikoloogia osakond Akadeemiline Rahvaluule Selts Kolmas folkloristide talvekonverentsLastep\u00e4rimus ning p\u00e4rimusmuusika vahetu kogemuse ja meedia m\u00f5juv\u00e4ljas Neljap\u00e4ev, 24. jaanuar 2008 8.30 V\u00e4ljas\u00f5it Tartust Eesti Kirjandusmuuseumi eest peatusega N\u00f5o kalmistul 10.00 Saabumine Kopra turismitalusse 10.00\u201311.00 Majutamine, hiline hommikukohv 11.00\u201312.30 Piret Voolaid. M\u00f5istatus\u017eanri d\u00fcnaamika 2007. a. koolip\u00e4rimuse valgusel Astrid Tuisk. Kolme rahva anekdoodid lastep\u00e4rimuses Risto J\u00e4rv. [&hellip;]","thumbnail_url":"https:\/\/www.folklore.ee\/ars\/wp-content\/uploads\/2023\/09\/kulka_logo.jpg"}

Eesti Kirjandusmuuseumi etnomusikoloogia osakond Akadeemiline Rahvaluule Selts Kolmas folkloristide talvekonverentsLastepärimus ning pärimusmuusika vahetu kogemuse ja meedia mõjuväljas Neljapäev, 24. jaanuar 2008 8.30 Väljasõit Tartust Eesti Kirjandusmuuseumi eest peatusega Nõo kalmistul 10.00 Saabumine Kopra turismitalusse 10.00–11.00 Majutamine, hiline hommikukohv 11.00–12.30 Piret Voolaid. Mõistatusžanri dünaamika 2007. a. koolipärimuse valgusel Astrid Tuisk. Kolme rahva anekdoodid lastepärimuses Risto Järv. [&hellip;]
