{"version":"1.0","provider_name":"Akadeemiline Rahvaluule Selts","provider_url":"https:\/\/www.folklore.ee\/ars","author_name":"root","author_url":"https:\/\/www.folklore.ee\/ars\/author\/root\/","title":"Vepsa\u00a0\u2013 maast taevani | Akadeemiline Rahvaluule Selts","type":"rich","width":600,"height":338,"html":"<blockquote class=\"wp-embedded-content\" data-secret=\"oX8GVtj3aA\"><a href=\"https:\/\/www.folklore.ee\/ars\/uritused\/arhiiv\/kogumiskonverents-2006\/vepsa-maast-taevani\/\">Vepsa\u00a0\u2013 maast taevani<\/a><\/blockquote><iframe sandbox=\"allow-scripts\" security=\"restricted\" src=\"https:\/\/www.folklore.ee\/ars\/uritused\/arhiiv\/kogumiskonverents-2006\/vepsa-maast-taevani\/embed\/#?secret=oX8GVtj3aA\" width=\"600\" height=\"338\" title=\"&#8220;Vepsa\u00a0\u2013 maast taevani&#8221; &#8212; Akadeemiline Rahvaluule Selts\" data-secret=\"oX8GVtj3aA\" frameborder=\"0\" marginwidth=\"0\" marginheight=\"0\" scrolling=\"no\" class=\"wp-embedded-content\"><\/iframe><script type=\"text\/javascript\">\n\/* <![CDATA[ *\/\n\/*! This file is auto-generated *\/\n!function(d,l){\"use strict\";l.querySelector&&d.addEventListener&&\"undefined\"!=typeof URL&&(d.wp=d.wp||{},d.wp.receiveEmbedMessage||(d.wp.receiveEmbedMessage=function(e){var t=e.data;if((t||t.secret||t.message||t.value)&&!\/[^a-zA-Z0-9]\/.test(t.secret)){for(var s,r,n,a=l.querySelectorAll('iframe[data-secret=\"'+t.secret+'\"]'),o=l.querySelectorAll('blockquote[data-secret=\"'+t.secret+'\"]'),c=new RegExp(\"^https?:$\",\"i\"),i=0;i<o.length;i++)o[i].style.display=\"none\";for(i=0;i<a.length;i++)s=a[i],e.source===s.contentWindow&&(s.removeAttribute(\"style\"),\"height\"===t.message?(1e3<(r=parseInt(t.value,10))?r=1e3:~~r<200&&(r=200),s.height=r):\"link\"===t.message&&(r=new URL(s.getAttribute(\"src\")),n=new URL(t.value),c.test(n.protocol))&&n.host===r.host&&l.activeElement===s&&(d.top.location.href=t.value))}},d.addEventListener(\"message\",d.wp.receiveEmbedMessage,!1),l.addEventListener(\"DOMContentLoaded\",function(){for(var e,t,s=l.querySelectorAll(\"iframe.wp-embedded-content\"),r=0;r<s.length;r++)(t=(e=s[r]).getAttribute(\"data-secret\"))||(t=Math.random().toString(36).substring(2,12),e.src+=\"#?secret=\"+t,e.setAttribute(\"data-secret\",t)),e.contentWindow.postMessage({message:\"ready\",secret:t},\"*\")},!1)))}(window,document);\n\/\/# sourceURL=https:\/\/www.folklore.ee\/ars\/wp-includes\/js\/wp-embed.min.js\n\/* ]]> *\/\n<\/script>\n","description":"2006. aasta juulis sai teoks Eesti Kunstiakadeemia 29. soome-ugri ekspeditsioon (juhendaja Kadri Viires), sihtkohaks seekord taas vepslaste asualad. Olin nendega kaasas, samuti nagu 1990. aastal olin olnud koos toonaste kunstitudengitega, keda siis vedas eest Andri Ksenofontov. Ettekandes kavatsen puudutada eesk\u00e4tt selliste kogumismatkade spetsiifikat, eriti just folkloristist osav\u00f5tja jaoks. Samuti tahan jagada t\u00e4helepanekuid muutustest ja muutuste [&hellip;]"}

2006. aasta juulis sai teoks Eesti Kunstiakadeemia 29. soome-ugri ekspeditsioon (juhendaja Kadri Viires), sihtkohaks seekord taas vepslaste asualad. Olin nendega kaasas, samuti nagu 1990. aastal olin olnud koos toonaste kunstitudengitega, keda siis vedas eest Andri Ksenofontov. Ettekandes kavatsen puudutada eeskätt selliste kogumismatkade spetsiifikat, eriti just folkloristist osavõtja jaoks. Samuti tahan jagada tähelepanekuid muutustest ja muutuste [&hellip;]
