{"id":41,"date":"2022-12-08T16:39:32","date_gmt":"2022-12-08T16:39:32","guid":{"rendered":"http:\/\/localhost\/arktika\/?page_id=41"},"modified":"2023-01-30T12:11:27","modified_gmt":"2023-01-30T12:11:27","slug":"about-the-project","status":"publish","type":"page","link":"https:\/\/www.folklore.ee\/arktika\/about-the-project\/","title":{"rendered":"About the project"},"content":{"rendered":"\n<p><strong>The representative organisations of the Arctic indigenous people.<\/strong><\/p>\n\n\n\n<p>This is a project about the representative organisations of the Arctic indigenous people and how they cooperate with the state and academic institutions. So far, this topic has been very little studied. Usually, the Arctic indigenous peoples\u2019 organisation are depicted as organisations who conflict with the state and academic institutions, or resist the policies of the dominant society. As a fact, the organisations of the Arctic indigenous people often cooperate with various state and academic actors, or participate in their work. For instance, several such organisations participate in the work of the Arctic Council. <\/p>\n\n\n\n<p>An on a national level, indigenous organisations not only cooperate with the state agencies but also hire academic researchers. Of course, there is also a great deal of mistrust and avoidance, but indigenous organisations do not exclude cooperation per se.<\/p>\n\n\n\n<p>The aims of the project is to study the various forms of such cooperation and existing networks. We also scrutinise ethical and political aspects of such cooperation. As a result of our research there should be a better picture and deeper analysis of these networks and relationships, leading to a better understanding of the nature and functioning of the organisations of the Arctic indigenous people. Hopefully our analysis will contribute to better overall mutual cooperation in the Arctic.<\/p>\n\n\n\n<p><strong>Projektist<\/strong><\/p>\n\n\n\n<p>Uurimisprojekti eesm\u00e4rk on uurida <strong>Arktika p\u00f5lisrahvaste<\/strong> esindusorganisatsioone ja nende tegevust, v\u00f5ttes arvesse ka tegevuse rahvusvahelistes \u00fchendustes, koost\u00f6\u00f6 teadus- ning uurimisasutustega ning suhted riiklike struktuuridega.<\/p>\n\n\n\n<p>Ehkki Arktika p\u00f5lisrahvaste organisatsioone on m\u00f5nev\u00f5rra uuritud viimased paark\u00fcmmend aastat, puudub praktiliselt anal\u00fc\u00fcs sellest, kuidas need organisatsioonid koopereeruvad akadeemiliste ja riigiv\u00f5imuasutustega oma eesm\u00e4rkide saavutamiseks.<\/p>\n\n\n\n<p>Uurimist\u00f6\u00f6 t\u00e4idaks kahte paralleelset eesm\u00e4rki. <strong>Esiteks <\/strong>revideeriks see \u201esotsiaalsete liikumiste\u201c kui dominant\u00fchiskonnaga konfliktis olevate \u201evastupanuorganisatsioonide\u201c kontseptsiooni. <strong>Teiseks <\/strong>oleks siin tegemist omalaadse teekaardiga (informatsiooniallikaga) Eesti Vabariigi erinevatele riigiasutustele (v\u00e4lisministeerium, haridusministeerium, majandusministeerium, kultuuriministeerium) selle kohta, millised on suhted ja praktiline koost\u00f6\u00f6 v\u00f5i selle puudumine Arktika p\u00f5lisrahvaste organisatsioonidel institutsioonide ning akadeemiliste ja mitteakadeemiliste asutustega erinevates riikides. Lisaks annab uurimus \u00fclevaate p\u00f5lisrahvaste organisatsioonide rahvusvahelisest v\u00f5rgustikust ning Arktika rahvaste esindus\u00fchenduste kohast ja rollis selles.<\/p>\n","protected":false},"excerpt":{"rendered":"<p>The representative organisations of the Arctic indigenous people. This is a project about the representative organisations of the Arctic indigenous people and how they cooperate with the state and academic institutions. So far, this topic has been very little studied. Usually, the Arctic indigenous peoples\u2019 organisation are depicted as organisations who conflict with the state [&hellip;]<\/p>\n","protected":false},"author":1,"featured_media":79,"parent":0,"menu_order":0,"comment_status":"closed","ping_status":"closed","template":"","meta":{"footnotes":""},"class_list":["post-41","page","type-page","status-publish","has-post-thumbnail","hentry"],"_links":{"self":[{"href":"https:\/\/www.folklore.ee\/arktika\/wp-json\/wp\/v2\/pages\/41","targetHints":{"allow":["GET"]}}],"collection":[{"href":"https:\/\/www.folklore.ee\/arktika\/wp-json\/wp\/v2\/pages"}],"about":[{"href":"https:\/\/www.folklore.ee\/arktika\/wp-json\/wp\/v2\/types\/page"}],"author":[{"embeddable":true,"href":"https:\/\/www.folklore.ee\/arktika\/wp-json\/wp\/v2\/users\/1"}],"replies":[{"embeddable":true,"href":"https:\/\/www.folklore.ee\/arktika\/wp-json\/wp\/v2\/comments?post=41"}],"version-history":[{"count":6,"href":"https:\/\/www.folklore.ee\/arktika\/wp-json\/wp\/v2\/pages\/41\/revisions"}],"predecessor-version":[{"id":203,"href":"https:\/\/www.folklore.ee\/arktika\/wp-json\/wp\/v2\/pages\/41\/revisions\/203"}],"wp:featuredmedia":[{"embeddable":true,"href":"https:\/\/www.folklore.ee\/arktika\/wp-json\/wp\/v2\/media\/79"}],"wp:attachment":[{"href":"https:\/\/www.folklore.ee\/arktika\/wp-json\/wp\/v2\/media?parent=41"}],"curies":[{"name":"wp","href":"https:\/\/api.w.org\/{rel}","templated":true}]}}